000
CXUS55 KJKL 011000
CF6JKL
PRELIMINARY LOCAL CLIMATOLOGICAL DATA (WS FORM: F-6)

                                          STATION:   JACKSON KY
                                          MONTH:     APRIL
                                          YEAR:      2010
                                          LATITUDE:   37 35 N
                                          LONGITUDE:  83 19 W

  TEMPERATURE IN F:       :PCPN:    SNOW:  WIND      :SUNSHINE: SKY     :PK WND
================================================================================
1   2   3   4   5  6A  6B    7    8   9   10  11  12  13   14  15   16   17  18
                                     12Z  AVG MX 2MIN
DY MAX MIN AVG DEP HDD CDD  WTR  SNW DPTH SPD SPD DIR MIN PSBL S-S WX    SPD DR
================================================================================

 1  86  56  71  19   0   6 0.00  0.0    0  4.6 10 240   M    M   0        16 170
 2  89  63  76  24   0  11 0.00  0.0    0  3.2  9 190   M    M   0        16 200
 3  79  59  69  16   0   4 0.00  0.0    0  6.3 26 250   M    M   2        41 270
 4  78  54  66  13   0   1 0.00  0.0    0  2.9  9 210   M    M   0        14 220
 5  85  62  74  21   0   9    T  0.0    0  4.7 13 270   M    M   5 3      21 260
 6  89  67  78  24   0  13 0.00  0.0    0  7.0 16 230   M    M   0        30 220
 7  85  67  76  22   0  11 0.00  0.0    0  5.3 20 240   M    M   0        30 250
 8  69  45  57   3   8   0 0.44  0.0    0  5.3 17 300   M    M   7 13     28 340
 9  58  42  50  -5  15   0 0.00  0.0    0  6.0 17 290   M    M   4        28 280
10  70  36  53  -2  12   0 0.00  0.0    0  1.0  7 300   M    M   0        10 230
11  76  47  62   7   3   0 0.00  0.0    0  2.6  9 310   M    M   0        16 190
12  77  49  63   8   2   0 0.00  0.0    0  2.4  8 130   M    M   0        16  70
13  81  55  68  12   0   3 0.00  0.0    0  3.2 12 250   M    M   0        18 300
14  81  52  67  11   0   2 0.00  0.0    0  2.7  9 120   M    M   0        15 100
15  85  52  69  13   0   4    T  0.0    0  1.4 14 330   M    M   2 8      25 320
16  83  58  71  14   0   6 0.02  0.0    0  6.0 17 230   M    M   3 1      32 220
17  62  46  54  -3  11   0 0.03  0.0    0  5.4 15 320   M    M   3 1      23 320
18  62  40  51  -6  14   0 0.00  0.0    0  2.6  9 330   M    M   0        17 340
19  66  41  54  -3  11   0 0.00  0.0    0  1.5  8 310   M    M   0        14 330
20  68  49  59   1   6   0 0.08  0.0    0  2.2  9 230   M    M   5 1      16 230
21  69  47  58   0   7   0 0.02  0.0    0  2.4 10 280   M    M   5 12     16 310
22  72  47  60   2   5   0    T  0.0    0  0.9 10 270   M    M   5        15 320
23  65  54  60   2   5   0 0.10  0.0    0  2.1  9 100   M    M   6 12     17 100
24  77  58  68   9   0   3 0.57  0.0    0  3.5 12 190   M    M   6 12     21 190
25  76  54  65   6   0   0 0.19  0.0    0  5.5 18 290   M    M   7 13     32 220
26  54  48  51  -8  14   0 0.16  0.0    0  6.6 15 280   M    M  10 1      24 290
27  52  42  47 -12  18   0 1.00  0.0    0  3.3 12 320   M    M   8 12     16 320
28  63  33  48 -12  17   0 0.00  0.0    0  2.4 12 310   M    M   1        21 330
29  73  43  58  -2   7   0 0.00  0.0    0  2.8 10 190   M    M   0        16 200
30  85  57  71  11   0   6 0.00  0.0    0  3.2 14 260   M    M   0        22 210
================================================================================
SM 2215 1523       155  79  2.61     0.0 109.0          M       79
================================================================================
AV 73.8 50.8                               3.6 FASTST   M    M   3    MAX(MPH)
                                 MISC ---->  # 26 250               # 41  270
================================================================================
NOTES:
# LAST OF SEVERAL OCCURRENCES

COLUMN 17 PEAK WIND IN M.P.H.

PRELIMINARY LOCAL CLIMATOLOGICAL DATA (WS FORM: F-6) , PAGE 2

                                          STATION:  JACKSON KY
                                          MONTH:    APRIL
                                          YEAR:     2010
                                          LATITUDE:   37 35 N
                                          LONGITUDE:  83 19 W

[TEMPERATURE DATA]      [PRECIPITATION DATA]       SYMBOLS USED IN COLUMN 16

AVERAGE MONTHLY: 62.3   TOTAL FOR MONTH:   2.61    1 = FOG OR MIST
DPTR FM NORMAL:   6.0   DPTR FM NORMAL:   -1.18    2 = FOG REDUCING VISIBILITY
HIGHEST:    89 ON  6, 2 GRTST 24HR  1.11 ON 26-27      TO 1/4 MILE OR LESS
LOWEST:     33 ON 28                               3 = THUNDER
                        SNOW, ICE PELLETS, HAIL    4 = ICE PELLETS
                        TOTAL MONTH:   0.0 INCH    5 = HAIL
                        GRTST 24HR     0.0         6 = FREEZING RAIN OR DRIZZLE
                        GRTST DEPTH:   0           7 = DUSTSTORM OR SANDSTORM:
                                                       VSBY 1/2 MILE OR LESS
                                                   8 = SMOKE OR HAZE
[NO. OF DAYS WITH]      [WEATHER - DAYS WITH]      9 = BLOWING SNOW
                                                   X = TORNADO
MAX 32 OR BELOW:   0    0.01 INCH OR MORE:  10
MAX 90 OR ABOVE:   0    0.10 INCH OR MORE:   6
MIN 32 OR BELOW:   0    0.50 INCH OR MORE:   2
MIN  0 OR BELOW:   0    1.00 INCH OR MORE:   1

[HDD (BASE 65) ]
TOTAL THIS MO.   155    CLEAR  (SCALE 0-3)  18
DPTR FM NORMAL  -118    PTCLDY (SCALE 4-7)  11
TOTAL FM JUL 1  4396    CLOUDY (SCALE 8-10)  1
DPTR FM NORMAL   176

[CDD (BASE 65) ]
TOTAL THIS MO.    79
DPTR FM NORMAL    68    [PRESSURE DATA]
TOTAL FM JAN 1    79    HIGHEST SLP 30.45 ON 14
DPTR FM NORMAL    68    LOWEST  SLP 29.32 ON 25

[REMARKS]
#FINAL-04-10#
