000
CXUS55 KJKL 011111
CF6JKL
PRELIMINARY LOCAL CLIMATOLOGICAL DATA (WS FORM: F-6)

                                          STATION:   JACKSON KY
                                          MONTH:     JANUARY
                                          YEAR:      2016
                                          LATITUDE:   37 35 N
                                          LONGITUDE:  83 19 W

  TEMPERATURE IN F:       :PCPN:    SNOW:  WIND      :SUNSHINE: SKY     :PK WND
================================================================================
1   2   3   4   5  6A  6B    7    8   9   10  11  12  13   14  15   16   17  18
                                     12Z  AVG MX 2MIN
DY MAX MIN AVG DEP HDD CDD  WTR  SNW DPTH SPD SPD DIR MIN PSBL S-S WX    SPD DR
================================================================================

 1  41  30  36   1  29   0 0.00  0.0    0  4.8 10 260   M    M   6        14 260
 2  46  25  36   1  29   0 0.00  0.0    0  4.8 14 240   M    M   0        23 230
 3  49  29  39   4  26   0 0.00  0.0    0  5.9 13 300   M    M   1        17 300
 4  36  24  30  -5  35   0    T  0.1    0  5.0 12 360   M    M   7        18 360
 5  38  17  28  -7  37   0 0.00  0.0    0  3.1  7  50   M    M   0        12  30
 6  46  24  35   0  30   0 0.00  0.0    0  2.4  6 160   M    M   0         9  30
 7  54  32  43   8  22   0 0.00  0.0    0  2.5  7  60   M    M   3        13  90
 8  56  43  50  15  15   0 0.41  0.0    0  3.5  8 220   M    M   9 1      13 220
 9  57  44  51  16  14   0 0.10  0.0    0  2.3  8 130   M    M   3 1      12 120
10  49  18  34  -1  31   0 0.32    T    0  8.2 22 270   M    M  10 1      33 270
11  32  12  22 -13  43   0    T    T    0  4.5 10 240   M    M   5        17 210
12  40  18  29  -6  36   0 0.01  0.1    0  9.3 24 280   M    M   7 1      38 300
13  34  12  23 -12  42   0 0.00  0.0    0  4.4 10 230   M    M   2        17 220
14  59  33  46  11  19   0 0.00  0.0    0  5.7 16 240   M    M   0        26 230
15  48  42  45  10  20   0 0.14  0.0    0  4.2 13 270   M    M   5 1      19 250
16  45  30  38   3  27   0 0.01    T    0  5.1 16 290   M    M  10 16     25 290
17  31  16  24 -11  41   0 0.01  0.3    0  6.2 18 280   M    M  10 16     27 290
18  20   6  13 -22  52   0    T    T    T  6.5 13 290   M    M   4 8      19 290
19  21   7  14 -21  51   0    T    T    T  2.7  8 260   M    M   5 18     13 270
20  27  13  20 -15  45   0 0.19  2.4    T  2.1  9 320   M    M   9 12     13 310
21  26  20  23 -12  42   0 0.00  0.0    2  2.4  9 130   M    M   8 1      16  70
22  23  21  22 -13  43   0 1.90 15.7    2  6.6 12  30   M    M  10 12     23  60
23  25  16  21 -14  44   0 0.18  2.8   17  5.1 14 330   M    M  10 18     20 320
24  35  12  24 -11  41   0 0.00  0.0   15  2.2  6 200   M    M   0        10 220
25  50  26  38   3  27   0 0.00  0.0   12  5.0 13 190   M    M   2        20 180
26  49  32  41   6  24   0 0.02  0.0    8  5.6 12 310   M    M  10 12     20 190
27  37  26  32  -3  33   0 0.00  0.0    4  2.6 10 310   M    M   5        14 320
28  46  20  33  -3  32   0    T  0.0    4  5.1 14 230   M    M   2 6      26 250
29  41  31  36   0  29   0    T    T    3  5.3 15 260   M    M   7        23 250
30  62  30  46  10  19   0 0.00  0.0    3  5.7 12 220   M    M   0        21 220
31  66  48  57  21   8   0 0.00  0.0    0  7.0 15 190   M    M   3        26 190
================================================================================
SM 1289  757       986   0  3.29    21.4 145.8          M      153
================================================================================
AV 41.6 24.4                               4.7 FASTST   M    M   5    MAX(MPH)
                                 MISC ---->  # 24 280               # 38  300
================================================================================
NOTES:
# LAST OF SEVERAL OCCURRENCES

COLUMN 17 PEAK WIND IN M.P.H.

PRELIMINARY LOCAL CLIMATOLOGICAL DATA (WS FORM: F-6) , PAGE 2

                                          STATION:  JACKSON KY
                                          MONTH:    JANUARY
                                          YEAR:     2016
                                          LATITUDE:   37 35 N
                                          LONGITUDE:  83 19 W

[TEMPERATURE DATA]      [PRECIPITATION DATA]       SYMBOLS USED IN COLUMN 16

AVERAGE MONTHLY: 33.0   TOTAL FOR MONTH:   3.29    1 = FOG OR MIST
DPTR FM NORMAL:  -1.9   DPTR FM NORMAL:   -0.32    2 = FOG REDUCING VISIBILITY
HIGHEST:    66 ON 31    GRTST 24HR  1.95 ON 22-23      TO 1/4 MILE OR LESS
LOWEST:      6 ON 18                               3 = THUNDER
                        SNOW, ICE PELLETS, HAIL    4 = ICE PELLETS
                        TOTAL MONTH:  21.4 INCHES  5 = HAIL
                        GRTST 24HR  15.7 ON   M    6 = FREEZING RAIN OR DRIZZLE
                        GRTST DEPTH:  17 ON 23     7 = DUSTSTORM OR SANDSTORM:
                                                       VSBY 1/2 MILE OR LESS
                                                   8 = SMOKE OR HAZE
[NO. OF DAYS WITH]      [WEATHER - DAYS WITH]      9 = BLOWING SNOW
                                                   X = TORNADO
MAX 32 OR BELOW:   8    0.01 INCH OR MORE:  11
MAX 90 OR ABOVE:   0    0.10 INCH OR MORE:   7
MIN 32 OR BELOW:  26    0.50 INCH OR MORE:   1
MIN  0 OR BELOW:   0    1.00 INCH OR MORE:   1

[HDD (BASE 65) ]
TOTAL THIS MO.   986    CLEAR  (SCALE 0-3)  13
DPTR FM NORMAL    54    PTCLDY (SCALE 4-7)   9
TOTAL FM JUL 1  2012    CLOUDY (SCALE 8-10)  9
DPTR FM NORMAL  -554

[CDD (BASE 65) ]
TOTAL THIS MO.     0
DPTR FM NORMAL     0    [PRESSURE DATA]
TOTAL FM JAN 1     0    HIGHEST SLP 30.62 ON  5
DPTR FM NORMAL     0    LOWEST  SLP 29.49 ON 10

[REMARKS]
#FINAL-01-16#
