000
CXUS55 KJKL 010902
CF6JKL

PRELIMINARY LOCAL CLIMATOLOGICAL DATA (WS FORM: F-6)

                                          STATION:   JACKSON KY
                                          MONTH:     SEPTEMBER
                                          YEAR:      2013
                                          LATITUDE:   37 35 N
                                          LONGITUDE:  83 19 W

  TEMPERATURE IN F:       :PCPN:    SNOW:  WIND      :SUNSHINE: SKY     :PK WND
================================================================================
1   2   3   4   5  6A  6B    7    8   9   10  11  12  13   14  15   16   17  18
                                     12Z  AVG MX 2MIN
DY MAX MIN AVG DEP HDD CDD  WTR  SNW DPTH SPD SPD DIR MIN PSBL S-S WX    SPD DR
================================================================================

 1  84  67  76   3   0  11 0.02  0.0    0  1.4  8 300   M    M   3 1      13 300
 2  84  68  76   4   0  11 0.00  0.0    0  0.7  7 310   M    M   5 13     13 250
 3  80  62  71  -1   0   6 0.00  0.0    0  1.9  9 320   M    M   4 12     15 320
 4  79  56  68  -4   0   3 0.00  0.0    0  0.3  7 320   M    M   0         8 330
 5  81  57  69  -3   0   4 0.00  0.0    0  0.6  6 330   M    M   1 1       9 310
 6  80  60  70  -1   0   5 0.00  0.0    0  0.6  7 330   M    M   0         9 330
 7  83  58  71   0   0   6 0.00  0.0    0  1.5  7 290   M    M   1        12 280
 8  85  66  76   5   0  11 0.02  0.0    0  0.4  5 260   M    M   4 1       9 240
 9  88  67  78   8   0  13 0.00  0.0    0  0.4  7 170   M    M   0 18     13 170
10  88  69  79   9   0  14 0.00  0.0    0  0.1  8 270   M    M   0        14 260
11  86  69  78   8   0  13 0.23  0.0    0  0.5  9 240   M    M   3 138    16 220
12  86  65  76   6   0  11 0.16  0.0    0  0.5 12 250   M    M   4 1238   24 240
13  70  50  60  -9   5   0 0.00  0.0    0  2.7  9 320   M    M   5 12     16 320
14  68  48  58 -11   7   0 0.00  0.0    0  1.2  6  70   M    M   2        13  90
15  78  50  64  -4   1   0 0.00  0.0    0  0.8  7 250   M    M   2        13 220
16  72  58  65  -3   0   0    T  0.0    0  0.1  5 100   M    M   6 1      10 350
17  74  54  64  -4   1   0 0.00  0.0    0  1.3  6 150   M    M   3 12     12 100
18  67  60  64  -3   1   0 0.17  0.0    0  0.6  6 170   M    M   8 1       9 200
19  80  62  71   4   0   6 0.05  0.0    0  0.3  7 260   M    M   7 1      10 260
20  82  66  74   7   0   9 0.00  0.0    0  0.6  7 150   M    M   1 1      13 250
21  69  57  63  -3   2   0 0.61  0.0    0  2.3 13 310   M    M   6 1      20 330
22  69  50  60  -6   5   0 0.00  0.0    0  1.0  6 310   M    M   3        10  30
23  71  48  60  -5   5   0 0.00  0.0    0  0.6  7 120   M    M   2 12     12  90
24  78  50  64  -1   1   0 0.00  0.0    0  0.8  6  60   M    M   2        10  70
25  69  61  65   0   0   0 0.01  0.0    0  0.3  6  50   M    M   9 12     13  60
26  74  57  66   2   0   1 0.00  0.0    0  0.0  5 140   M    M   6 12      8 100
27  77  56  67   3   0   2 0.00  0.0    0  0.3  6 130   M    M   0 1       9 140
28  80  54  67   3   0   2 0.00  0.0    0  1.2  7 330   M    M   1        10 320
29  75  58  67   4   0   2 0.00  0.0    0  1.1  8 270   M    M   4 1      15 260
30  75  56  66   3   0   1 0.00  0.0    0  0.4  6 160   M    M   7 12     10 170
================================================================================
SM 2332 1759        28 131  1.27     0.0  24.5          M       99
================================================================================
AV 77.7 58.6                               0.8 FASTST   M    M   3    MAX(MPH)
                                 MISC ---->  # 13 310               # 24  240
================================================================================
NOTES:
# LAST OF SEVERAL OCCURRENCES

COLUMN 17 PEAK WIND IN M.P.H.

PRELIMINARY LOCAL CLIMATOLOGICAL DATA (WS FORM: F-6) , PAGE 2

                                          STATION:  JACKSON KY
                                          MONTH:    SEPTEMBER
                                          YEAR:     2013
                                          LATITUDE:   37 35 N
                                          LONGITUDE:  83 19 W

[TEMPERATURE DATA]      [PRECIPITATION DATA]       SYMBOLS USED IN COLUMN 16

AVERAGE MONTHLY: 68.2   TOTAL FOR MONTH:   1.27    1 = FOG OR MIST
DPTR FM NORMAL:   0.1   DPTR FM NORMAL:   -2.19    2 = FOG REDUCING VISIBILITY
HIGHEST:    88 ON 10, 9 GRTST 24HR  0.61 ON 21-21      TO 1/4 MILE OR LESS
LOWEST:     48 ON 23,14                            3 = THUNDER
                        SNOW, ICE PELLETS, HAIL    4 = ICE PELLETS
                        TOTAL MONTH:   0.0 INCH    5 = HAIL
                        GRTST 24HR     0.0         6 = FREEZING RAIN OR DRIZZLE
                        GRTST DEPTH:   0           7 = DUSTSTORM OR SANDSTORM:
                                                       VSBY 1/2 MILE OR LESS
                                                   8 = SMOKE OR HAZE
[NO. OF DAYS WITH]      [WEATHER - DAYS WITH]      9 = BLOWING SNOW
                                                   X = TORNADO
MAX 32 OR BELOW:   0    0.01 INCH OR MORE:   8
MAX 90 OR ABOVE:   0    0.10 INCH OR MORE:   4
MIN 32 OR BELOW:   0    0.50 INCH OR MORE:   1
MIN  0 OR BELOW:   0    1.00 INCH OR MORE:   0

[HDD (BASE 65) ]
TOTAL THIS MO.    28    CLEAR  (SCALE 0-3)  16
DPTR FM NORMAL   -22    PTCLDY (SCALE 4-7)  12
TOTAL FM JUL 1    30    CLOUDY (SCALE 8-10)  2
DPTR FM NORMAL   -22

[CDD (BASE 65) ]
TOTAL THIS MO.   131
DPTR FM NORMAL   -12    [PRESSURE DATA]
TOTAL FM JAN 1  1026    HIGHEST SLP 30.29 ON 17
DPTR FM NORMAL   -95    LOWEST  SLP 29.69 ON 21

[REMARKS]
#FINAL-09-13#
