733
CXUS55 KJKL 031458
CF6JKL
PRELIMINARY LOCAL CLIMATOLOGICAL DATA (WS FORM: F-6)
STATION: JACKSON KY
MONTH: JANUARY
YEAR: 2021
LATITUDE: 37 35 N
LONGITUDE: 83 19 W
TEMPERATURE IN F: :PCPN: SNOW: WIND :SUNSHINE: SKY :PK WND
================================================================================
1 2 3 4 5 6A 6B 7 8 9 10 11 12 13 14 15 16 17 18
12Z AVG MX 2MIN
DY MAX MIN AVG DEP HDD CDD WTR SNW DPTH SPD SPD DIR MIN PSBL S-S WX SPD DR
================================================================================
1 63 35 49 14 16 0 0.11 0.0 0 6.9 17 280 M M 8 12 30 290
2 54 41 48 13 17 0 0.01 0.0 0 3.3 17 260 M M 8 30 270
3 43 36 40 5 25 0 0.08 0.0 0 4.0 13 260 M M 10 1 20 270
4 48 33 41 6 24 0 T 0.0 0 3.0 8 240 M M 7 12 15 250
5 42 31 37 2 28 0 0.05 T 0 4.9 14 300 M M 10 1 21 300
6 35 32 34 -1 31 0 T T T 1.2 6 40 M M 10 9 260
7 38 32 35 0 30 0 0.00 0.0 0 3.3 9 110 M M 7 20 80
8 36 31 34 -1 31 0 0.01 T T 3.8 9 330 M M 10 1 14 20
9 31 28 30 -5 35 0 T T 0 2.1 7 340 M M 10 11 320
10 43 23 33 -2 32 0 0.00 0.0 0 1.0 8 130 M M 0 14 130
11 37 27 32 -3 33 0 0.00 0.0 0 1.7 7 330 M M 5 18 10 340
12 43 27 35 0 30 0 0.00 0.0 0 4.4 10 260 M M 5 8 14 260
13 47 27 37 2 28 0 0.00 0.0 0 5.1 8 180 M M 0 14 170
14 53 32 43 8 22 0 0.00 0.0 0 5.3 13 190 M M 1 8 24 170
15 47 34 41 6 24 0 0.19 0.1 0 5.0 18 290 M M 7 12 30 290
16 35 30 33 -2 32 0 0.20 2.4 1 5.3 14 270 M M 4 12 24 300
17 38 32 35 0 30 0 0.03 0.4 2 5.0 12 280 M M 0 1 20 220
18 34 30 32 -3 33 0 0.01 0.3 1 4.5 15 270 M M 0 1 25 250
19 51 33 42 7 23 0 0.00 0.0 0 4.4 13 270 M M 5 22 250
20 42 33 38 3 27 0 0.00 0.0 0 6.1 16 280 M M 5 27 270
21 44 33 39 4 26 0 0.06 0.3 T 5.4 13 230 M M 7 12 24 230
22 45 30 38 3 27 0 0.00 0.0 0 5.1 15 310 M M 2 1 23 280
23 39 20 30 -5 35 0 0.00 0.0 0 3.0 7 70 M M 0 14 90
24 42 27 35 0 30 0 0.01 0.0 0 1.2 7 60 M M 9 14 80
25 53 37 45 10 20 0 2.19 0.0 0 3.3 14 20 M M 10 123 30 30
26 62 42 52 17 13 0 0.02 0.0 0 7.8 17 240 M M 5 1 29 220
27 42 29 36 1 29 0 0.18 2.0 0 4.1 10 330 M M 10 12 18 340
28 29 21 25 -11 40 0 0.02 0.3 2 4.9 12 320 M M 9 1 20 360
29 36 19 28 -8 37 0 0.00 0.0 1 1.2 6 80 M M 1 11 70
30 39 24 32 -4 33 0 0.20 0.6 T 2.7 13 240 M M 5 12 23 240
31 52 36 44 8 21 0 0.18 T T 7.5 15 290 M M 10 14 24 280
================================================================================
SM 1343 945 862 0 3.55 6.4 126.5 M 180
================================================================================
AV 43.3 30.5 4.1 FASTST M M 6 MAX(MPH)
MISC ----> 18 290 # 30 290
================================================================================
NOTES:
# LAST OF SEVERAL OCCURRENCES
COLUMN 17 PEAK WIND IN M.P.H.
PRELIMINARY LOCAL CLIMATOLOGICAL DATA (WS FORM: F-6) , PAGE 2
STATION: JACKSON KY
MONTH: JANUARY
YEAR: 2021
LATITUDE: 37 35 N
LONGITUDE: 83 19 W
[TEMPERATURE DATA] [PRECIPITATION DATA] SYMBOLS USED IN COLUMN 16
AVERAGE MONTHLY: 36.9 TOTAL FOR MONTH: 3.55 1 = FOG OR MIST
DPTR FM NORMAL: 2.0 DPTR FM NORMAL: -0.06 2 = FOG REDUCING VISIBILITY
HIGHEST: 63 ON 1 GRTST 24HR 2.21 ON 25-26 TO 1/4 MILE OR LESS
LOWEST: 19 ON 29 3 = THUNDER
SNOW, ICE PELLETS, HAIL 4 = ICE PELLETS
TOTAL MONTH: 6.4 INCHES 5 = HAIL
GRTST 24HR 2.4 ON 16-16 6 = FREEZING RAIN OR DRIZZLE
GRTST DEPTH: 2 ON 28,17 7 = DUSTSTORM OR SANDSTORM:
VSBY 1/2 MILE OR LESS
8 = SMOKE OR HAZE
[NO. OF DAYS WITH] [WEATHER - DAYS WITH] 9 = BLOWING SNOW
X = TORNADO
MAX 32 OR BELOW: 2 0.01 INCH OR MORE: 17
MAX 90 OR ABOVE: 0 0.10 INCH OR MORE: 7
MIN 32 OR BELOW: 20 0.50 INCH OR MORE: 1
MIN 0 OR BELOW: 0 1.00 INCH OR MORE: 1
[HDD (BASE 65) ]
TOTAL THIS MO. 862 CLEAR (SCALE 0-3) 8
DPTR FM NORMAL -70 PTCLDY (SCALE 4-7) 12
TOTAL FM JUL 1 2258 CLOUDY (SCALE 8-10) 11
DPTR FM NORMAL -303
[CDD (BASE 65) ]
TOTAL THIS MO. 0
DPTR FM NORMAL 0 [PRESSURE DATA]
TOTAL FM JAN 1 0 HIGHEST SLP 30.58 ON 28
DPTR FM NORMAL 0 LOWEST SLP 29.56 ON 15
[REMARKS]
#FINAL-01-21#