000
CXUS55 KJKL 281000
CF6JKL
PRELIMINARY LOCAL CLIMATOLOGICAL DATA (WS FORM: F-6)

                                          STATION:   JACKSON KY
                                          MONTH:     JUNE
                                          YEAR:      2017
                                          LATITUDE:   37 35 N
                                          LONGITUDE:  83 19 W

  TEMPERATURE IN F:       :PCPN:    SNOW:  WIND      :SUNSHINE: SKY     :PK WND
================================================================================
1   2   3   4   5  6A  6B    7    8   9   10  11  12  13   14  15   16   17  18
                                     12Z  AVG MX 2MIN
DY MAX MIN AVG DEP HDD CDD  WTR  SNW DPTH SPD SPD DIR MIN PSBL S-S WX    SPD DR
================================================================================

 1  79  57  68   0   0   3 0.00  0.0    0  1.0  8 310   M    M   1        13 150
 2  81  56  69   0   0   4 0.00  0.0    0  1.4  7 330   M    M   1 12     10 320
 3  83  57  70   1   0   5 0.00  0.0    0  1.5  6 130   M    M   0        11 120
 4  85  59  72   3   0   7 0.00  0.0    0  2.1  9 310   M    M   1        13 310
 5  73  64  69  -1   0   4 1.35  0.0    0  0.3  8 340   M    M   8 1      11 330
 6  75  60  68  -2   0   3    T  0.0    0  1.2  8 310   M    M   5 12     11 310
 7  70  54  62  -8   3   0 0.00  0.0    0  0.0  7 330   M    M   4        13 320
 8  74  53  64  -6   1   0 0.00  0.0    0  1.0  8 310   M    M   5        11 310
 9  78  54  66  -5   0   1 0.00  0.0    0  0.8  9 280   M    M   1        12 270
10  83  58  71   0   0   6 0.00  0.0    0  1.1  7 180   M    M   1        13 190
11  85  65  75   4   0  10 0.00  0.0    0  1.2  8 170   M    M   1        13 150
12  87  68  78   7   0  13    T  0.0    0  1.0  9 250   M    M   2 3      15 240
13  90  65  78   6   0  13 1.65  0.0    0  0.5  9 140   M    M   4 123    16 300
14  83  64  74   2   0   9 0.04  0.0    0  0.7  7 350   M    M   6 123    14 250
15  87  67  77   5   0  12 0.05  0.0    0  1.9 12 310   M    M   3 123    15 280
16  83  67  75   3   0  10 0.00  0.0    0  0.4  6 330   M    M   6 12      9 320
17  87  67  77   4   0  12 0.00  0.0    0  0.7  7 160   M    M   0 1      11 150
18  87  69  78   5   0  13 0.41  0.0    0  2.1  9 190   M    M   1 123    18 180
19  81  64  73   0   0   8 1.72  0.0    0  2.8 14 310   M    M   4 13     21 310
20  83  62  73   0   0   8 0.00  0.0    0  1.3  9 320   M    M   2        17 320
21  85  66  76   2   0  11 0.00  0.0    0  1.2  9 310   M    M   0        15 260
22  76  69  73  -1   0   8 0.36  0.0    0  2.0  8 130   M    M   5 1      13 160
23  81  65  73  -1   0   8 0.59  0.0    0  3.1 17 320   M    M   9 1      31 320
24  81  65  73  -1   0   8 0.04  0.0    0  3.8 14 300   M    M   5 1      21 310
25  78  59  69  -5   0   4 0.00  0.0    0  2.3 10 270   M    M   2        18 260
26  76  55  66  -8   0   1 0.00  0.0    0  2.2 13 310   M    M   1        20 320
27  75  56  66  -8   0   1 0.00  0.0    0  2.7 12 320   M    M   2        15 300
================================================================================
SM 2186 1665         4 182  6.21     0.0  40.3          M       80
================================================================================
AV 81.0 61.7                               1.5 FASTST   M    M   3    MAX(MPH)
                                 MISC ---->  # 17 320               # 31  320
================================================================================
NOTES:
# LAST OF SEVERAL OCCURRENCES

COLUMN 17 PEAK WIND IN M.P.H.

PRELIMINARY LOCAL CLIMATOLOGICAL DATA (WS FORM: F-6) , PAGE 2

                                          STATION:  JACKSON KY
                                          MONTH:    JUNE
                                          YEAR:     2017
                                          LATITUDE:   37 35 N
                                          LONGITUDE:  83 19 W

[TEMPERATURE DATA]      [PRECIPITATION DATA]       SYMBOLS USED IN COLUMN 16

AVERAGE MONTHLY: 71.3   TOTAL FOR MONTH:   6.21    1 = FOG OR MIST
DPTR FM NORMAL:  -0.4   DPTR FM NORMAL:    1.94    2 = FOG REDUCING VISIBILITY
HIGHEST:    90 ON 13    GRTST 24HR  1.72 ON 19-19      TO 1/4 MILE OR LESS
LOWEST:     53 ON  8                               3 = THUNDER
                        SNOW, ICE PELLETS, HAIL    4 = ICE PELLETS
                        TOTAL MONTH:   0.0 INCH    5 = HAIL
                        GRTST 24HR     0.0         6 = FREEZING RAIN OR DRIZZLE
                        GRTST DEPTH:   0           7 = DUSTSTORM OR SANDSTORM:
                                                       VSBY 1/2 MILE OR LESS
                                                   8 = SMOKE OR HAZE
[NO. OF DAYS WITH]      [WEATHER - DAYS WITH]      9 = BLOWING SNOW
                                                   X = TORNADO
MAX 32 OR BELOW:   0    0.01 INCH OR MORE:   9
MAX 90 OR ABOVE:   1    0.10 INCH OR MORE:   6
MIN 32 OR BELOW:   0    0.50 INCH OR MORE:   4
MIN  0 OR BELOW:   0    1.00 INCH OR MORE:   3

[HDD (BASE 65) ]
TOTAL THIS MO.     4    CLEAR  (SCALE 0-3)  16
DPTR FM NORMAL    -5    PTCLDY (SCALE 4-7)  10
TOTAL FM JUL 1  3213    CLOUDY (SCALE 8-10)  1
DPTR FM NORMAL -1018

[CDD (BASE 65) ]
TOTAL THIS MO.   182
DPTR FM NORMAL   -12    [PRESSURE DATA]
TOTAL FM JAN 1   381    HIGHEST SLP M ON M
DPTR FM NORMAL    51    LOWEST  SLP 29.63 ON 23

[REMARKS]
