000
CXUS55 KJKL 011000
CF6JKL
PRELIMINARY LOCAL CLIMATOLOGICAL DATA (WS FORM: F-6)

                                          STATION:   JACKSON KY
                                          MONTH:     APRIL
                                          YEAR:      2013
                                          LATITUDE:   37 35 N
                                          LONGITUDE:  83 19 W

  TEMPERATURE IN F:       :PCPN:    SNOW:  WIND      :SUNSHINE: SKY     :PK WND
================================================================================
1   2   3   4   5  6A  6B    7    8   9   10  11  12  13   14  15   16   17  18
                                     12Z  AVG MX 2MIN
DY MAX MIN AVG DEP HDD CDD  WTR  SNW DPTH SPD SPD DIR MIN PSBL S-S WX    SPD DR
================================================================================

 1  53  38  46  -7  19   0 0.04  0.0    0  6.0 16 320   M    M   6 1      22 310
 2  52  31  42 -11  23   0 0.00  0.0    0  4.4 13 310   M    M   0        21 240
 3  53  30  42 -12  23   0 0.00  0.0    0  3.8  9 350   M    M   0        16  20
 4  50  35  43 -11  22   0 0.13  0.0    0  2.4  9  50   M    M   5 1      16  40
 5  63  39  51  -3  14   0 0.02  0.0    0  3.3 14 300   M    M   4 12     20 300
 6  72  40  56   2   9   0 0.00  0.0    0  3.9  9 190   M    M   0        15 210
 7  75  56  66  11   0   1 0.00  0.0    0  5.2 16 250   M    M   4        31 200
 8  76  56  66  11   0   1 0.00  0.0    0  3.5 14 190   M    M   5        29 220
 9  82  62  72  16   0   7 0.00  0.0    0  4.0 15 180   M    M   3        25 200
10  85  63  74  18   0   9 0.00  0.0    0  4.6 15 240   M    M   1        26 260
11  82  55  69  13   0   4 0.42  0.0    0  4.7 24 280   M    M   4 1      43 270
12  61  44  53  -3  12   0 0.10  0.0    0  6.8 17 280   M    M   6 1      26 280
13  65  40  53  -4  12   0 0.00  0.0    0  5.4 14 270   M    M   1        24 290
14  76  45  61   4   4   0 0.03  0.0    0  2.5 10 180   M    M   2        18 180
15  76  52  64   7   1   0 0.01  0.0    0  2.4  9  80   M    M   6        15  80
16  85  60  73  15   0   8 0.18  0.0    0  3.7 15 310   M    M   3 13     23  30
17  73  60  67   9   0   2 0.79  0.0    0  3.7 12 140   M    M   3 123    18 130
18  83  60  72  14   0   7 0.00  0.0    0  5.0 16 190   M    M   2        29 190
19  71  39  55  -3  10   0 0.71  0.0    0  7.1 24 280   M    M   8 1      38 280
20  57  34  46 -13  19   0 0.00  0.0    0  4.5 14 260   M    M   1        23 280
21  63  35  49 -10  16   0 0.00  0.0    0  3.2  9  80   M    M   0        16  80
22  72  45  59   0   6   0 0.00  0.0    0  2.3  8 130   M    M   1        12 110
23  74  49  62   2   3   0 0.00  0.0    0  3.5  9 160   M    M   1        15 200
24  67  42  55  -5  10   0 0.23  0.0    0  5.6 20 280   M    M   6 13     29 280
25  63  40  52  -8  13   0 0.00  0.0    0  3.4 13 310   M    M   5 1      20 310
26  64  40  52  -8  13   0 0.00  0.0    0  0.5  7 130   M    M   2        14 110
27  59  49  54  -7  11   0 0.16  0.0    0  1.8 14 140   M    M  10 1       7 110
28  63  53  58  -3   7   0 0.80  0.0    0  4.2 10 180   M    M   8 13     21 190
29  68  53  61   0   4   0 0.08  0.0    0  0.8  7 260   M    M   6 12     13 250
30  80  51  66   5   0   1 0.00  0.0    0  1.5  8 160   M    M   1        12 140
================================================================================
SM 2063 1396       251  40  3.70     0.0 113.7          M      104
================================================================================
AV 68.8 46.5                               3.8 FASTST   M    M   3    MAX(MPH)
                                 MISC ---->  # 24 280               # 43  270
================================================================================
NOTES:
# LAST OF SEVERAL OCCURRENCES

COLUMN 17 PEAK WIND IN M.P.H.

PRELIMINARY LOCAL CLIMATOLOGICAL DATA (WS FORM: F-6) , PAGE 2

                                          STATION:  JACKSON KY
                                          MONTH:    APRIL
                                          YEAR:     2013
                                          LATITUDE:   37 35 N
                                          LONGITUDE:  83 19 W

[TEMPERATURE DATA]      [PRECIPITATION DATA]       SYMBOLS USED IN COLUMN 16

AVERAGE MONTHLY: 57.7   TOTAL FOR MONTH:   3.70    1 = FOG OR MIST
DPTR FM NORMAL:   0.2   DPTR FM NORMAL:   -0.13    2 = FOG REDUCING VISIBILITY
HIGHEST:    85 ON 16,10 GRTST 24HR  0.97 ON 16-17      TO 1/4 MILE OR LESS
LOWEST:     30 ON  3                               3 = THUNDER
                        SNOW, ICE PELLETS, HAIL    4 = ICE PELLETS
                        TOTAL MONTH:   0.0 INCH    5 = HAIL
                        GRTST 24HR     0.0         6 = FREEZING RAIN OR DRIZZLE
                        GRTST DEPTH:   0           7 = DUSTSTORM OR SANDSTORM:
                                                       VSBY 1/2 MILE OR LESS
                                                   8 = SMOKE OR HAZE
[NO. OF DAYS WITH]      [WEATHER - DAYS WITH]      9 = BLOWING SNOW
                                                   X = TORNADO
MAX 32 OR BELOW:   0    0.01 INCH OR MORE:  14
MAX 90 OR ABOVE:   0    0.10 INCH OR MORE:   9
MIN 32 OR BELOW:   2    0.50 INCH OR MORE:   3
MIN  0 OR BELOW:   0    1.00 INCH OR MORE:   0

[HDD (BASE 65) ]
TOTAL THIS MO.   251    CLEAR  (SCALE 0-3)  15
DPTR FM NORMAL   -17    PTCLDY (SCALE 4-7)  14
TOTAL FM JUL 1  4262    CLOUDY (SCALE 8-10)  1
DPTR FM NORMAL   141

[CDD (BASE 65) ]
TOTAL THIS MO.    40
DPTR FM NORMAL     1    [PRESSURE DATA]
TOTAL FM JAN 1    40    HIGHEST SLP 30.47 ON 21
DPTR FM NORMAL    -6    LOWEST  SLP 29.49 ON 12

[REMARKS]
#FINAL-04-13#
