000
CXUS55 KJKL 011046
CF6JKL

PRELIMINARY LOCAL CLIMATOLOGICAL DATA (WS FORM: F-6)

                                          STATION:   JACKSON KY
                                          MONTH:     JANUARY
                                          YEAR:      2013
                                          LATITUDE:   37 35 N
                                          LONGITUDE:  83 19 W

  TEMPERATURE IN F:       :PCPN:    SNOW:  WIND      :SUNSHINE: SKY     :PK WND
================================================================================
1   2   3   4   5  6A  6B    7    8   9   10  11  12  13   14  15   16   17  18
                                     12Z  AVG MX 2MIN
DY MAX MIN AVG DEP HDD CDD  WTR  SNW DPTH SPD SPD DIR MIN PSBL S-S WX    SPD DR
================================================================================

 1  35  32  34  -1  31   0 0.25    T    0  1.0  8 200   M    M  10 124    10 340
 2  35  27  31  -4  34   0 0.01  0.1    0  1.3  7 340   M    M   6 12     10 330
 3  41  23  32  -3  33   0 0.00  0.0    0  2.7 10 290   M    M   0        15 290
 4  39  21  30  -5  35   0 0.00  0.0    0  3.4 13 280   M    M   4        20 310
 5  42  23  33  -2  32   0    T  0.0    0  1.4  6 160   M    M   3         9 220
 6  45  31  38   3  27   0 0.00  0.0    0  5.4 16 310   M    M  10        23 320
 7  44  27  36   1  29   0 0.00  0.0    0  1.1  8 140   M    M   4        13 150
 8  55  31  43   8  22   0 0.00  0.0    0  2.3  7 210   M    M   0        12 170
 9  52  42  47  12  18   0 0.16  0.0    0  1.5  8 270   M    M   7 12     13 290
10  57  42  50  15  15   0    T  0.0    0  4.0  9 140   M    M   8 12     14 140
11  65  56  61  26   4   0 0.24  0.0    0  5.5 13 270   M    M   6 1      23 270
12  67  57  62  27   3   0 0.11  0.0    0  2.9  8 190   M    M   6 1      15 200
13  66  42  54  19  11   0 0.85  0.0    0  4.5 20 290   M    M   6 1      32 310
14  42  31  37   2  28   0 0.24  0.1    0  4.4 15 300   M    M  10 146    25 300
15  32  29  31  -4  34   0 0.68    T    0  3.0  8  60   M    M  10 126    17  50
16  35  31  33  -2  32   0 0.76  0.0    0  1.7  9 310   M    M  10 126    14 280
17  34  28  31  -4  34   0 0.00  0.0    0  3.0 12  50   M    M   7 1      20  60
18  41  24  33  -2  32   0 0.00  0.0    0  2.5  8 310   M    M   1 1      12 190
19  54  32  43   8  22   0 0.00  0.0    0  6.2 13 220   M    M   0        37 230
20  49  31  40   5  25   0 0.00  0.0    0  6.2 15 280   M    M   0        28 250
21  38  19  29  -6  36   0 0.00  0.0    0  6.7 20 280   M    M   2        29 290
22  24  10  17 -18  48   0 0.00  0.0    0  5.8 16 270   M    M   1        23 280
23  33  12  23 -12  42   0 0.00  0.0    0  2.5 10 270   M    M   6        18 240
24  32  18  25 -10  40   0 0.00  0.0    0  5.7 16 320   M    M   2        23 300
25  31  19  25 -10  40   0 0.11    T    T  2.8  9 290   M    M   8 1246   17 220
26  29  22  26  -9  39   0 0.00  0.0    T  2.5 12 280   M    M   6 1      16 280
27  43  21  32  -3  33   0 0.11  0.0    0  2.3  8 190   M    M   4 1      15 200
28  60  39  50  14  15   0 0.34  0.0    0  5.0 13 240   M    M   9 1      21 250
29  69  51  60  24   5   0 0.02  0.0    0  5.7 13 190   M    M   6 1      22 200
30  68  34  51  15  14   0 1.79  0.0    0  7.6 32 280   M    M   8 1      46 290
31  34  26  30  -6  35   0 0.06  0.9    T  7.7 24 260   M    M  10 1      38 240
================================================================================
SM 1391  931       848   0  5.73     1.1 118.3          M      170
================================================================================
AV 44.9 30.0                               3.8 FASTST   M    M   5    MAX(MPH)
                                 MISC ---->  # 32 280               # 46  290
================================================================================
NOTES:
# LAST OF SEVERAL OCCURRENCES

COLUMN 17 PEAK WIND IN M.P.H.

PRELIMINARY LOCAL CLIMATOLOGICAL DATA (WS FORM: F-6) , PAGE 2

                                          STATION:  JACKSON KY
                                          MONTH:    JANUARY
                                          YEAR:     2013
                                          LATITUDE:   37 35 N
                                          LONGITUDE:  83 19 W

[TEMPERATURE DATA]      [PRECIPITATION DATA]       SYMBOLS USED IN COLUMN 16

AVERAGE MONTHLY: 37.5   TOTAL FOR MONTH:   5.73    1 = FOG OR MIST
DPTR FM NORMAL:   2.6   DPTR FM NORMAL:    2.12    2 = FOG REDUCING VISIBILITY
HIGHEST:    69 ON 29    GRTST 24HR  1.82 ON 30-31      TO 1/4 MILE OR LESS
LOWEST:     10 ON 22                               3 = THUNDER
                        SNOW, ICE PELLETS, HAIL    4 = ICE PELLETS
                        TOTAL MONTH:   1.1 INCHES  5 = HAIL
                        GRTST 24HR   0.9 ON  31    6 = FREEZING RAIN OR DRIZZLE
                        GRTST DEPTH: T ON 25,26,31 7 = DUSTSTORM OR SANDSTORM:
                                                       VSBY 1/2 MILE OR LESS
                                                   8 = SMOKE OR HAZE
[NO. OF DAYS WITH]      [WEATHER - DAYS WITH]      9 = BLOWING SNOW
                                                   X = TORNADO
MAX 32 OR BELOW:   5    0.01 INCH OR MORE:  15
MAX 90 OR ABOVE:   0    0.10 INCH OR MORE:  12
MIN 32 OR BELOW:  23    0.50 INCH OR MORE:   4
MIN  0 OR BELOW:   0    1.00 INCH OR MORE:   1

[HDD (BASE 65) ]
TOTAL THIS MO.   848    CLEAR  (SCALE 0-3)   9
DPTR FM NORMAL   -84    PTCLDY (SCALE 4-7)  13
TOTAL FM JUL 1  2456    CLOUDY (SCALE 8-10)  9
DPTR FM NORMAL  -110

[CDD (BASE 65) ]
TOTAL THIS MO.     0
DPTR FM NORMAL     0    [PRESSURE DATA]
TOTAL FM JAN 1     0    HIGHEST SLP 30.55 ON 18
DPTR FM NORMAL     0    LOWEST  SLP 29.39 ON 30

[REMARKS]
#FINAL-01-13#
