000
CXUS53 KJKL 011410
CF6JKL
PRELIMINARY LOCAL CLIMATOLOGICAL DATA (WS FORM: F-6)
STATION: JACKSON KY
MONTH: NOVEMBER
YEAR: 2022
LATITUDE: 37 35 N
LONGITUDE: 83 19 W
TEMPERATURE IN F: :PCPN: SNOW: WIND :SUNSHINE: SKY :PK WND
================================================================================
1 2 3 4 5 6A 6B 7 8 9 10 11 12 13 14 15 16 17 18
12Z AVG MX 2MIN
DY MAX MIN AVG DEP HDD CDD WTR SNW DPTH SPD SPD DIR MIN PSBL S-S WX SPD DR
================================================================================
1 68 52 60 7 5 0 T 0.0 0 2.6 9 310 M M 7 12 330
2 68 50 59 6 6 0 0.00 0.0 0 1.1 9 50 M M 1 15 50
3 75 51 63 11 2 0 0.00 0.0 0 2.8 8 180 M M 0 15 220
4 78 56 67 15 0 2 0.00 0.0 0 5.1 13 180 M M 0 19 180
5 77 62 70 18 0 5 0.02 0.0 0 7.8 18 170 M M 3 37 260
6 74 62 68 17 0 3 0.03 0.0 0 4.6 14 220 M M 8 8 24 220
7 78 56 67 16 0 2 T 0.0 0 4.6 9 40 M M 3 17 40
8 69 46 58 8 7 0 0.00 0.0 0 5.9 9 50 M M 0 21 60
9 78 49 64 14 1 0 0.00 0.0 0 3.8 8 140 M M 0 15 110
10 72 51 62 12 3 0 T 0.0 0 4.0 8 40 M M 2 14 120
11 63 55 59 9 6 0 0.88 0.0 0 5.7 14 300 M M 10 1 23 280
12 55 31 43 -6 22 0 0.17 T 0 5.0 15 300 M M 10 1246 24 300
13 34 30 32 -17 33 0 0.01 T 0 3.0 9 260 M M 10 146 18 310
14 46 29 38 -10 27 0 0.00 0.0 0 3.8 8 50 M M 2 17 60
15 43 34 39 -9 26 0 0.50 0.0 0 2.2 14 280 M M 8 12 25 270
16 40 34 37 -11 28 0 0.01 T 0 5.7 14 260 M M 10 1 25 250
17 38 25 32 -16 33 0 T T 0 5.3 17 290 M M 6 28 280
18 35 25 30 -17 35 0 T T 0 5.2 13 260 M M 5 8 26 250
19 43 21 32 -15 33 0 0.00 0.0 0 5.8 14 240 M M 0 23 220
20 37 21 29 -17 36 0 0.00 0.0 0 4.1 14 300 M M 1 23 270
21 53 23 38 -8 27 0 0.00 0.0 0 4.1 13 240 M M 0 20 260
22 58 32 45 -1 20 0 0.00 0.0 0 3.5 9 180 M M 0 13 170
23 62 37 50 4 15 0 0.00 0.0 0 1.7 5 70 M M 0 9 70
24 70 44 57 12 8 0 T 0.0 0 3.0 7 230 M M 1 12 180
25 57 43 50 5 15 0 0.05 0.0 0 3.0 8 330 M M 7 12 14 280
26 58 30 44 -1 21 0 T 0.0 0 1.4 6 130 M M 3 12 8 80
27 68 48 58 14 7 0 0.11 0.0 0 8.9 22 220 M M 8 1 44 210
28 48 43 46 2 19 0 0.04 0.0 0 2.3 14 300 M M 10 1 25 300
29 66 39 53 9 12 0 0.08 0.0 0 7.0 20 200 M M 1 1 36 180
30 57 31 44 0 21 0 0.91 0.0 0 8.4 24 300 M M 4 1 42 290
================================================================================
SM 1768 1210 468 12 2.81 T 131.4 M 120
================================================================================
AV 58.9 40.3 4.4 FASTST M M 4 MAX(MPH)
MISC ----> 24 300 44 210
================================================================================
NOTES:
# LAST OF SEVERAL OCCURRENCES
COLUMN 17 PEAK WIND IN M.P.H.
PRELIMINARY LOCAL CLIMATOLOGICAL DATA (WS FORM: F-6) , PAGE 2
STATION: JACKSON KY
MONTH: NOVEMBER
YEAR: 2022
LATITUDE: 37 35 N
LONGITUDE: 83 19 W
[TEMPERATURE DATA] [PRECIPITATION DATA] SYMBOLS USED IN COLUMN 16
AVERAGE MONTHLY: 49.6 TOTAL FOR MONTH: 2.81 1 = FOG OR MIST
DPTR FM NORMAL: 1.5 DPTR FM NORMAL: -0.69 2 = FOG REDUCING VISIBILITY
HIGHEST: 78 ON 9, 7 GRTST 24HR 0.99 ON 29-30 TO 1/4 MILE OR LESS
LOWEST: 21 ON 20,19 3 = THUNDER
SNOW, ICE PELLETS, HAIL 4 = ICE PELLETS
TOTAL MONTH: T 5 = HAIL
GRTST 24HR T ON 12-12 6 = FREEZING RAIN OR DRIZZLE
GRTST DEPTH: 0 7 = DUSTSTORM OR SANDSTORM:
VSBY 1/2 MILE OR LESS
8 = SMOKE OR HAZE
[NO. OF DAYS WITH] [WEATHER - DAYS WITH] 9 = BLOWING SNOW
X = TORNADO
MAX 32 OR BELOW: 0 0.01 INCH OR MORE: 12
MAX 90 OR ABOVE: 0 0.10 INCH OR MORE: 5
MIN 32 OR BELOW: 11 0.50 INCH OR MORE: 3
MIN 0 OR BELOW: 0 1.00 INCH OR MORE: 0
[HDD (BASE 65) ]
TOTAL THIS MO. 468 CLEAR (SCALE 0-3) 15
DPTR FM NORMAL -43 PTCLDY (SCALE 4-7) 10
TOTAL FM JUL 1 778 CLOUDY (SCALE 8-10) 5
DPTR FM NORMAL -6
[CDD (BASE 65) ]
TOTAL THIS MO. 12
DPTR FM NORMAL 8 [PRESSURE DATA]
TOTAL FM JAN 1 1385 HIGHEST SLP 30.51 ON 8
DPTR FM NORMAL 150 LOWEST SLP 29.49 ON 27
[REMARKS]
#FINAL-11-22#