000
CXUS55 KJKL 211000
CF6JKL
PRELIMINARY LOCAL CLIMATOLOGICAL DATA (WS FORM: F-6)

                                          STATION:   JACKSON KY
                                          MONTH:     JANUARY
                                          YEAR:      2018
                                          LATITUDE:   37 35 N
                                          LONGITUDE:  83 19 W

  TEMPERATURE IN F:       :PCPN:    SNOW:  WIND      :SUNSHINE: SKY     :PK WND
================================================================================
1   2   3   4   5  6A  6B    7    8   9   10  11  12  13   14  15   16   17  18
                                     12Z  AVG MX 2MIN
DY MAX MIN AVG DEP HDD CDD  WTR  SNW DPTH SPD SPD DIR MIN PSBL S-S WX    SPD DR
================================================================================

 1  21   7  14 -21  51   0    T    T    0  4.0 12 280   M    M   5 1      19 270
 2  22   0  11 -24  54   0 0.00  0.0    0  1.3  7 240   M    M   0        11 230
 3  34   9  22 -13  43   0 0.00  0.0    0  4.2 14 300   M    M   4        22 320
 4  23  12  18 -17  47   0 0.01  0.1    T  7.0 15 310   M    M  10        26 300
 5  19   7  13 -22  52   0    T    T    0  4.5 12 290   M    M   6        18 310
 6  21   2  12 -23  53   0 0.00  0.0    0  2.0  8 290   M    M   1        13 300
 7  40   7  24 -11  41   0 0.00  0.0    0  3.0  8 200   M    M   1        13 200
 8  40  34  37   2  28   0 0.28    T    0  3.2  9 200   M    M  10 124    17 240
 9  45  37  41   6  24   0    T  0.0    0  1.1  6  90   M    M  10 12     11 100
10  69  44  57  22   8   0 0.00  0.0    0  4.0 10 180   M    M   3        20 180
11  69  51  60  25   5   0 0.06  0.0    0  5.1 12 150   M    M   7        22 170
12  61  24  43   8  22   0 0.47  0.1    0  4.9 16 320   M    M   9 4      32 350
13  24  11  18 -17  47   0 0.05  1.0    1  4.5 13 350   M    M  10        25 340
14  22   8  15 -20  50   0    T    T    1  2.5  6 120   M    M   3        11  90
15  42  15  29  -6  36   0    T  0.1    T  4.2 12 190   M    M   8        21 220
16  32   6  19 -16  46   0 0.23  4.1    T  6.1 13 300   M    M  10        18 300
17  13   4   9 -26  56   0    T    T    3  1.8  7 260   M    M   9        10 320
18  31   6  19 -16  46   0    T    T    3  4.4  9 240   M    M   1        16 170
19  44  22  33  -2  32   0 0.00  0.0    2  4.9  9 210   M    M   0        17 190
20  53  34  44   9  21   0 0.00  0.0    T  5.0 13 230   M    M   9        21 250
================================================================================
SM  725  340       762   0  1.10     5.4  77.7          M      116
================================================================================
AV 36.3 17.0                               3.9 FASTST   M    M   6    MAX(MPH)
                                 MISC ---->  # 16 320               # 32  350
================================================================================
NOTES:
# LAST OF SEVERAL OCCURRENCES

COLUMN 17 PEAK WIND IN M.P.H.

PRELIMINARY LOCAL CLIMATOLOGICAL DATA (WS FORM: F-6) , PAGE 2

                                          STATION:  JACKSON KY
                                          MONTH:    JANUARY
                                          YEAR:     2018
                                          LATITUDE:   37 35 N
                                          LONGITUDE:  83 19 W

[TEMPERATURE DATA]      [PRECIPITATION DATA]       SYMBOLS USED IN COLUMN 16

AVERAGE MONTHLY: 26.6   TOTAL FOR MONTH:   1.10    1 = FOG OR MIST
DPTR FM NORMAL:  -8.4   DPTR FM NORMAL:   -1.20    2 = FOG REDUCING VISIBILITY
HIGHEST:    69 ON 11,10 GRTST 24HR  0.47 ON 12-12      TO 1/4 MILE OR LESS
LOWEST:      0 ON  2                               3 = THUNDER
                        SNOW, ICE PELLETS, HAIL    4 = ICE PELLETS
                        TOTAL MONTH:   5.4 INCHES  5 = HAIL
                        GRTST 24HR   4.1 ON 16-16  6 = FREEZING RAIN OR DRIZZLE
                        GRTST DEPTH:   3 ON 18,17  7 = DUSTSTORM OR SANDSTORM:
                                                       VSBY 1/2 MILE OR LESS
                                                   8 = SMOKE OR HAZE
[NO. OF DAYS WITH]      [WEATHER - DAYS WITH]      9 = BLOWING SNOW
                                                   X = TORNADO
MAX 32 OR BELOW:  10    0.01 INCH OR MORE:   6
MAX 90 OR ABOVE:   0    0.10 INCH OR MORE:   3
MIN 32 OR BELOW:  15    0.50 INCH OR MORE:   0
MIN  0 OR BELOW:   1    1.00 INCH OR MORE:   0

[HDD (BASE 65) ]
TOTAL THIS MO.   762    CLEAR  (SCALE 0-3)   6
DPTR FM NORMAL   162    PTCLDY (SCALE 4-7)   6
TOTAL FM JUL 1  2364    CLOUDY (SCALE 8-10)  8
DPTR FM NORMAL   130

[CDD (BASE 65) ]
TOTAL THIS MO.     0
DPTR FM NORMAL     0    [PRESSURE DATA]
TOTAL FM JAN 1     0    HIGHEST SLP M ON M
DPTR FM NORMAL     0    LOWEST  SLP 29.58 ON 12

[REMARKS]
