000
CXUS55 KJKL 011000
CF6JKL
PRELIMINARY LOCAL CLIMATOLOGICAL DATA (WS FORM: F-6)

                                          STATION:   JACKSON KY
                                          MONTH:     APRIL
                                          YEAR:      2012
                                          LATITUDE:   37 35 N
                                          LONGITUDE:  83 19 W

  TEMPERATURE IN F:       :PCPN:    SNOW:  WIND      :SUNSHINE: SKY     :PK WND
================================================================================
1   2   3   4   5  6A  6B    7    8   9   10  11  12  13   14  15   16   17  18
                                     12Z  AVG MX 2MIN
DY MAX MIN AVG DEP HDD CDD  WTR  SNW DPTH SPD SPD DIR MIN PSBL S-S WX    SPD DR
================================================================================

 1  68  43  56   3   9   0    T  0.0    0  2.1  9 230   M    M   2 1      17 240
 2  72  55  64  11   1   0 0.08  0.0    0  1.5  8 230   M    M   5 1      14 250
 3  84  53  69  15   0   4 0.58    T    0  2.5 16 250   M    M   2 1235   31 310
 4  81  57  69  15   0   4 0.15  0.0    0  2.1 13 360   M    M   4 123    22  10
 5  60  44  52  -2  13   0 0.12  0.0    0  1.6  7  30   M    M   7 1      15  60
 6  62  36  49  -5  16   0 0.00  0.0    0  1.5  8  80   M    M   0        15  40
 7  69  39  54  -1  11   0 0.00  0.0    0  1.5  7 310   M    M   0        12  20
 8  69  45  57   2   8   0 0.00  0.0    0  4.4 16 310   M    M   5        24 310
 9  69  42  56   0   9   0 0.00  0.0    0  4.8 21 280   M    M   1        38 280
10  62  42  52  -4  13   0 0.00  0.0    0  7.1 21 300   M    M   0        33 270
11  48  32  40 -16  25   0 0.00  0.0    0  4.3 13 320   M    M   4        21 330
12  61  30  46 -10  19   0 0.00  0.0    0  2.3  9 310   M    M   0        13 320
13  69  41  55  -2  10   0 0.00  0.0    0  1.0  9 140   M    M   0        15 160
14  76  53  65   8   0   0    T  0.0    0  2.7  9 240   M    M   6        18 220
15  83  59  71  14   0   6 0.00  0.0    0  4.6 14 170   M    M   0        25 230
16  77  60  69  11   0   4 0.01  0.0    0  5.8 14 250   M    M   2        28 220
17  61  51  56  -2   9   0 0.03  0.0    0  1.1  7 100   M    M   8        16 350
18  57  48  53  -5  12   0 0.10  0.0    0  1.1  8  60   M    M   9 1      16  60
19  72  47  60   2   5   0 0.00  0.0    0  1.9  8 120   M    M   5 12     15 110
20  76  52  64   5   1   0 0.00  0.0    0  2.3 10 170   M    M   4        20  50
21  62  45  54  -5  11   0 0.27  0.0    0  3.5 13 320   M    M   9 1      18 320
22  46  40  43 -16  22   0 0.01  0.0    0  3.0 12 360   M    M  10 1      18  20
23  55  38  47 -13  18   0    T  0.0    0  9.2 22 320   M    M   6        33 280
24  62  36  49 -11  16   0 0.07  0.0    0  6.5 22 300   M    M   2 1      32 310
25  73  47  60   0   5   0 0.31  0.0    0  2.5  9 140   M    M   6 123    15 170
26  76  58  67   7   0   2 0.52  0.0    0  4.1  7  99   M    M   8 13     24 240
27  66  44  55  -6  10   0 0.00  0.0    0  2.1  6  99   M    M   1        15  50
28  80  44  62   1   3   0 0.17  0.0    0  2.2  8  20   M    M   3 13     16 240
29  80  52  66   5   0   1 0.00  0.0    0  0.5 12 360   M    M   3 1      17 350
30  84  60  72  11   0   7 0.25  0.0    0  3.0 13 300   M    M   4 13     25 240
================================================================================
SM 2060 1393       246  28  2.67    T     92.8          M      116
================================================================================
AV 68.7 46.4                               3.1 FASTST   M    M   4    MAX(MPH)
                                 MISC ---->  # 22 320               # 38  280
================================================================================
NOTES:
# LAST OF SEVERAL OCCURRENCES

COLUMN 17 PEAK WIND IN M.P.H.

PRELIMINARY LOCAL CLIMATOLOGICAL DATA (WS FORM: F-6) , PAGE 2

                                          STATION:  JACKSON KY
                                          MONTH:    APRIL
                                          YEAR:     2012
                                          LATITUDE:   37 35 N
                                          LONGITUDE:  83 19 W

[TEMPERATURE DATA]      [PRECIPITATION DATA]       SYMBOLS USED IN COLUMN 16

AVERAGE MONTHLY: 57.5   TOTAL FOR MONTH:   2.67    1 = FOG OR MIST
DPTR FM NORMAL:   0.1   DPTR FM NORMAL:   -1.16    2 = FOG REDUCING VISIBILITY
HIGHEST:    84 ON 30, 3 GRTST 24HR  0.70 ON 25-26      TO 1/4 MILE OR LESS
LOWEST:     30 ON 12                               3 = THUNDER
                        SNOW, ICE PELLETS, HAIL    4 = ICE PELLETS
                        TOTAL MONTH:    T          5 = HAIL
                        GRTST 24HR    T  ON  3- 3  6 = FREEZING RAIN OR DRIZZLE
                        GRTST DEPTH:   0           7 = DUSTSTORM OR SANDSTORM:
                                                       VSBY 1/2 MILE OR LESS
                                                   8 = SMOKE OR HAZE
[NO. OF DAYS WITH]      [WEATHER - DAYS WITH]      9 = BLOWING SNOW
                                                   X = TORNADO
MAX 32 OR BELOW:   0    0.01 INCH OR MORE:  14
MAX 90 OR ABOVE:   0    0.10 INCH OR MORE:   9
MIN 32 OR BELOW:   2    0.50 INCH OR MORE:   2
MIN  0 OR BELOW:   0    1.00 INCH OR MORE:   0

[HDD (BASE 65) ]
TOTAL THIS MO.   246    CLEAR  (SCALE 0-3)  13
DPTR FM NORMAL   -22    PTCLDY (SCALE 4-7)  14
TOTAL FM JUL 1  3301    CLOUDY (SCALE 8-10)  3
DPTR FM NORMAL  -843

[CDD (BASE 65) ]
TOTAL THIS MO.    28
DPTR FM NORMAL   -11    [PRESSURE DATA]
TOTAL FM JAN 1    90    HIGHEST SLP 30.32 ON 17
DPTR FM NORMAL    44    LOWEST  SLP 29.67 ON 26

[REMARKS]
#FINAL-04-12#
