000
CXUS55 KJKL 011600
CF6JKL
PRELIMINARY LOCAL CLIMATOLOGICAL DATA (WS FORM: F-6)

                                          STATION:   JACKSON KY
                                          MONTH:     JULY
                                          YEAR:      2015
                                          LATITUDE:   37 35 N
                                          LONGITUDE:  83 19 W

  TEMPERATURE IN F:       :PCPN:    SNOW:  WIND      :SUNSHINE: SKY     :PK WND
================================================================================
1   2   3   4   5  6A  6B    7    8   9   10  11  12  13   14  15   16   17  18
                                     12Z  AVG MX 2MIN
DY MAX MIN AVG DEP HDD CDD  WTR  SNW DPTH SPD SPD DIR MIN PSBL S-S WX    SPD DR
================================================================================

 1  79  60  70  -5   0   5    T  0.0    0  1.0 10 320   M    M   6 138    16 340
 2  78  65  72  -3   0   7 0.66  0.0    0  1.2  7 180   M    M   9 1      10 180
 3  77  66  72  -3   0   7 0.41  0.0    0  1.7  7 150   M    M   8 13     13 180
 4  77  67  72  -3   0   7 0.11  0.0    0  1.1  7 300   M    M   8 1      11 360
 5  74  68  71  -4   0   6 0.51  0.0    0  2.2  8 310   M    M   9 13     12 320
 6  82  66  74  -1   0   9 0.31  0.0    0  0.3  7 260   M    M   6 128    10 250
 7  82  68  75   0   0  10 0.39  0.0    0  1.8 16 300   M    M   2 138    25 290
 8  81  68  75   0   0  10 0.09  0.0    0  1.4  9 250   M    M   6 12     18 250
 9  82  70  76   0   0  11 0.43  0.0    0  2.0 22 310   M    M   4 138    32 300
10  86  68  77   1   0  12 0.32  0.0    0  2.4  8 260   M    M   5 123    16 260
11  80  67  74  -2   0   9 0.04  0.0    0  2.3  7 330   M    M   6 1      11 290
12  83  66  75  -1   0  10 0.43  0.0    0  1.2  7 270   M    M   4 13     13 190
13  87  66  77   1   0  12 0.78  0.0    0  1.2 17 200   M    M   8 123    34 360
14  82  66  74  -2   0   9 3.04  0.0    0  3.0 18 310   M    M   5 123    30 310
15  77  66  72  -4   0   7 0.00  0.0    0  2.6  9 320   M    M   7 13     13 290
16  83  65  74  -2   0   9 0.00  0.0    0  0.6  5 120   M    M   4 18      9 100
17  88  68  78   2   0  13 0.00  0.0    0  2.0  8 180   M    M   1 13     14 160
18  90  70  80   4   0  15 0.53  0.0    0  0.8 14 280   M    M   2 123    20 290
19  90  72  81   6   0  16    T  0.0    0  1.3  8 350   M    M   2 13     15 330
20  88  70  79   4   0  14 0.00  0.0    0  0.8  9 300   M    M   4 13     11 310
21  84  70  77   2   0  12 0.77  0.0    0  2.6 15 300   M    M   6 13     26 310
22  84  66  75   0   0  10 0.00  0.0    0  0.8  8 300   M    M   2        10 300
23  82  66  74  -1   0   9 0.00  0.0    0  0.1  5  70   M    M   6         8  80
24  83  65  74  -1   0   9 0.00  0.0    0  0.3  6 340   M    M   0         9  80
25  85  63  74  -1   0   9 0.00  0.0    0  0.8  6 340   M    M   0         8 290
26  87  66  77   2   0  12 0.00  0.0    0  0.5  8 300   M    M   0 1      10 310
27  85  72  79   4   0  14 0.05  0.0    0  0.6  8 310   M    M   4 18     10  30
28  89  71  80   5   0  15    T  0.0    0  0.9  7 320   M    M   4 12     12 250
29  89  71  80   5   0  15 0.00  0.0    0  1.0  8 310   M    M   6 12     12 290
30  84  71  78   3   0  13 0.00  0.0    0  3.2  9 330   M    M   3        14 340
31  85  62  74  -1   0   9 0.00  0.0    0  2.3  8 310   M    M   1        12 330
================================================================================
SM 2583 2085         0 325  8.87     0.0  44.0          M      138
================================================================================
AV 83.3 67.3                               1.4 FASTST   M    M   4    MAX(MPH)
                                 MISC ---->  # 22 310               # 34  360
================================================================================
NOTES:
# LAST OF SEVERAL OCCURRENCES

COLUMN 17 PEAK WIND IN M.P.H.

PRELIMINARY LOCAL CLIMATOLOGICAL DATA (WS FORM: F-6) , PAGE 2

                                          STATION:  JACKSON KY
                                          MONTH:    JULY
                                          YEAR:     2015
                                          LATITUDE:   37 35 N
                                          LONGITUDE:  83 19 W

[TEMPERATURE DATA]      [PRECIPITATION DATA]       SYMBOLS USED IN COLUMN 16

AVERAGE MONTHLY: 75.3   TOTAL FOR MONTH:   8.87    1 = FOG OR MIST
DPTR FM NORMAL:  -0.1   DPTR FM NORMAL:    4.22    2 = FOG REDUCING VISIBILITY
HIGHEST:    90 ON 19,18 GRTST 24HR  3.04 ON 14-14      TO 1/4 MILE OR LESS
LOWEST:     60 ON  1                               3 = THUNDER
                        SNOW, ICE PELLETS, HAIL    4 = ICE PELLETS
                        TOTAL MONTH:   0.0 INCH    5 = HAIL
                        GRTST 24HR     0.0         6 = FREEZING RAIN OR DRIZZLE
                        GRTST DEPTH:   0           7 = DUSTSTORM OR SANDSTORM:
                                                       VSBY 1/2 MILE OR LESS
                                                   8 = SMOKE OR HAZE
[NO. OF DAYS WITH]      [WEATHER - DAYS WITH]      9 = BLOWING SNOW
                                                   X = TORNADO
MAX 32 OR BELOW:   0    0.01 INCH OR MORE:  16
MAX 90 OR ABOVE:   2    0.10 INCH OR MORE:  13
MIN 32 OR BELOW:   0    0.50 INCH OR MORE:   6
MIN  0 OR BELOW:   0    1.00 INCH OR MORE:   1

[HDD (BASE 65) ]
TOTAL THIS MO.     0    CLEAR  (SCALE 0-3)  10
DPTR FM NORMAL     0    PTCLDY (SCALE 4-7)  19
TOTAL FM JUL 1     0    CLOUDY (SCALE 8-10)  2
DPTR FM NORMAL     0

[CDD (BASE 65) ]
TOTAL THIS MO.   325
DPTR FM NORMAL     4    [PRESSURE DATA]
TOTAL FM JAN 1   803    HIGHEST SLP 30.19 ON 11
DPTR FM NORMAL   123    LOWEST  SLP 29.60 ON 14

[REMARKS]
#FINAL-07-15#
