000
CXUS55 KJKL 010800
CF6JKL
PRELIMINARY LOCAL CLIMATOLOGICAL DATA (WS FORM: F-6)

                                          STATION:   JACKSON KY
                                          MONTH:     MAY
                                          YEAR:      2014
                                          LATITUDE:   37 35 N
                                          LONGITUDE:  83 19 W

  TEMPERATURE IN F:       :PCPN:    SNOW:  WIND      :SUNSHINE: SKY     :PK WND
================================================================================
1   2   3   4   5  6A  6B    7    8   9   10  11  12  13   14  15   16   17  18
                                     12Z  AVG MX 2MIN
DY MAX MIN AVG DEP HDD CDD  WTR  SNW DPTH SPD SPD DIR MIN PSBL S-S WX    SPD DR
================================================================================

 1  62  47  55  -7  10   0    T  0.0    0  3.8 15 280   M    M  10        24 280
 2  65  43  54  -8  11   0 0.00  0.0    0  3.2 13 290   M    M   6        19 310
 3  73  45  59  -3   6   0 0.00  0.0    0  5.0 18 290   M    M   1        27 280
 4  81  52  67   5   0   2 0.00  0.0    0  4.5 18 300   M    M   0        28 270
 5  86  52  69   7   0   4 0.00  0.0    0  2.9 15 250   M    M   0        25 230
 6  85  57  71   9   0   6 0.00  0.0    0  3.5 10 240   M    M   0        17 230
 7  86  59  73  10   0   8 0.00  0.0    0  2.7  9 160   M    M   0        17 160
 8  86  64  75  12   0  10 0.00  0.0    0  3.0 12 170   M    M   1        18 210
 9  78  65  72   9   0   7 0.08  0.0    0  2.6 12 180   M    M   3 1      21 170
10  69  60  65   2   0   0 0.33  0.0    0  1.5 14 290   M    M   6 13     25 300
11  83  58  71   7   0   6 0.00  0.0    0  1.5  8 150   M    M   3 12     11 140
12  86  66  76  12   0  11    T  0.0    0  2.0  9 160   M    M   2        15 250
13  87  65  76  12   0  11 0.16  0.0    0  2.6 10 270   M    M   2 138    18 260
14  84  64  74  10   0   9 0.22  0.0    0  2.4 13 300   M    M   4 13     19 320
15  69  49  59  -5   6   0 0.36  0.0    0  3.5 16 280   M    M  10 1      24 280
16  59  42  51 -14  14   0 0.06  0.0    0  2.7 16 260   M    M   7 123    26 260
17  62  38  50 -15  15   0 0.00  0.0    0  1.9 10 180   M    M   4        17 240
18  66  42  54 -11  11   0 0.00  0.0    0  1.0  8 120   M    M   1        13  90
19  72  48  60  -5   5   0 0.00  0.0    0  1.4  7 280   M    M   0        10 160
20  82  55  69   4   0   4 0.00  0.0    0  2.6  9 200   M    M   2        17 240
21  81  62  72   6   0   7 0.72  0.0    0  2.8 13 350   M    M   5 13     21 350
22  83  61  72   6   0   7 0.14  0.0    0  5.1 15 300   M    M   4 13     20 300
23  76  60  68   2   0   3    T  0.0    0  3.0 13 310   M    M   2        18 330
24  76  52  64  -2   1   0 0.00  0.0    0  1.2  6 340   M    M   0        10  70
25  80  57  69   2   0   4 0.00  0.0    0  1.7  8 310   M    M   0        11 310
26  85  60  73   6   0   8 0.00  0.0    0  1.3  7 300   M    M   1        11 210
27  84  66  75   8   0  10 0.12  0.0    0  1.2 12 260   M    M   1 138    22 270
28  86  64  75   8   0  10 0.00  0.0    0  1.6  8 180   M    M   2 138    14 280
29  86  62  74   6   0   9 0.11  0.0    0  0.5  9 320   M    M   1 123    14  30
30  84  63  74   6   0   9 0.00  0.0    0  0.0  6  50   M    M   2 12      9 110
31  83  61  72   4   0   7 0.00  0.0    0  1.2  8 110   M    M   0        12  50
================================================================================
SM 2425 1739        79 152  2.30     0.0  73.9          M       80
================================================================================
AV 78.2 56.1                               2.4 FASTST   M    M   3    MAX(MPH)
                                 MISC ---->  # 18 290               # 28  270
================================================================================
NOTES:
# LAST OF SEVERAL OCCURRENCES

COLUMN 17 PEAK WIND IN M.P.H.

PRELIMINARY LOCAL CLIMATOLOGICAL DATA (WS FORM: F-6) , PAGE 2

                                          STATION:  JACKSON KY
                                          MONTH:    MAY
                                          YEAR:     2014
                                          LATITUDE:   37 35 N
                                          LONGITUDE:  83 19 W

[TEMPERATURE DATA]      [PRECIPITATION DATA]       SYMBOLS USED IN COLUMN 16

AVERAGE MONTHLY: 67.2   TOTAL FOR MONTH:   2.30    1 = FOG OR MIST
DPTR FM NORMAL:   2.6   DPTR FM NORMAL:   -2.90    2 = FOG REDUCING VISIBILITY
HIGHEST:    87 ON 13    GRTST 24HR  0.86 ON 21-22      TO 1/4 MILE OR LESS
LOWEST:     38 ON 17                               3 = THUNDER
                        SNOW, ICE PELLETS, HAIL    4 = ICE PELLETS
                        TOTAL MONTH:   0.0 INCH    5 = HAIL
                        GRTST 24HR     0.0         6 = FREEZING RAIN OR DRIZZLE
                        GRTST DEPTH:   0           7 = DUSTSTORM OR SANDSTORM:
                                                       VSBY 1/2 MILE OR LESS
                                                   8 = SMOKE OR HAZE
[NO. OF DAYS WITH]      [WEATHER - DAYS WITH]      9 = BLOWING SNOW
                                                   X = TORNADO
MAX 32 OR BELOW:   0    0.01 INCH OR MORE:  10
MAX 90 OR ABOVE:   0    0.10 INCH OR MORE:   8
MIN 32 OR BELOW:   0    0.50 INCH OR MORE:   1
MIN  0 OR BELOW:   0    1.00 INCH OR MORE:   0

[HDD (BASE 65) ]
TOTAL THIS MO.    79    CLEAR  (SCALE 0-3)  22
DPTR FM NORMAL   -22    PTCLDY (SCALE 4-7)   7
TOTAL FM JUL 1  4509    CLOUDY (SCALE 8-10)  2
DPTR FM NORMAL   287

[CDD (BASE 65) ]
TOTAL THIS MO.   152
DPTR FM NORMAL    62    [PRESSURE DATA]
TOTAL FM JAN 1   191    HIGHEST SLP 30.30 ON 19
DPTR FM NORMAL    55    LOWEST  SLP 29.78 ON  5

[REMARKS]
#FINAL-05-14#
