000
CXUS55 KJKL 011000
CF6JKL
PRELIMINARY LOCAL CLIMATOLOGICAL DATA (WS FORM: F-6)

                                          STATION:   JACKSON KY
                                          MONTH:     JULY
                                          YEAR:      2017
                                          LATITUDE:   37 35 N
                                          LONGITUDE:  83 19 W

  TEMPERATURE IN F:       :PCPN:    SNOW:  WIND      :SUNSHINE: SKY     :PK WND
================================================================================
1   2   3   4   5  6A  6B    7    8   9   10  11  12  13   14  15   16   17  18
                                     12Z  AVG MX 2MIN
DY MAX MIN AVG DEP HDD CDD  WTR  SNW DPTH SPD SPD DIR MIN PSBL S-S WX    SPD DR
================================================================================

 1  85  68  77   2   0  12 0.13  0.0    0  2.4 16 290   M    M   3 13     23 350
 2  84  70  77   2   0  12 0.00  0.0    0  1.4  7 310   M    M   5 1      12 260
 3  84  67  76   1   0  11 0.01  0.0    0  0.3  5 180   M    M   4 1       8 120
 4  78  69  74  -1   0   9 0.10  0.0    0  1.1  7 140   M    M   6 1      11  60
 5  84  69  77   2   0  12 0.24  0.0    0  1.1  7 180   M    M   7 123    11 170
 6  85  68  77   2   0  12 0.32  0.0    0  1.6  8 260   M    M   6 123    14 290
 7  85  65  75   0   0  10 0.26  0.0    0  2.3 12 350   M    M   6 13     24  10
 8  83  65  74  -1   0   9 0.01  0.0    0  3.1 10 310   M    M   3 1      16 300
 9  82  60  71  -5   0   6 0.00  0.0    0  1.5 10 290   M    M   1        14 280
10  86  63  75  -1   0  10 0.00  0.0    0  1.2  9 160   M    M   1        16 190
11  85  68  77   1   0  12 0.00  0.0    0  1.2  8 270   M    M   1        14 260
12  90  69  80   4   0  15 0.00  0.0    0  0.8  7 240   M    M   1        13 240
13  90  73  82   6   0  17    T  0.0    0  1.7  9 170   M    M   1 3      17 210
14  89  71  80   4   0  15 0.66  0.0    0  1.5 13 330   M    M   4 13     22 240
15  84  68  76   0   0  11 0.02  0.0    0  1.7  8 310   M    M   5 12     12 310
16  85  63  74  -2   0   9 0.00  0.0    0  0.9  7 310   M    M   0        10 320
17  87  65  76   0   0  11 0.00  0.0    0  0.6  6 310   M    M   0         9 290
18  89  67  78   2   0  13 0.00  0.0    0  0.8  7 310   M    M   1         9 310
19  90  68  79   4   0  14 0.00  0.0    0  1.2  7 300   M    M   1        10 290
20  90  68  79   4   0  14 0.00  0.0    0  1.2  8 290   M    M   1 1      13 300
21  92  73  83   8   0  18    T  0.0    0  1.6  8 330   M    M   4 1      12 300
22  92  74  83   8   0  18 0.01  0.0    0  1.6  8 270   M    M   1 38     15 260
23  86  68  77   2   0  12 0.90  0.0    0  3.2 15 300   M    M   3 123    25 310
24  86  69  78   3   0  13 0.36  0.0    0  1.0 24 320   M    M   6 123    37 320
25  84  64  74  -1   0   9 0.00  0.0    0  0.5  6 100   M    M   2 1      10  30
26  87  61  74  -1   0   9 0.00  0.0    0  1.2  7 310   M    M   0 1      10 280
27  81  69  75   0   0  10 0.83  0.0    0  1.2 12 330   M    M   5 1238   18 330
28  77  69  73  -2   0   8 0.28  0.0    0  1.5  8 360   M    M   9 123    15  10
29  78  63  71  -4   0   6 0.00  0.0    0  1.0  9 310   M    M   7        13 300
30  80  59  70  -5   0   5 0.00  0.0    0  0.3  7  80   M    M   0        13  70
31  85  62  74  -1   0   9 0.00  0.0    0  0.3  6 140   M    M   1         9 140
================================================================================
SM 2643 2075         0 351  4.13     0.0  41.0          M       95
================================================================================
AV 85.3 66.9                               1.3 FASTST   M    M   3    MAX(MPH)
                                 MISC ---->  # 24 320               # 37  320
================================================================================
NOTES:
# LAST OF SEVERAL OCCURRENCES

COLUMN 17 PEAK WIND IN M.P.H.

PRELIMINARY LOCAL CLIMATOLOGICAL DATA (WS FORM: F-6) , PAGE 2

                                          STATION:  JACKSON KY
                                          MONTH:    JULY
                                          YEAR:     2017
                                          LATITUDE:   37 35 N
                                          LONGITUDE:  83 19 W

[TEMPERATURE DATA]      [PRECIPITATION DATA]       SYMBOLS USED IN COLUMN 16

AVERAGE MONTHLY: 76.1   TOTAL FOR MONTH:   4.13    1 = FOG OR MIST
DPTR FM NORMAL:   0.7   DPTR FM NORMAL:   -0.52    2 = FOG REDUCING VISIBILITY
HIGHEST:    92 ON 22,21 GRTST 24HR  0.90 ON 23-23      TO 1/4 MILE OR LESS
LOWEST:     59 ON 30                               3 = THUNDER
                        SNOW, ICE PELLETS, HAIL    4 = ICE PELLETS
                        TOTAL MONTH:   0.0 INCH    5 = HAIL
                        GRTST 24HR     0.0         6 = FREEZING RAIN OR DRIZZLE
                        GRTST DEPTH:   0           7 = DUSTSTORM OR SANDSTORM:
                                                       VSBY 1/2 MILE OR LESS
                                                   8 = SMOKE OR HAZE
[NO. OF DAYS WITH]      [WEATHER - DAYS WITH]      9 = BLOWING SNOW
                                                   X = TORNADO
MAX 32 OR BELOW:   0    0.01 INCH OR MORE:  14
MAX 90 OR ABOVE:   6    0.10 INCH OR MORE:  10
MIN 32 OR BELOW:   0    0.50 INCH OR MORE:   3
MIN  0 OR BELOW:   0    1.00 INCH OR MORE:   0

[HDD (BASE 65) ]
TOTAL THIS MO.     0    CLEAR  (SCALE 0-3)  15
DPTR FM NORMAL     0    PTCLDY (SCALE 4-7)  15
TOTAL FM JUL 1     0    CLOUDY (SCALE 8-10)  1
DPTR FM NORMAL     0

[CDD (BASE 65) ]
TOTAL THIS MO.   351
DPTR FM NORMAL    30    [PRESSURE DATA]
TOTAL FM JAN 1   756    HIGHEST SLP 30.17 ON 31
DPTR FM NORMAL    76    LOWEST  SLP 29.73 ON 28

[REMARKS]
#FINAL-07-17#
