000
CXUS55 KJKL 011000
CF6JKL
PRELIMINARY LOCAL CLIMATOLOGICAL DATA (WS FORM: F-6)

                                          STATION:   JACKSON KY
                                          MONTH:     NOVEMBER
                                          YEAR:      2011
                                          LATITUDE:   37 35 N
                                          LONGITUDE:  83 19 W

  TEMPERATURE IN F:       :PCPN:    SNOW:  WIND      :SUNSHINE: SKY     :PK WND
================================================================================
1   2   3   4   5  6A  6B    7    8   9   10  11  12  13   14  15   16   17  18
                                     12Z  AVG MX 2MIN
DY MAX MIN AVG DEP HDD CDD  WTR  SNW DPTH SPD SPD DIR MIN PSBL S-S WX    SPD DR
================================================================================

 1  63  36  50  -4  15   0 0.00  0.0    0  1.9  7 310   M    M   0         9 340
 2  69  41  55   2  10   0 0.00  0.0    0  2.9  9 250   M    M   0        16 260
 3  66  48  57   4   8   0 0.66  0.0    0  2.8 10  80   M    M   4 12     20  80
 4  55  42  49  -4  16   0 0.01  0.0    0  3.3 12 290   M    M   6 128    17  20
 5  62  35  49  -3  16   0 0.00  0.0    0  2.2  7  90   M    M   0        13  70
 6  65  40  53   1  12   0 0.00  0.0    0  2.9  7 190   M    M   0        12 230
 7  70  46  58   6   7   0 0.00  0.0    0  2.2  6 170   M    M   0        12 160
 8  73  48  61  10   4   0 0.00  0.0    0  1.6  8 170   M    M   0        14 160
 9  66  43  55   4  10   0 0.09  0.0    0  5.1 18 260   M    M   5 1      28 270
10  52  35  44  -7  21   0 0.00  0.0    0  5.3 16 280   M    M   7        25 270
11  49  30  40 -10  25   0 0.00  0.0    0  4.5 12 260   M    M   1        17 250
12  65  41  53   3  12   0 0.00  0.0    0  6.1 13 240   M    M   0        23 220
13  67  51  59  10   6   0 0.00  0.0    0  7.1 15 190   M    M   4        32 170
14  73  62  68  19   0   3 0.00  0.0    0  6.7 16 190   M    M   6        32 220
15  68  53  61  12   4   0 0.25  0.0    0  3.5 20 310   M    M  10 12     29 320
16  57  42  50   2  15   0 1.67  0.0    0  3.5 13 360   M    M  10 12     23 320
17  45  31  38 -10  27   0    T    T    0  5.4 16 290   M    M   6        24 250
18  51  26  39  -9  26   0 0.00  0.0    0  2.4  8 160   M    M   0        13 140
19  65  38  52   5  13   0 0.00  0.0    0  5.3 16 170   M    M   0        28 170
20  60  56  58  11   7   0 0.47  0.0    0  2.8 13 200   M    M   8 12     23 220
21  62  57  60  14   5   0 0.07  0.0    0  1.5 16 310   M    M   9 12     24 300
22  68  58  63  17   2   0 0.89  0.0    0  4.2 18 260   M    M   9 13     26 190
23  59  41  50   4  15   0 0.13  0.0    0  7.0 20 260   M    M   3 1      31 280
24  57  38  48   3  17   0 0.00  0.0    0  1.3  7 300   M    M   4 128     9 190
25  68  38  53   8  12   0 0.00  0.0    0  3.8  8 210   M    M   0        18 190
26  67  48  58  14   7   0 0.00  0.0    0  4.6 15 190   M    M   2        26 200
27  64  54  59  15   6   0 0.51  0.0    0  3.5 14 190   M    M   7 12     26 210
28  59  46  53   9  12   0 0.63  0.0    0  5.0 13 240   M    M   8 12     22 250
29  50  34  42  -1  23   0 0.05    T    0  4.9 14 250   M    M  10 1      25 250
30  39  30  35  -8  30   0 0.05    T    0  4.4 13 250   M    M   7 1      23 240
================================================================================
SM 1834 1288       383   3  5.48    T    117.7          M      126
================================================================================
AV 61.1 42.9                               3.9 FASTST   M    M   4    MAX(MPH)
                                 MISC ---->  # 20 310               # 32  170
================================================================================
NOTES:
# LAST OF SEVERAL OCCURRENCES

COLUMN 17 PEAK WIND IN M.P.H.

PRELIMINARY LOCAL CLIMATOLOGICAL DATA (WS FORM: F-6) , PAGE 2

                                          STATION:  JACKSON KY
                                          MONTH:    NOVEMBER
                                          YEAR:     2011
                                          LATITUDE:   37 35 N
                                          LONGITUDE:  83 19 W

[TEMPERATURE DATA]      [PRECIPITATION DATA]       SYMBOLS USED IN COLUMN 16

AVERAGE MONTHLY: 52.0   TOTAL FOR MONTH:   5.48    1 = FOG OR MIST
DPTR FM NORMAL:   3.6   DPTR FM NORMAL:    1.52    2 = FOG REDUCING VISIBILITY
HIGHEST:    73 ON 14, 8 GRTST 24HR  1.75 ON 15-16      TO 1/4 MILE OR LESS
LOWEST:     26 ON 18                               3 = THUNDER
                        SNOW, ICE PELLETS, HAIL    4 = ICE PELLETS
                        TOTAL MONTH:    T          5 = HAIL
                        GRTST 24HR    T  ON 30-30  6 = FREEZING RAIN OR DRIZZLE
                        GRTST DEPTH:   0           7 = DUSTSTORM OR SANDSTORM:
                                                       VSBY 1/2 MILE OR LESS
                                                   8 = SMOKE OR HAZE
[NO. OF DAYS WITH]      [WEATHER - DAYS WITH]      9 = BLOWING SNOW
                                                   X = TORNADO
MAX 32 OR BELOW:   0    0.01 INCH OR MORE:  13
MAX 90 OR ABOVE:   0    0.10 INCH OR MORE:   8
MIN 32 OR BELOW:   4    0.50 INCH OR MORE:   5
MIN  0 OR BELOW:   0    1.00 INCH OR MORE:   1

[HDD (BASE 65) ]
TOTAL THIS MO.   383    CLEAR  (SCALE 0-3)  13
DPTR FM NORMAL  -120    PTCLDY (SCALE 4-7)  11
TOTAL FM JUL 1   717    CLOUDY (SCALE 8-10)  6
DPTR FM NORMAL   -83

[CDD (BASE 65) ]
TOTAL THIS MO.     3
DPTR FM NORMAL    -1    [PRESSURE DATA]
TOTAL FM JAN 1  1255    HIGHEST SLP 30.47 ON 18
DPTR FM NORMAL   101    LOWEST  SLP 29.63 ON 28

[REMARKS]
#FINAL-11-11#
