000
CXUS55 KJKL 071649
CF6JKL
PRELIMINARY LOCAL CLIMATOLOGICAL DATA (WS FORM: F-6)

                                          STATION:   JACKSON KY
                                          MONTH:     APRIL
                                          YEAR:      2011
                                          LATITUDE:   37 35 N
                                          LONGITUDE:  83 19 W

  TEMPERATURE IN F:       :PCPN:    SNOW:  WIND      :SUNSHINE: SKY     :PK WND
================================================================================
1   2   3   4   5  6A  6B    7    8   9   10  11  12  13   14  15   16   17  18
                                     12Z  AVG MX 2MIN
DY MAX MIN AVG DEP HDD CDD  WTR  SNW DPTH SPD SPD DIR MIN PSBL S-S WX    SPD DR
================================================================================

 1  51  31  41 -12  24   0 0.15  0.0    0  4.5 24 280   M    M   9 123    45 280
 2  57  35  46  -7  19   0 0.10    T    0  8.1 22 270   M    M   4 134    36 310
 3  75  42  59   5   6   0 0.00  0.0    0  5.2 16 210   M    M   1        28 200
 4  75  44  60   6   5   0 1.42  0.0    0  8.6 25 290   M    M   7 13     37 300
 5  51  38  45  -9  20   0 0.23    T    0  7.8 18 260   M    M   8 15     29 270
 6  70  36  53  -1  12   0 0.00  0.0    0  5.7 14 210   M    M   0        30 200
 7  78  55  67  12   0   2 0.00  0.0    0  3.3 12 240   M    M   1        16 240
 8  78  60  69  14   0   4 1.00    T    0  5.2 20 250   M    M   7 1235   33 250
 9  74  59  67  11   0   2 0.79  0.0    0  2.8 23 320   M    M   4 1238   37 320
10  88  59  74  18   0   9 0.00  0.0    0  4.9 15 180   M    M   0 1      25 250
11  85  57  71  15   0   6 0.87  0.0    0  5.2 28 290   M    M   5 13     39 280
12  57  41  49  -7  16   0 0.95  0.0    0  5.1 16 360   M    M  10 123    29 350
13  65  38  52  -5  13   0 0.00  0.0    0  3.3 12 290   M    M   3 12     17 340
14  72  47  60   3   5   0 0.00  0.0    0  2.3  9 120   M    M   0        16  70
15  72  54  63   6   2   0 0.55  0.0    0  5.1 17 150   M    M   4 1      31 140
16  60  40  50  -8  15   0 0.98  0.0    0  6.9 22 250   M    M   9 1      41 230
17  70  38  54  -4  11   0 0.00  0.0    0  6.3 17 250   M    M   2        31 260
18  76  52  64   6   1   0    T  0.0    0  4.3 18 250   M    M   4        29 250
19  85  63  74  16   0   9    T  0.0    0  6.6 15 200   M    M   6        26 220
20  75  48  62   3   3   0 0.51  0.0    0  6.1 28 280   M    M   7 13     44 270
21  63  44  54  -5  11   0    T  0.0    0  2.4  9 360   M    M   5        15  20
22  73  49  61   2   4   0 0.13  0.0    0  2.8  9 180   M    M   7 1      18 170
23  78  61  70  10   0   5 0.07  0.0    0  3.9 14 300   M    M   5 3      23 220
24  80  60  70  10   0   5 0.53  0.0    0  3.5 21 290   M    M   4 13     36 300
25  85  59  72  12   0   7 0.00  0.0    0  5.0 14 180   M    M   1 1      26 220
26  74  59  67   7   0   2 0.37  0.0    0  4.9 20 260   M    M   4 1      36 240
27  77  61  69   8   0   4 1.47  0.0    0  6.2 20 190   M    M   6 13     36 160
28  67  49  58  -3   7   0 0.08  0.0    0  6.3 22 320   M    M   4 1      33 320
29  68  46  57  -4   8   0 0.00  0.0    0  5.3 20 290   M    M   2        31 280
30  77  47  62   1   3   0 0.00  0.0    0  1.7  9 160   M    M   0        15 180
================================================================================
SM 2156 1472       185  55 10.20    T    149.3          M      129
================================================================================
AV 71.9 49.1                               5.0 FASTST   M    M   4    MAX(MPH)
                                 MISC ---->  # 28 290               # 45  280
================================================================================
NOTES:
# LAST OF SEVERAL OCCURRENCES

COLUMN 17 PEAK WIND IN M.P.H.

PRELIMINARY LOCAL CLIMATOLOGICAL DATA (WS FORM: F-6) , PAGE 2

                                          STATION:  JACKSON KY
                                          MONTH:    APRIL
                                          YEAR:     2011
                                          LATITUDE:   37 35 N
                                          LONGITUDE:  83 19 W

[TEMPERATURE DATA]      [PRECIPITATION DATA]       SYMBOLS USED IN COLUMN 16

AVERAGE MONTHLY: 60.5   TOTAL FOR MONTH:  10.20    1 = FOG OR MIST
DPTR FM NORMAL:   3.1   DPTR FM NORMAL:    6.37    2 = FOG REDUCING VISIBILITY
HIGHEST:    88 ON 10    GRTST 24HR  1.82 ON 11-12      TO 1/4 MILE OR LESS
LOWEST:     31 ON  1                               3 = THUNDER
                        SNOW, ICE PELLETS, HAIL    4 = ICE PELLETS
                        TOTAL MONTH:    T          5 = HAIL
                        GRTST 24HR    T  ON  8- 8  6 = FREEZING RAIN OR DRIZZLE
                        GRTST DEPTH:   0           7 = DUSTSTORM OR SANDSTORM:
                                                       VSBY 1/2 MILE OR LESS
                                                   8 = SMOKE OR HAZE
[NO. OF DAYS WITH]      [WEATHER - DAYS WITH]      9 = BLOWING SNOW
                                                   X = TORNADO
MAX 32 OR BELOW:   0    0.01 INCH OR MORE:  17
MAX 90 OR ABOVE:   0    0.10 INCH OR MORE:  15
MIN 32 OR BELOW:   1    0.50 INCH OR MORE:  10
MIN  0 OR BELOW:   0    1.00 INCH OR MORE:   3

[HDD (BASE 65) ]
TOTAL THIS MO.   185    CLEAR  (SCALE 0-3)  10
DPTR FM NORMAL   -83    PTCLDY (SCALE 4-7)  17
TOTAL FM JUL 1  4263    CLOUDY (SCALE 8-10)  3
DPTR FM NORMAL   142

[CDD (BASE 65) ]
TOTAL THIS MO.    55
DPTR FM NORMAL    16    [PRESSURE DATA]
TOTAL FM JAN 1    65    HIGHEST SLP 30.36 ON 21
DPTR FM NORMAL    19    LOWEST  SLP 29.44 ON  4

[REMARKS]
#FINAL-04-11#
