000
CXUS55 KJKL 011000
CF6JKL
PRELIMINARY LOCAL CLIMATOLOGICAL DATA (WS FORM: F-6)

                                          STATION:   JACKSON KY
                                          MONTH:     NOVEMBER
                                          YEAR:      2015
                                          LATITUDE:   37 35 N
                                          LONGITUDE:  83 19 W

  TEMPERATURE IN F:       :PCPN:    SNOW:  WIND      :SUNSHINE: SKY     :PK WND
================================================================================
1   2   3   4   5  6A  6B    7    8   9   10  11  12  13   14  15   16   17  18
                                     12Z  AVG MX 2MIN
DY MAX MIN AVG DEP HDD CDD  WTR  SNW DPTH SPD SPD DIR MIN PSBL S-S WX    SPD DR
================================================================================

 1  60  52  56   2   9   0 0.24  0.0    0  0.6  7 310   M    M   7 12      9 340
 2  68  54  61   8   4   0 0.00  0.0    0  2.1  7  80   M    M   3 1      13  50
 3  80  54  67  14   0   2 0.00  0.0    0  1.5  5  90   M    M   2         9  40
 4  80  61  71  18   0   6 0.00  0.0    0  1.5  7 300   M    M   2        10 280
 5  79  62  71  19   0   6 0.00  0.0    0  2.6  9 250   M    M   6        16 260
 6  69  62  66  14   0   1 0.17  0.0    0  3.2 20 310   M    M   7 1      30 320
 7  62  46  54   2  11   0    T  0.0    0  3.3 12 330   M    M   6        18 310
 8  57  40  49  -2  16   0 0.00  0.0    0  4.1 10 130   M    M   0        19 120
 9  57  43  50  -1  15   0 0.03  0.0    0  1.8  7  80   M    M   7 12     12  80
10  51  42  47  -4  18   0 0.05  0.0    0  3.1 10 280   M    M   8 12     14 280
11  60  36  48  -2  17   0 0.00  0.0    0  2.9  7 180   M    M   0 1      13 160
12  69  48  59   9   6   0    T  0.0    0  8.8 18 230   M    M   4        39 220
13  56  40  48  -1  17   0 0.00  0.0    0  7.4 18 260   M    M   0        32 280
14  56  33  45  -4  20   0 0.00  0.0    0  2.6  9 290   M    M   0        12 250
15  62  34  48  -1  17   0 0.00  0.0    0  2.2  6 140   M    M   0 8       7 130
16  60  39  50   2  15   0    T  0.0    0  1.8  6 170   M    M   3         9 160
17  62  51  57   9   8   0    T  0.0    0  3.0  9 130   M    M   5        15 110
18  70  59  65  17   0   0 0.32  0.0    0  8.6 17 140   M    M   4 1      29 160
19  66  46  56   9   9   0 0.05  0.0    0  5.9 14 300   M    M   3 1      24 250
20  52  36  44  -3  21   0 0.00  0.0    0  3.1 10 310   M    M   0        15 320
21  66  36  51   5  14   0 0.07    T    0  6.1 23 290   M    M   4 1      37 290
22  38  27  33 -13  32   0    T    T    0  4.0 14 280   M    M   8        22 300
23  48  21  35 -11  30   0 0.00  0.0    0  3.1 14 250   M    M   0        23 240
24  58  33  46   1  19   0 0.00  0.0    0  3.4  7 250   M    M   0        11 170
25  64  35  50   5  15   0 0.00  0.0    0  3.7  9 190   M    M   0        15 200
26  71  46  59  15   6   0 0.00  0.0    0  4.7  9 180   M    M   0        14 200
27  70  51  61  17   4   0 0.00  0.0    0  2.8  6 190   M    M   0        10 160
28  64  56  60  16   5   0 0.29  0.0    0  3.0  9 230   M    M  10 1      16 220
29  57  45  51   8  14   0 0.66  0.0    0  3.9  8  50   M    M  10 12     14 280
30  56  43  50   7  15   0 0.53  0.0    0  2.6  8 310   M    M  10 12     14  70
================================================================================
SM 1868 1331       357  15  2.41    T    107.4          M      109
================================================================================
AV 62.3 44.4                               3.6 FASTST   M    M   4    MAX(MPH)
                                 MISC ---->  # 23 290               # 39  220
================================================================================
NOTES:
# LAST OF SEVERAL OCCURRENCES

COLUMN 17 PEAK WIND IN M.P.H.

PRELIMINARY LOCAL CLIMATOLOGICAL DATA (WS FORM: F-6) , PAGE 2

                                          STATION:  JACKSON KY
                                          MONTH:    NOVEMBER
                                          YEAR:     2015
                                          LATITUDE:   37 35 N
                                          LONGITUDE:  83 19 W

[TEMPERATURE DATA]      [PRECIPITATION DATA]       SYMBOLS USED IN COLUMN 16

AVERAGE MONTHLY: 53.3   TOTAL FOR MONTH:   2.41    1 = FOG OR MIST
DPTR FM NORMAL:   4.9   DPTR FM NORMAL:   -1.55    2 = FOG REDUCING VISIBILITY
HIGHEST:    80 ON  4, 3 GRTST 24HR  0.67 ON 29-30      TO 1/4 MILE OR LESS
LOWEST:     21 ON 23                               3 = THUNDER
                        SNOW, ICE PELLETS, HAIL    4 = ICE PELLETS
                        TOTAL MONTH:    T          5 = HAIL
                        GRTST 24HR    T  ON 22-22  6 = FREEZING RAIN OR DRIZZLE
                        GRTST DEPTH:   0           7 = DUSTSTORM OR SANDSTORM:
                                                       VSBY 1/2 MILE OR LESS
                                                   8 = SMOKE OR HAZE
[NO. OF DAYS WITH]      [WEATHER - DAYS WITH]      9 = BLOWING SNOW
                                                   X = TORNADO
MAX 32 OR BELOW:   0    0.01 INCH OR MORE:  10
MAX 90 OR ABOVE:   0    0.10 INCH OR MORE:   6
MIN 32 OR BELOW:   2    0.50 INCH OR MORE:   2
MIN  0 OR BELOW:   0    1.00 INCH OR MORE:   0

[HDD (BASE 65) ]
TOTAL THIS MO.   357    CLEAR  (SCALE 0-3)  15
DPTR FM NORMAL  -146    PTCLDY (SCALE 4-7)  11
TOTAL FM JUL 1   598    CLOUDY (SCALE 8-10)  4
DPTR FM NORMAL  -202

[CDD (BASE 65) ]
TOTAL THIS MO.    15
DPTR FM NORMAL    11    [PRESSURE DATA]
TOTAL FM JAN 1  1263    HIGHEST SLP 30.61 ON 26
DPTR FM NORMAL   109    LOWEST  SLP 29.66 ON 12

[REMARKS]
#FINAL-11-15#
