000
CXUS55 KJKL 010800
CF6JKL
PRELIMINARY LOCAL CLIMATOLOGICAL DATA (WS FORM: F-6)

                                          STATION:   JACKSON KY
                                          MONTH:     APRIL
                                          YEAR:      2014
                                          LATITUDE:   37 35 N
                                          LONGITUDE:  83 19 W

  TEMPERATURE IN F:       :PCPN:    SNOW:  WIND      :SUNSHINE: SKY     :PK WND
================================================================================
1   2   3   4   5  6A  6B    7    8   9   10  11  12  13   14  15   16   17  18
                                     12Z  AVG MX 2MIN
DY MAX MIN AVG DEP HDD CDD  WTR  SNW DPTH SPD SPD DIR MIN PSBL S-S WX    SPD DR
================================================================================

 1  82  48  65  12   0   0 0.03  0.0    0  5.5 15 240   M    M   2        28 250
 2  82  51  67  14   0   2    T  0.0    0  4.0 12  40   M    M   3        18  50
 3  81  57  69  15   0   4 1.62  0.0    0  3.3 16 180   M    M   5 13     26 180
 4  67  41  54   0  11   0 0.33  0.0    0  7.3 23 280   M    M   4 13     32 220
 5  56  40  48  -6  17   0 0.00  0.0    0  4.8 13 300   M    M   5        18 320
 6  70  37  54   0  11   0 0.00  0.0    0  4.5  8 190   M    M   2        17  40
 7  68  50  59   4   6   0 0.09  0.0    0  6.3 24 240   M    M   9 1      39 250
 8  64  43  54  -1  11   0 0.01  0.0    0  5.2 17 250   M    M   8 1      36 260
 9  63  43  53  -3  12   0 0.06  0.0    0  4.9 15 310   M    M   5 1      22 310
10  76  44  60   4   5   0 0.00  0.0    0  6.0 15 190   M    M   0        28 170
11  75  59  67  11   0   2 0.01  0.0    0  5.8 17 240   M    M   6 3      29 260
12  83  55  69  13   0   4 0.00  0.0    0  4.3 12 170   M    M   2        20 160
13  85  64  75  18   0  10 0.00  0.0    0  6.1 15 180   M    M   0        25 190
14  73  63  68  11   0   3 0.01  0.0    0  7.1 16 190   M    M   5        31 210
15  63  30  47 -10  18   0 0.27  1.0    0  6.8 18 310   M    M   9 14     27 310
16  55  27  41 -17  24   0 0.00  0.0    0  3.7 10 160   M    M   0        17 100
17  72  42  57  -1   8   0 0.00  0.0    0  2.6  7 140   M    M   0        11 110
18  71  51  61   3   4   0 0.00  0.0    0  3.2 12 270   M    M   1        17 270
19  75  53  64   6   1   0 0.00  0.0    0  4.4 12  50   M    M   0        21  60
20  78  53  66   7   0   1 0.00  0.0    0  3.3  9 140   M    M   0        13 140
21  80  54  67   8   0   2 0.00  0.0    0  3.7 12 280   M    M   0        18 310
22  75  52  64   5   1   0 0.04  0.0    0  5.9 18 300   M    M   6 1      26 300
23  64  42  53  -7  12   0 0.00  0.0    0  4.4 12 310   M    M   0        18  10
24  75  44  60   0   5   0 0.00  0.0    0  2.7  8 130   M    M   0        12 120
25  66  52  59  -1   6   0 0.92  0.0    0  5.0 17 280   M    M   6 13     31 280
26  80  47  64   4   1   0 0.00  0.0    0  3.8 14 280   M    M   0 1      23 250
27  85  55  70   9   0   5 0.00  0.0    0  2.3  8 140   M    M   1        12 190
28  73  62  68   7   0   3 0.34  0.0    0  4.7 16 270   M    M   7 13     25 300
29  81  54  68   7   0   3 0.92  0.0    0  4.7 23 300   M    M   6 13     36 300
30  59  53  56  -5   9   0 0.78  0.0    0  1.9  9 280   M    M   9 12     15 120
================================================================================
SM 2177 1466       162  39  5.43     1.0 138.2          M      101
================================================================================
AV 72.6 48.9                               4.6 FASTST   M    M   3    MAX(MPH)
                                 MISC ---->  # 24 240               # 39  250
================================================================================
NOTES:
# LAST OF SEVERAL OCCURRENCES

COLUMN 17 PEAK WIND IN M.P.H.

PRELIMINARY LOCAL CLIMATOLOGICAL DATA (WS FORM: F-6) , PAGE 2

                                          STATION:  JACKSON KY
                                          MONTH:    APRIL
                                          YEAR:     2014
                                          LATITUDE:   37 35 N
                                          LONGITUDE:  83 19 W

[TEMPERATURE DATA]      [PRECIPITATION DATA]       SYMBOLS USED IN COLUMN 16

AVERAGE MONTHLY: 60.7   TOTAL FOR MONTH:   5.43    1 = FOG OR MIST
DPTR FM NORMAL:   3.3   DPTR FM NORMAL:    1.60    2 = FOG REDUCING VISIBILITY
HIGHEST:    85 ON 27,13 GRTST 24HR  1.93 ON  3- 4      TO 1/4 MILE OR LESS
LOWEST:     27 ON 16                               3 = THUNDER
                        SNOW, ICE PELLETS, HAIL    4 = ICE PELLETS
                        TOTAL MONTH:   1.0 INCH    5 = HAIL
                        GRTST 24HR   1.0 ON 15-15  6 = FREEZING RAIN OR DRIZZLE
                        GRTST DEPTH:   0           7 = DUSTSTORM OR SANDSTORM:
                                                       VSBY 1/2 MILE OR LESS
                                                   8 = SMOKE OR HAZE
[NO. OF DAYS WITH]      [WEATHER - DAYS WITH]      9 = BLOWING SNOW
                                                   X = TORNADO
MAX 32 OR BELOW:   0    0.01 INCH OR MORE:  14
MAX 90 OR ABOVE:   0    0.10 INCH OR MORE:   7
MIN 32 OR BELOW:   2    0.50 INCH OR MORE:   4
MIN  0 OR BELOW:   0    1.00 INCH OR MORE:   1

[HDD (BASE 65) ]
TOTAL THIS MO.   162    CLEAR  (SCALE 0-3)  16
DPTR FM NORMAL  -106    PTCLDY (SCALE 4-7)  11
TOTAL FM JUL 1  4430    CLOUDY (SCALE 8-10)  3
DPTR FM NORMAL   309

[CDD (BASE 65) ]
TOTAL THIS MO.    39
DPTR FM NORMAL     0    [PRESSURE DATA]
TOTAL FM JAN 1    39    HIGHEST SLP 30.42 ON 17
DPTR FM NORMAL    -7    LOWEST  SLP 29.43 ON  7

[REMARKS]
#FINAL-04-14#
