000
CXUS55 KJKL 011000
CF6JKL
PRELIMINARY LOCAL CLIMATOLOGICAL DATA (WS FORM: F-6)

                                          STATION:   JACKSON KY
                                          MONTH:     NOVEMBER
                                          YEAR:      2010
                                          LATITUDE:   37 35 N
                                          LONGITUDE:  83 19 W

  TEMPERATURE IN F:       :PCPN:    SNOW:  WIND      :SUNSHINE: SKY     :PK WND
================================================================================
1   2   3   4   5  6A  6B    7    8   9   10  11  12  13   14  15   16   17  18
                                     12Z  AVG MX 2MIN
DY MAX MIN AVG DEP HDD CDD  WTR  SNW DPTH SPD SPD DIR MIN PSBL S-S WX    SPD DR
================================================================================

 1  61  37  49  -3  16   0 0.00  0.0    0  4.5  9  90   M    M   0        16  40
 2  63  37  50  -2  15   0 0.00  0.0    0  2.5  8  40   M    M   0        16  30
 3  54  45  50  -2  15   0 0.28  0.0    0  1.0  6  60   M    M   7 128     9  40
 4  56  41  49  -2  16   0 0.35  0.0    0  5.1 17 310   M    M   8 12     26 290
 5  42  36  39 -12  26   0 0.02    T    0  4.6 14 300   M    M  10 1      21 310
 6  45  32  39 -12  26   0 0.01    T    0  2.7 10 300   M    M   7 1      16 310
 7  52  27  40 -10  25   0 0.00  0.0    0  1.9  8 160   M    M   0        12 220
 8  68  34  51   1  14   0 0.00  0.0    0  4.0  8 220   M    M   0        14 240
 9  70  42  56   6   9   0 0.00  0.0    0  1.7  6 280   M    M   0         9 150
10  71  46  59  10   6   0 0.00  0.0    0  1.6  6 230   M    M   0         9 330
11  71  47  59  10   6   0 0.00  0.0    0  1.3  6  90   M    M   0        10 320
12  73  43  58   9   7   0 0.00  0.0    0  0.9  7 140   M    M   0 8      10 130
13  73  48  61  12   4   0 0.00  0.0    0  3.7 12 250   M    M   0        18 250
14  58  37  48   0  17   0 0.07  0.0    0  2.1  8 290   M    M   9 128    15 210
15  45  35  40  -8  25   0 0.28  0.0    0  0.6  6  40   M    M  10 12      8  50
16  58  44  51   3  14   0 0.88  0.0    0  6.4 26 220   M    M   7 12     45 230
17  53  38  46  -1  19   0    T  0.0    0  4.7 14 240   M    M   5        23 250
18  52  34  43  -4  22   0    T  0.0    0  1.7  6  20   M    M   7 1      10  20
19  58  37  48   1  17   0 0.00  0.0    0  2.5  9 180   M    M   1 18     15 190
20  63  45  54   8  11   0 0.00  0.0    0  3.5  9 250   M    M   3        16 220
21  69  50  60  14   5   0 0.00  0.0    0  4.8 13 190   M    M   5        23 200
22  72  53  63  17   2   0 0.00  0.0    0  6.4 16 190   M    M   0        29 210
23  63  41  52   7  13   0 0.71  0.0    0  4.2 10 330   M    M   5 12     18 320
24  50  31  41  -4  24   0 0.15  0.0    0  4.8 10 130   M    M   4 1      18  50
25  73  50  62  17   3   0 0.23  0.0    0  9.3 21 300   M    M   4 1      43 310
26  53  27  40  -4  25   0 0.21    T    0  6.9 17 300   M    M   5 1      28 300
27  40  28  34 -10  31   0 0.00  0.0    0  4.3 13 280   M    M   6        18 280
28  49  27  38  -6  27   0 0.00  0.0    0  2.1  7  90   M    M   0        10 120
29  61  33  47   4  18   0 0.08  0.0    0  4.9 16 160   M    M   3        29 170
30  56  36  46   3  19   0 2.50  0.0    0  3.8 17 270   M    M  10 12     28 300
================================================================================
SM 1772 1161       477   0  5.77    T    108.5          M      116
================================================================================
AV 59.1 38.7                               3.6 FASTST   M    M   4    MAX(MPH)
                                 MISC ---->  # 26 220               # 45  230
================================================================================
NOTES:
# LAST OF SEVERAL OCCURRENCES

COLUMN 17 PEAK WIND IN M.P.H.

PRELIMINARY LOCAL CLIMATOLOGICAL DATA (WS FORM: F-6) , PAGE 2

                                          STATION:  JACKSON KY
                                          MONTH:    NOVEMBER
                                          YEAR:     2010
                                          LATITUDE:   37 35 N
                                          LONGITUDE:  83 19 W

[TEMPERATURE DATA]      [PRECIPITATION DATA]       SYMBOLS USED IN COLUMN 16

AVERAGE MONTHLY: 48.9   TOTAL FOR MONTH:   5.77    1 = FOG OR MIST
DPTR FM NORMAL:   1.2   DPTR FM NORMAL:    1.57    2 = FOG REDUCING VISIBILITY
HIGHEST:    73 ON 25,13 GRTST 24HR  2.55 ON 29-30      TO 1/4 MILE OR LESS
LOWEST:     27 ON 28,26                            3 = THUNDER
                        SNOW, ICE PELLETS, HAIL    4 = ICE PELLETS
                        TOTAL MONTH:    T          5 = HAIL
                        GRTST 24HR    T  ON 26-26  6 = FREEZING RAIN OR DRIZZLE
                        GRTST DEPTH:   0           7 = DUSTSTORM OR SANDSTORM:
                                                       VSBY 1/2 MILE OR LESS
                                                   8 = SMOKE OR HAZE
[NO. OF DAYS WITH]      [WEATHER - DAYS WITH]      9 = BLOWING SNOW
                                                   X = TORNADO
MAX 32 OR BELOW:   0    0.01 INCH OR MORE:  13
MAX 90 OR ABOVE:   0    0.10 INCH OR MORE:   9
MIN 32 OR BELOW:   6    0.50 INCH OR MORE:   3
MIN  0 OR BELOW:   0    1.00 INCH OR MORE:   1

[HDD (BASE 65) ]
TOTAL THIS MO.   477    CLEAR  (SCALE 0-3)  14
DPTR FM NORMAL   -45    PTCLDY (SCALE 4-7)  12
TOTAL FM JUL 1   687    CLOUDY (SCALE 8-10)  4
DPTR FM NORMAL  -146

[CDD (BASE 65) ]
TOTAL THIS MO.     0
DPTR FM NORMAL    -1    [PRESSURE DATA]
TOTAL FM JAN 1  1504    HIGHEST SLP 30.51 ON  7
DPTR FM NORMAL   445    LOWEST  SLP 29.38 ON 16

[REMARKS]
#FINAL-11-10#
