000
CXUS55 KJKL 011000
CF6JKL
PRELIMINARY LOCAL CLIMATOLOGICAL DATA (WS FORM: F-6)

                                          STATION:   JACKSON KY
                                          MONTH:     MAY
                                          YEAR:      2010
                                          LATITUDE:   37 35 N
                                          LONGITUDE:  83 19 W

  TEMPERATURE IN F:       :PCPN:    SNOW:  WIND      :SUNSHINE: SKY     :PK WND
================================================================================
1   2   3   4   5  6A  6B    7    8   9   10  11  12  13   14  15   16   17  18
                                     12Z  AVG MX 2MIN
DY MAX MIN AVG DEP HDD CDD  WTR  SNW DPTH SPD SPD DIR MIN PSBL S-S WX    SPD DR
================================================================================

 1  72  61  67   7   0   2 1.02  0.0    0  2.0 17 290   M    M   6 12     28 300
 2  76  62  69   8   0   4 1.65  0.0    0  3.8 15 310   M    M   7 13     22 230
 3  79  59  69   8   0   4 0.33  0.0    0  3.7 12 300   M    M   4 1      20 230
 4  78  52  65   4   0   0 0.00  0.0    0  3.6 14 300   M    M   1        20 290
 5  83  55  69   8   0   4 0.00  0.0    0  2.5 12 250   M    M   1        24 310
 6  78  61  70   8   0   5 0.00  0.0    0  2.7  9 290   M    M   1        17 260
 7  86  55  71   9   0   6 0.00  0.0    0  4.6 15 180   M    M   0        26 220
 8  75  48  62   0   3   0 0.08  0.0    0  9.3 21 280   M    M   7 3      35 310
 9  57  39  48 -14  17   0 0.00  0.0    0  3.8 10 320   M    M   3        17 320
10  61  38  50 -12  15   0 0.00  0.0    0  1.8  9 100   M    M   2        17  40
11  71  52  62  -1   3   0 0.08  0.0    0  4.8 13 220   M    M   9        25 230
12  79  63  71   8   0   6 0.00  0.0    0  2.0  8 230   M    M   3        17 240
13  84  64  74  11   0   9    T  0.0    0  2.4 12 190   M    M   2        22 240
14  81  62  72   8   0   7 0.13  0.0    0  1.5  8 290   M    M   4 1238   15 250
15  81  61  71   7   0   6 1.67  0.0    0  1.3 20 220   M    M   5 123    41 210
16  64  61  63  -1   2   0 0.73  0.0    0  1.0  7  80   M    M  10 123    15  70
17  76  58  67   3   0   2 0.43  0.0    0  3.2 13 310   M    M   8 135    25 200
18  63  52  58  -7   7   0 0.12  0.0    0  2.5 10 300   M    M   9 12     17 300
19  59  52  56  -9   9   0 0.05  0.0    0  0.4  7 280   M    M   9 12     15 350
20  72  51  62  -3   3   0 0.00  0.0    0  2.2  9 130   M    M   5 12     15 120
21  74  60  67   2   0   2 0.02  0.0    0  2.2  7 150   M    M   7        14 160
22  77  63  70   4   0   5 0.51  0.0    0  2.4 10 310   M    M   6 1      16 310
23  82  60  71   5   0   6 0.00  0.0    0  0.1  6 330   M    M   1 1       9  20
24  81  63  72   6   0   7 0.00  0.0    0  2.1  8 130   M    M   0 1      15 100
25  82  63  73   7   0   8 0.00  0.0    0  1.9  7 160   M    M   1        12  90
26  82  64  73   6   0   8 0.00  0.0    0  1.1  7 350   M    M   1        13 350
27  85  62  74   7   0   9 0.00  0.0    0  1.1  7 310   M    M   2 18     10  40
28  82  63  73   6   0   8 0.25  0.0    0  1.0 10 270   M    M   2 1238   15 190
29  84  59  72   5   0   7 0.00  0.0    0  0.1  5 360   M    M   1 12      7 300
30  86  65  76   8   0  11 0.00  0.0    0  0.8  7 180   M    M   2 13     16 230
31  81  65  73   5   0   8 0.85  0.0    0  2.2 14 250   M    M   5 1238   22 280
================================================================================
SM 2371 1793        59 134  7.92     0.0  74.1          M      124
================================================================================
AV 76.5 57.8                               2.4 FASTST   M    M   4    MAX(MPH)
                                 MISC ---->  # 21 280               # 41  210
================================================================================
NOTES:
# LAST OF SEVERAL OCCURRENCES

COLUMN 17 PEAK WIND IN M.P.H.

PRELIMINARY LOCAL CLIMATOLOGICAL DATA (WS FORM: F-6) , PAGE 2

                                          STATION:  JACKSON KY
                                          MONTH:    MAY
                                          YEAR:     2010
                                          LATITUDE:   37 35 N
                                          LONGITUDE:  83 19 W

[TEMPERATURE DATA]      [PRECIPITATION DATA]       SYMBOLS USED IN COLUMN 16

AVERAGE MONTHLY: 67.2   TOTAL FOR MONTH:   7.92    1 = FOG OR MIST
DPTR FM NORMAL:   3.1   DPTR FM NORMAL:    2.76    2 = FOG REDUCING VISIBILITY
HIGHEST:    86 ON 30, 7 GRTST 24HR  2.36 ON 15-16      TO 1/4 MILE OR LESS
LOWEST:     38 ON 10                               3 = THUNDER
                        SNOW, ICE PELLETS, HAIL    4 = ICE PELLETS
                        TOTAL MONTH:   0.0 INCH    5 = HAIL
                        GRTST 24HR     0.0         6 = FREEZING RAIN OR DRIZZLE
                        GRTST DEPTH:   0           7 = DUSTSTORM OR SANDSTORM:
                                                       VSBY 1/2 MILE OR LESS
                                                   8 = SMOKE OR HAZE
[NO. OF DAYS WITH]      [WEATHER - DAYS WITH]      9 = BLOWING SNOW
                                                   X = TORNADO
MAX 32 OR BELOW:   0    0.01 INCH OR MORE:  15
MAX 90 OR ABOVE:   0    0.10 INCH OR MORE:  11
MIN 32 OR BELOW:   0    0.50 INCH OR MORE:   6
MIN  0 OR BELOW:   0    1.00 INCH OR MORE:   3

[HDD (BASE 65) ]
TOTAL THIS MO.    59    CLEAR  (SCALE 0-3)  14
DPTR FM NORMAL   -69    PTCLDY (SCALE 4-7)  13
TOTAL FM JUL 1  4455    CLOUDY (SCALE 8-10)  4
DPTR FM NORMAL   107

[CDD (BASE 65) ]
TOTAL THIS MO.   134
DPTR FM NORMAL    34    [PRESSURE DATA]
TOTAL FM JAN 1   213    HIGHEST SLP 30.35 ON 10
DPTR FM NORMAL   102    LOWEST  SLP 29.70 ON  7

[REMARKS]
#FINAL-05-10#
