000
CXUS55 KJKL 061323 CCA
CF6JKL

PRELIMINARY LOCAL CLIMATOLOGICAL DATA (WS FORM: F-6)

                                          STATION:   JACKSON KY
                                          MONTH:     JULY
                                          YEAR:      2010
                                          LATITUDE:   37 35 N
                                          LONGITUDE:  83 19 W

  TEMPERATURE IN F:       :PCPN:    SNOW:  WIND      :SUNSHINE: SKY     :PK WND
================================================================================
1   2   3   4   5  6A  6B    7    8   9   10  11  12  13   14  15   16   17  18
                                     12Z  AVG MX 2MIN
DY MAX MIN AVG DEP HDD CDD  WTR  SNW DPTH SPD SPD DIR MIN PSBL S-S WX    SPD DR
================================================================================

 1  76  57  67  -7   0   2 0.00  0.0    0  1.3  8  80   M    M   0        16  80
 2  79  57  68  -6   0   3 0.00  0.0    0  1.1  8 120   M    M   0        20  70
 3  86  59  73  -1   0   8 0.00  0.0    0  1.3  6 310   M    M   1         9 280
 4  87  67  77   2   0  12 0.00  0.0    0  1.1  7 310   M    M   1 18     12 310
 5  89  69  79   4   0  14 0.00  0.0    0  0.4  5 330   M    M   1 18      8 250
 6  90  69  80   5   0  15 0.00  0.0    0  0.4  7 320   M    M   1 128     9 280
 7  90  71  81   6   0  16 0.00  0.0    0  0.0  5 350   M    M   0 18      8 360
 8  91  72  82   7   0  17 0.00  0.0    0  0.3  7 310   M    M   0 18      8  20
 9  79  67  73  -2   0   8 0.48  0.0    0  1.0  9 310   M    M   8 1238   13 310
10  83  67  75   0   0  10 0.00  0.0    0  0.6  6 320   M    M   4 12      9 330
11  87  63  75   0   0  10 0.00  0.0    0  0.6  6 130   M    M   0 18      8 160
12  83  68  76   1   0  11 0.76  0.0    0  1.5 10 240   M    M   8 1      21 230
13  74  67  71  -4   0   6 0.27  0.0    0  1.8  9 260   M    M   6 1      16 250
14  86  63  75   0   0  10 0.00  0.0    0  0.6  5 150   M    M   3 12      7 150
15  87  68  78   3   0  13 0.00  0.0    0  0.6  5 120   M    M   0         7 310
16  85  69  77   2   0  12 0.10  0.0    0  0.5  9 350   M    M   1 13     16  20
17  88  70  79   4   0  14    T  0.0    0  1.7 12 340   M    M   5 13     17 350
18  87  72  80   5   0  15    T  0.0    0  1.5  7 230   M    M   2        15 250
19  88  70  79   4   0  14 0.29  0.0    0  2.5 18 300   M    M   5 13     25 310
20  86  67  77   2   0  12 0.02  0.0    0  1.0  9 170   M    M   6 13     16 180
21  82  71  77   2   0  12 0.60  0.0    0  1.6 10 260   M    M   2 13     17 280
22  89  70  80   5   0  15 0.00  0.0    0  1.0  6 300   M    M   2 1       M  M
23  91  73  82   6   0  17 0.00  0.0    0  1.9 10 270   M    M   1        16 280
24  91  71  81   5   0  16 0.00  0.0    0  1.8 10 290   M    M   0        16 280
25  91  71  81   6   0  16 0.16  0.0    0  1.9 15 290   M    M   1 13     25 300
26  86  70  78   3   0  13 0.00  0.0    0  0.8  6 130   M    M   5 128     9 140
27  83  70  77   2   0  12 0.01  0.0    0  0.3  6 170   M    M   5 1238    9 210
28  85  70  78   3   0  13 0.50  0.0    0  0.7 18 280   M    M   6 1238   24 280
29  87  72  80   5   0  15    T  0.0    0  2.2 10 320   M    M   4 18     15 340
30  81  63  72  -3   0   7 0.00  0.0    0  0.3  6 120   M    M   1        12 130
31  80  62  71  -4   0   6 0.15  0.0    0  0.8  6 170   M    M   8 1       9 150
================================================================================
SM 2647 2095         0 364  3.34     0.0  33.1          M       87
================================================================================
AV 85.4 67.6                               1.1 FASTST   M    M   3    MAX(MPH)
                                 MISC ---->  # 18 300               # 25  310
================================================================================
NOTES:
# LAST OF SEVERAL OCCURRENCES

COLUMN 17 PEAK WIND IN M.P.H.

PRELIMINARY LOCAL CLIMATOLOGICAL DATA (WS FORM: F-6) , PAGE 2

                                          STATION:  JACKSON KY
                                          MONTH:    JULY
                                          YEAR:     2010
                                          LATITUDE:   37 35 N
                                          LONGITUDE:  83 19 W

[TEMPERATURE DATA]      [PRECIPITATION DATA]       SYMBOLS USED IN COLUMN 16

AVERAGE MONTHLY: 76.5   TOTAL FOR MONTH:   3.34    1 = FOG OR MIST
DPTR FM NORMAL:   1.5   DPTR FM NORMAL:   -1.25    2 = FOG REDUCING VISIBILITY
HIGHEST:    91 ON 25,24 GRTST 24HR  0.76 ON 12-12      TO 1/4 MILE OR LESS
LOWEST:     57 ON  2, 1                            3 = THUNDER
                        SNOW, ICE PELLETS, HAIL    4 = ICE PELLETS
                        TOTAL MONTH:   0.0 INCH    5 = HAIL
                        GRTST 24HR     0.0         6 = FREEZING RAIN OR DRIZZLE
                        GRTST DEPTH:   0           7 = DUSTSTORM OR SANDSTORM:
                                                       VSBY 1/2 MILE OR LESS
                                                   8 = SMOKE OR HAZE
[NO. OF DAYS WITH]      [WEATHER - DAYS WITH]      9 = BLOWING SNOW
                                                   X = TORNADO
MAX 32 OR BELOW:   0    0.01 INCH OR MORE:  11
MAX 90 OR ABOVE:   6    0.10 INCH OR MORE:   9
MIN 32 OR BELOW:   0    0.50 INCH OR MORE:   3
MIN  0 OR BELOW:   0    1.00 INCH OR MORE:   0

[HDD (BASE 65) ]
TOTAL THIS MO.     0    CLEAR  (SCALE 0-3)  19
DPTR FM NORMAL     0    PTCLDY (SCALE 4-7)  11
TOTAL FM JUL 1     0    CLOUDY (SCALE 8-10)  1
DPTR FM NORMAL     0

[CDD (BASE 65) ]
TOTAL THIS MO.   364
DPTR FM NORMAL    54    [PRESSURE DATA]
TOTAL FM JAN 1   896    HIGHEST SLP M ON M
DPTR FM NORMAL   274    LOWEST  SLP M ON M

[REMARKS]
CORRECTED FOR INCORRECT LOWEST SLP.
#FINAL-07-10#
