000
CXUS55 KJKL 311000
CF6JKL
PRELIMINARY LOCAL CLIMATOLOGICAL DATA (WS FORM: F-6)

                                          STATION:   JACKSON KY
                                          MONTH:     DECEMBER
                                          YEAR:      2013
                                          LATITUDE:   37 35 N
                                          LONGITUDE:  83 19 W

  TEMPERATURE IN F:       :PCPN:    SNOW:  WIND      :SUNSHINE: SKY     :PK WND
================================================================================
1   2   3   4   5  6A  6B    7    8   9   10  11  12  13   14  15   16   17  18
                                     12Z  AVG MX 2MIN
DY MAX MIN AVG DEP HDD CDD  WTR  SNW DPTH SPD SPD DIR MIN PSBL S-S WX    SPD DR
================================================================================

 1  47  37  42   0  23   0 0.00  0.0    0  4.0  7 200   M    M   7        10 190
 2  54  45  50   8  15   0 0.00  0.0    0  1.1  6 160   M    M   8         9 180
 3  56  44  50   8  15   0 0.00  0.0    0  1.5  6 150   M    M   7         9 170
 4  69  50  60  19   5   0    T  0.0    0  5.0 13 180   M    M   6        22 160
 5  70  41  56  15   9   0 1.30  0.0    0  6.4 13 330   M    M   7 1      24 220
 6  41  32  37  -4  28   0 2.15  0.0    0  5.1 10  30   M    M  10 136    17  30
 7  32  28  30 -10  35   0    T    T    0  4.6  8  50   M    M  10 1      14  20
 8  40  27  34  -6  31   0 0.64  0.1    0  3.3  8  60   M    M  10 1246   14  60
 9  39  30  35  -5  30   0 0.15  0.0    0  4.8 13 260   M    M   9 12     19 260
10  36  26  31  -8  34   0 0.10  1.0    1  4.6 13 270   M    M   6 1      19 280
11  45  21  33  -6  32   0 0.00  0.0    0  5.0 14 330   M    M   1        21 280
12  32  19  26 -13  39   0    T    T    0  4.6 10 280   M    M   4        15 300
13  46  22  34  -4  31   0    T  0.0    0  3.6  9 120   M    M   2        13 230
14  49  34  42   4  23   0 0.30    T    0  5.6 17 280   M    M  10 14     31 300
15  38  29  34  -4  31   0 0.02  0.1    T  6.6 16 280   M    M  10 1      24 270
16  47  29  38   0  27   0    T    T    0  4.1  9 240   M    M   7        17 210
17  46  31  39   1  26   0 0.05    T    0  7.3 18 290   M    M   8 1      33 270
18  43  26  35  -2  30   0 0.00  0.0    0  5.0 14 300   M    M   1        20 300
19  62  34  48  11  17   0 0.00  0.0    0  5.0 10 240   M    M   0        18 220
20  64  49  57  20   8   0    T  0.0    0  6.0 13 180   M    M   8        21 210
21  73  56  65  28   0   0 0.12  0.0    0  9.3 23 190   M    M   8 1      38 220
22  69  54  62  26   3   0 1.21  0.0    0  5.6 25 270   M    M   7 128    42 270
23  56  30  43   7  22   0 0.04  0.0    0  5.8 16 300   M    M   9 18     24 310
24  31  18  25 -11  40   0 0.01  0.1    0  5.6 14 290   M    M   6 1      22 320
25  40  16  28  -8  37   0 0.00  0.0    0  3.4  9 180   M    M   2        14 190
26  43  32  38   2  27   0 0.00  0.0    0  3.8 12 300   M    M   5        17 230
27  51  23  37   1  28   0 0.00  0.0    0  3.1  7 210   M    M   0        12 250
28  50  34  42   6  23   0 0.16  0.0    0  3.1  8 210   M    M   2 1      12 210
29  41  38  40   5  25   0 0.83  0.0    0  4.2 12 280   M    M  10 12     17 300
30  40  28  34  -1  31   0 0.01  0.1    0  4.5 15 290   M    M  10 1      24 310
================================================================================
SM 1450  983       725   0  7.09     1.4 141.6          M      190
================================================================================
AV 48.3 32.8                               4.7 FASTST   M    M   6    MAX(MPH)
                                 MISC ---->  # 25 270               # 42  270
================================================================================
NOTES:
# LAST OF SEVERAL OCCURRENCES

COLUMN 17 PEAK WIND IN M.P.H.

PRELIMINARY LOCAL CLIMATOLOGICAL DATA (WS FORM: F-6) , PAGE 2

                                          STATION:  JACKSON KY
                                          MONTH:    DECEMBER
                                          YEAR:     2013
                                          LATITUDE:   37 35 N
                                          LONGITUDE:  83 19 W

[TEMPERATURE DATA]      [PRECIPITATION DATA]       SYMBOLS USED IN COLUMN 16

AVERAGE MONTHLY: 40.5   TOTAL FOR MONTH:   7.09    1 = FOG OR MIST
DPTR FM NORMAL:   2.3   DPTR FM NORMAL:    3.03    2 = FOG REDUCING VISIBILITY
HIGHEST:    73 ON 21    GRTST 24HR  2.87 ON  5- 6      TO 1/4 MILE OR LESS
LOWEST:     16 ON 25                               3 = THUNDER
                        SNOW, ICE PELLETS, HAIL    4 = ICE PELLETS
                        TOTAL MONTH:   1.4 INCHES  5 = HAIL
                        GRTST 24HR   1.0 ON 10-10  6 = FREEZING RAIN OR DRIZZLE
                        GRTST DEPTH:   1 ON 10     7 = DUSTSTORM OR SANDSTORM:
                                                       VSBY 1/2 MILE OR LESS
                                                   8 = SMOKE OR HAZE
[NO. OF DAYS WITH]      [WEATHER - DAYS WITH]      9 = BLOWING SNOW
                                                   X = TORNADO
MAX 32 OR BELOW:   3    0.01 INCH OR MORE:  15
MAX 90 OR ABOVE:   0    0.10 INCH OR MORE:  10
MIN 32 OR BELOW:  18    0.50 INCH OR MORE:   5
MIN  0 OR BELOW:   0    1.00 INCH OR MORE:   3

[HDD (BASE 65) ]
TOTAL THIS MO.   725    CLEAR  (SCALE 0-3)   7
DPTR FM NORMAL   -80    PTCLDY (SCALE 4-7)  13
TOTAL FM JUL 1  1612    CLOUDY (SCALE 8-10) 10
DPTR FM NORMAL     7

[CDD (BASE 65) ]
TOTAL THIS MO.     0
DPTR FM NORMAL     0    [PRESSURE DATA]
TOTAL FM JAN 1  1069    HIGHEST SLP M ON M
DPTR FM NORMAL   -85    LOWEST  SLP 29.66 ON 21

[REMARKS]
