000
CXUS55 KJKL 010800
CF6JKL
PRELIMINARY LOCAL CLIMATOLOGICAL DATA (WS FORM: F-6)

                                          STATION:   JACKSON KY
                                          MONTH:     FEBRUARY
                                          YEAR:      2014
                                          LATITUDE:   37 35 N
                                          LONGITUDE:  83 19 W

  TEMPERATURE IN F:       :PCPN:    SNOW:  WIND      :SUNSHINE: SKY     :PK WND
================================================================================
1   2   3   4   5  6A  6B    7    8   9   10  11  12  13   14  15   16   17  18
                                     12Z  AVG MX 2MIN
DY MAX MIN AVG DEP HDD CDD  WTR  SNW DPTH SPD SPD DIR MIN PSBL S-S WX    SPD DR
================================================================================

 1  67  38  53  17  12   0 0.00  0.0    0  4.8 13 220   M    M   4        22 200
 2  53  32  43   7  22   0 0.63    T    0  5.4 12 280   M    M  10 126    17 220
 3  32  29  31  -5  34   0 0.76  0.4    T  2.4 13 330   M    M  10 16     23 320
 4  33  28  31  -5  34   0 0.20  0.0    T  2.6  9  50   M    M  10 126    15  60
 5  38  23  31  -6  34   0 0.56  0.3    0  7.1 17 290   M    M  10 1268   29 220
 6  27  23  25 -12  40   0 0.01  0.6    1  2.4  8 300   M    M  10 1      11 310
 7  27  20  24 -13  41   0    T    T    0  2.6  8 280   M    M   8 1      10 310
 8  34  20  27 -10  38   0 0.03  0.5    T  0.6  5 120   M    M   9 1       7  80
 9  35  27  31  -6  34   0 0.09  0.9    T  3.7 14 280   M    M  10 1      21 270
10  30  16  23 -15  42   0 0.03  0.9    2  3.2  8 310   M    M   6 1      12  20
11  32  11  22 -16  43   0 0.00  0.0    T  3.4  8  60   M    M   0        13  60
12  37  16  27 -11  38   0 0.01  0.1    0  2.9  8  40   M    M   5 1      12  70
13  43  28  36  -2  29   0 0.23  2.6    1  5.2 12 270   M    M   8 128    17 270
14  52  32  42   4  23   0 0.25  0.0    T  6.0 14 240   M    M   3 1      24 230
15  36  20  28 -11  37   0 0.15  0.8    T  6.1 18 330   M    M   9 18     28 320
16  37  23  30  -9  35   0 0.03  0.4    T  4.2 14 280   M    M   8 1      18 280
17  56  23  40   1  25   0 0.08  0.0    0  5.9 22 250   M    M   4 18     33 270
18  60  36  48   8  17   0 0.00  0.0    0  5.1 17 250   M    M   1        26 260
19  61  47  54  14  11   0 0.19  0.0    0  7.2 18 280   M    M   3 13     29 270
20  71  45  58  18   7   0 0.00  0.0    0  7.5 20 180   M    M   5        33 180
21  67  37  52  12  13   0 1.08  0.0    0  7.6 24 240   M    M   3 138    41 230
22  64  37  51  11  14   0 0.00  0.0    0  5.7 13 250   M    M   0        19 260
23  64  32  48   7  17   0 0.08  0.1    0  5.9 14 330   M    M   5 1      23 340
24  42  23  33  -8  32   0 0.00  0.0    0  4.3 12 310   M    M   2        16 240
25  42  28  35  -6  30   0 0.00  0.0    0  3.0 12 310   M    M   8        15 260
26  32  18  25 -17  40   0 0.06  1.1    1  5.6 13 300   M    M   6 1      18 310
27  37  16  27 -15  38   0 0.00  0.0    0  7.0 16 260   M    M   0        25 240
28  43  13  28 -14  37   0 0.00  0.0    0  3.2  7 110   M    M   0        15  80
================================================================================
SM 1252  741       817   0  4.47     8.7 130.6          M      157
================================================================================
AV 44.7 26.5                               4.7 FASTST   M    M   6    MAX(MPH)
                                 MISC ---->  # 24 240               # 41  230
================================================================================
NOTES:
# LAST OF SEVERAL OCCURRENCES

COLUMN 17 PEAK WIND IN M.P.H.

PRELIMINARY LOCAL CLIMATOLOGICAL DATA (WS FORM: F-6) , PAGE 2

                                          STATION:  JACKSON KY
                                          MONTH:    FEBRUARY
                                          YEAR:     2014
                                          LATITUDE:   37 35 N
                                          LONGITUDE:  83 19 W

[TEMPERATURE DATA]      [PRECIPITATION DATA]       SYMBOLS USED IN COLUMN 16

AVERAGE MONTHLY: 35.6   TOTAL FOR MONTH:   4.47    1 = FOG OR MIST
DPTR FM NORMAL:  -3.2   DPTR FM NORMAL:    0.72    2 = FOG REDUCING VISIBILITY
HIGHEST:    71 ON 20    GRTST 24HR  1.36 ON  2- 3      TO 1/4 MILE OR LESS
LOWEST:     11 ON 11                               3 = THUNDER
                        SNOW, ICE PELLETS, HAIL    4 = ICE PELLETS
                        TOTAL MONTH:   8.7 INCHES  5 = HAIL
                        GRTST 24HR   2.6 ON   M    6 = FREEZING RAIN OR DRIZZLE
                        GRTST DEPTH:   2 ON 10     7 = DUSTSTORM OR SANDSTORM:
                                                       VSBY 1/2 MILE OR LESS
                                                   8 = SMOKE OR HAZE
[NO. OF DAYS WITH]      [WEATHER - DAYS WITH]      9 = BLOWING SNOW
                                                   X = TORNADO
MAX 32 OR BELOW:   6    0.01 INCH OR MORE:  18
MAX 90 OR ABOVE:   0    0.10 INCH OR MORE:   9
MIN 32 OR BELOW:  22    0.50 INCH OR MORE:   4
MIN  0 OR BELOW:   0    1.00 INCH OR MORE:   1

[HDD (BASE 65) ]
TOTAL THIS MO.   817    CLEAR  (SCALE 0-3)   7
DPTR FM NORMAL    83    PTCLDY (SCALE 4-7)  11
TOTAL FM JUL 1  3601    CLOUDY (SCALE 8-10) 10
DPTR FM NORMAL   301

[CDD (BASE 65) ]
TOTAL THIS MO.     0
DPTR FM NORMAL     0    [PRESSURE DATA]
TOTAL FM JAN 1     0    HIGHEST SLP 30.45 ON  6
DPTR FM NORMAL     0    LOWEST  SLP 29.60 ON 15

[REMARKS]
#FINAL-02-14#
