000
CXUS55 KJKL 011000
CF6JKL
PRELIMINARY LOCAL CLIMATOLOGICAL DATA (WS FORM: F-6)

                                          STATION:   JACKSON KY
                                          MONTH:     OCTOBER
                                          YEAR:      2015
                                          LATITUDE:   37 35 N
                                          LONGITUDE:  83 19 W

  TEMPERATURE IN F:       :PCPN:    SNOW:  WIND      :SUNSHINE: SKY     :PK WND
================================================================================
1   2   3   4   5  6A  6B    7    8   9   10  11  12  13   14  15   16   17  18
                                     12Z  AVG MX 2MIN
DY MAX MIN AVG DEP HDD CDD  WTR  SNW DPTH SPD SPD DIR MIN PSBL S-S WX    SPD DR
================================================================================

 1  59  53  56  -6   9   0 0.33  0.0    0  0.5  5  50   M    M  10 1      11  40
 2  55  48  52 -10  13   0 0.55  0.0    0  1.3  6  30   M    M   M 1      16  90
 3  55  48  52 -10  13   0 0.19  0.0    0  2.4  6  60   M    M  10 1      14  40
 4  73  55  64   2   1   0 0.00  0.0    0  2.4  9  80   M    M   6 1      19  90
 5  77  57  67   6   0   2 0.00  0.0    0  1.4  7  60   M    M   0        13  90
 6  79  56  68   7   0   3 0.00  0.0    0  0.1  6 300   M    M   0         9  30
 7  80  54  67   6   0   2 0.00  0.0    0  0.7  7 300   M    M   1         9 300
 8  82  58  70  10   0   5 0.00  0.0    0  1.2  6 300   M    M   1         9 260
 9  79  58  69   9   0   4 0.06  0.0    0  2.5 22 320   M    M   7 123    37 320
10  67  51  59  -1   6   0 0.00  0.0    0  0.1  6 340   M    M   6         9 310
11  70  43  57  -2   8   0 0.00  0.0    0  1.1  6 310   M    M   2 12     11 290
12  75  50  63   4   2   0 0.45  0.0    0  3.6 10 180   M    M   1 13     18 200
13  70  54  62   3   3   0 0.00  0.0    0  4.4 12 310   M    M   6 1      23 230
14  70  48  59   1   6   0 0.00  0.0    0  3.1 14 300   M    M   0        22 300
15  70  44  57  -1   8   0 0.00    M    0  1.6  8 300   M    M   0        12 320
16  63  47  55  -3  10   0 0.00  0.0    0  4.6 13 320   M    M   3        20 330
17  56  38  47 -11  18   0 0.00  0.0    0  2.1  9 290   M    M   1        20 320
18  55  31  43 -14  22   0 0.00  0.0    0  1.1 10 320   M    M   0        16 330
19  65  33  49  -8  16   0 0.00  0.0    0  1.7  8 160   M    M   0        13 160
20  71  43  57   0   8   0 0.00  0.0    0  1.2  7 280   M    M   0        12 260
21  74  44  59   2   6   0 0.00  0.0    0  1.6  8 160   M    M   0        12 150
22  78  50  64   8   1   0 0.00  0.0    0  1.9  8 310   M    M   0        12 310
23  78  52  65   9   0   0 0.00  0.0    0  0.9  6 130   M    M   0         8 130
24  70  61  66  10   0   1 0.01  0.0    0  2.3  8 190   M    M   7        13 170
25  65  53  59   3   6   0 0.22  0.0    0  1.2 10 320   M    M   9 1      17 270
26  60  49  55   0  10   0    T  0.0    0  2.2  7 110   M    M   7        14  80
27  58  48  53  -2  12   0 0.44  0.0    0  4.7 13 140   M    M  10 1      20 130
28  72  56  64   9   1   0 0.15  0.0    0  5.5 13 250   M    M   7 1      23 250
29  66  46  56   2   9   0    T  0.0    0  5.4 16 280   M    M   4        26 290
30  53  38  46  -8  19   0 0.00  0.0    0  2.4  8 310   M    M   2        10 340
31  63  39  51  -3  14   0    T  0.0    0  2.2 12 180   M    M   5        23 190
================================================================================
SM 2108 1505       221  17  2.40     0.0  67.4          M      105
================================================================================
AV 68.0 48.5                               2.2 FASTST   M    M   4    MAX(MPH)
                                 MISC ---->  # 22 320               # 37  320
================================================================================
NOTES:
# LAST OF SEVERAL OCCURRENCES

COLUMN 17 PEAK WIND IN M.P.H.

PRELIMINARY LOCAL CLIMATOLOGICAL DATA (WS FORM: F-6) , PAGE 2

                                          STATION:  JACKSON KY
                                          MONTH:    OCTOBER
                                          YEAR:     2015
                                          LATITUDE:   37 35 N
                                          LONGITUDE:  83 19 W

[TEMPERATURE DATA]      [PRECIPITATION DATA]       SYMBOLS USED IN COLUMN 16

AVERAGE MONTHLY: 58.3   TOTAL FOR MONTH:   2.40    1 = FOG OR MIST
DPTR FM NORMAL:   0.2   DPTR FM NORMAL:   -0.79    2 = FOG REDUCING VISIBILITY
HIGHEST:    82 ON  8    GRTST 24HR  0.55 ON  2- 2      TO 1/4 MILE OR LESS
LOWEST:     31 ON 18                               3 = THUNDER
                        SNOW, ICE PELLETS, HAIL    4 = ICE PELLETS
                        TOTAL MONTH:   0.0 INCH    5 = HAIL
                        GRTST 24HR     0.0         6 = FREEZING RAIN OR DRIZZLE
                        GRTST DEPTH:   0           7 = DUSTSTORM OR SANDSTORM:
                                                       VSBY 1/2 MILE OR LESS
                                                   8 = SMOKE OR HAZE
[NO. OF DAYS WITH]      [WEATHER - DAYS WITH]      9 = BLOWING SNOW
                                                   X = TORNADO
MAX 32 OR BELOW:   0    0.01 INCH OR MORE:   9
MAX 90 OR ABOVE:   0    0.10 INCH OR MORE:   7
MIN 32 OR BELOW:   1    0.50 INCH OR MORE:   1
MIN  0 OR BELOW:   0    1.00 INCH OR MORE:   0

[HDD (BASE 65) ]
TOTAL THIS MO.   221    CLEAR  (SCALE 0-3)  17
DPTR FM NORMAL   -24    PTCLDY (SCALE 4-7)   9
TOTAL FM JUL 1   241    CLOUDY (SCALE 8-10)  4
DPTR FM NORMAL   -56

[CDD (BASE 65) ]
TOTAL THIS MO.    17
DPTR FM NORMAL   -12    [PRESSURE DATA]
TOTAL FM JAN 1  1248    HIGHEST SLP 30.53 ON 18
DPTR FM NORMAL    98    LOWEST  SLP 29.61 ON 28

[REMARKS]
#FINAL-10-15#
