000
CXUS55 KJKL 010800
CF6JKL
PRELIMINARY LOCAL CLIMATOLOGICAL DATA (WS FORM: F-6)

                                          STATION:   JACKSON KY
                                          MONTH:     OCTOBER
                                          YEAR:      2013
                                          LATITUDE:   37 35 N
                                          LONGITUDE:  83 19 W

  TEMPERATURE IN F:       :PCPN:    SNOW:  WIND      :SUNSHINE: SKY     :PK WND
================================================================================
1   2   3   4   5  6A  6B    7    8   9   10  11  12  13   14  15   16   17  18
                                     12Z  AVG MX 2MIN
DY MAX MIN AVG DEP HDD CDD  WTR  SNW DPTH SPD SPD DIR MIN PSBL S-S WX    SPD DR
================================================================================

 1  78  57  68   6   0   3 0.00  0.0    0  0.3 10 250   M    M   4         7 260
 2  83  60  72  10   0   7 0.00  0.0    0  0.3  5 160   M    M   1        10 240
 3  82  63  73  11   0   8    T  0.0    0  0.5 10 310   M    M   4 12     14 300
 4  82  62  72  10   0   7 0.00  0.0    0  0.1  6 160   M    M   1 1      10 240
 5  85  64  75  14   0  10 0.00  0.0    0  0.6  8 170   M    M   2        12 150
 6  84  54  69   8   0   4 0.20  0.0    0  5.1 16 310   M    M   3 1      25 150
 7  65  50  58  -3   7   0 0.43  0.0    0  3.1  9 310   M    M   4 1      16 290
 8  68  46  57  -3   8   0 0.00  0.0    0  1.6  9  50   M    M   0        18  20
 9  74  49  62   2   3   0 0.00  0.0    0  0.1  5  50   M    M   0         9  70
10  74  48  61   1   4   0 0.00  0.0    0  0.5  6 320   M    M   0        12 280
11  77  50  64   5   1   0 0.00  0.0    0  1.0  8 350   M    M   0        13 340
12  75  54  65   6   0   0 0.00  0.0    0  0.5  6 310   M    M   4 1       9 110
13  71  60  66   7   0   1 0.00  0.0    0  0.1  7 330   M    M  10         9 290
14  70  60  65   7   0   0 0.00  0.0    0  0.6  6  90   M    M   8 18     14 110
15  75  58  67   9   0   2 0.00  0.0    0  0.3  5 310   M    M   4 12      8 160
16  65  61  63   5   2   0 0.24  0.0    0  0.9  6 200   M    M   7 12     10 200
17  62  47  55  -3  10   0 0.32  0.0    0  2.2 15 300   M    M   9 12     22 310
18  61  45  53  -4  12   0 0.00  0.0    0  0.3  6 300   M    M   5 12      8 100
19  58  40  49  -8  16   0 0.03  0.0    0  2.6 13 270   M    M   6 1      23 310
20  60  35  48  -9  17   0 0.00  0.0    0  0.6  6 160   M    M   4 12      9 160
21  69  40  55  -2  10   0 0.00  0.0    0  2.3  8 170   M    M   0        15 240
22  55  40  48  -8  17   0 0.15  0.0    0  1.7  9 300   M    M   5 1      14 310
23  45  34  40 -16  25   0 0.09  0.0    0  3.8 14 260   M    M   9 12     28 290
24  46  33  40 -16  25   0 0.07  0.1    0  2.5 12 330   M    M  10 1      20 280
25  46  32  39 -17  26   0    T    T    0  1.3  7 300   M    M   5 1      12 320
26  52  29  41 -14  24   0 0.00  0.0    0  1.5 12 230   M    M   4        24 270
27  65  41  53  -2  12   0 0.00  0.0    0  1.6  9 270   M    M   2        15 280
28  57  51  54  -1  11   0 0.10  0.0    0  0.0  3 260   M    M  10 12      5 340
29  63  53  58   4   7   0 0.02  0.0    0  0.1  6 140   M    M   8 12      9 150
30  68  55  62   8   3   0 0.47  0.0    0  2.2  9 250   M    M   8 1      18 220
31  71  61  66  12   0   1 0.01  0.0    0  7.1 18 180   M    M   5        36 180
================================================================================
SM 2086 1532       240  43  2.13     0.1  45.4          M      142
================================================================================
AV 67.3 49.4                               1.5 FASTST   M    M   5    MAX(MPH)
                                 MISC ---->  # 18 180               # 36  180
================================================================================
NOTES:
# LAST OF SEVERAL OCCURRENCES

COLUMN 17 PEAK WIND IN M.P.H.

PRELIMINARY LOCAL CLIMATOLOGICAL DATA (WS FORM: F-6) , PAGE 2

                                          STATION:  JACKSON KY
                                          MONTH:    OCTOBER
                                          YEAR:     2013
                                          LATITUDE:   37 35 N
                                          LONGITUDE:  83 19 W

[TEMPERATURE DATA]      [PRECIPITATION DATA]       SYMBOLS USED IN COLUMN 16

AVERAGE MONTHLY: 58.4   TOTAL FOR MONTH:   2.13    1 = FOG OR MIST
DPTR FM NORMAL:   0.3   DPTR FM NORMAL:   -1.06    2 = FOG REDUCING VISIBILITY
HIGHEST:    85 ON  5    GRTST 24HR  0.63 ON  6- 7      TO 1/4 MILE OR LESS
LOWEST:     29 ON 26                               3 = THUNDER
                        SNOW, ICE PELLETS, HAIL    4 = ICE PELLETS
                        TOTAL MONTH:   0.1 INCH    5 = HAIL
                        GRTST 24HR   0.1 ON   M    6 = FREEZING RAIN OR DRIZZLE
                        GRTST DEPTH:   0           7 = DUSTSTORM OR SANDSTORM:
                                                       VSBY 1/2 MILE OR LESS
                                                   8 = SMOKE OR HAZE
[NO. OF DAYS WITH]      [WEATHER - DAYS WITH]      9 = BLOWING SNOW
                                                   X = TORNADO
MAX 32 OR BELOW:   0    0.01 INCH OR MORE:  12
MAX 90 OR ABOVE:   0    0.10 INCH OR MORE:   7
MIN 32 OR BELOW:   2    0.50 INCH OR MORE:   0
MIN  0 OR BELOW:   0    1.00 INCH OR MORE:   0

[HDD (BASE 65) ]
TOTAL THIS MO.   240    CLEAR  (SCALE 0-3)  10
DPTR FM NORMAL    -5    PTCLDY (SCALE 4-7)  13
TOTAL FM JUL 1   270    CLOUDY (SCALE 8-10)  8
DPTR FM NORMAL   -27

[CDD (BASE 65) ]
TOTAL THIS MO.    43
DPTR FM NORMAL    14    [PRESSURE DATA]
TOTAL FM JAN 1  1069    HIGHEST SLP 30.47 ON 25
DPTR FM NORMAL   -81    LOWEST  SLP 29.52 ON 31

[REMARKS]
#FINAL-10-13#
