000
CXUS55 KJKL 010800
CF6JKL
PRELIMINARY LOCAL CLIMATOLOGICAL DATA (WS FORM: F-6)

                                          STATION:   JACKSON KY
                                          MONTH:     AUGUST
                                          YEAR:      2013
                                          LATITUDE:   37 35 N
                                          LONGITUDE:  83 19 W

  TEMPERATURE IN F:       :PCPN:    SNOW:  WIND      :SUNSHINE: SKY     :PK WND
================================================================================
1   2   3   4   5  6A  6B    7    8   9   10  11  12  13   14  15   16   17  18
                                     12Z  AVG MX 2MIN
DY MAX MIN AVG DEP HDD CDD  WTR  SNW DPTH SPD SPD DIR MIN PSBL S-S WX    SPD DR
================================================================================

 1  81  65  73  -2   0   8 0.01  0.0    0  1.4 10 310   M    M   7 12     17 300
 2  81  60  71  -4   0   6 0.00  0.0    0  0.2  7 290   M    M   0 1      12 290
 3  83  65  74  -1   0   9 0.13  0.0    0  0.7  8 350   M    M   5 123    16 360
 4  78  63  71  -4   0   6 0.00  0.0    0  3.0 10 310   M    M   7 12     16 310
 5  78  59  69  -6   0   4 0.00  0.0    0  0.3  5 350   M    M   2         8 350
 6  82  64  73  -2   0   8 0.00  0.0    0  0.5  5 160   M    M   8         8 210
 7  80  70  75   0   0  10 0.09  0.0    0  0.6  6 170   M    M   7 13     12 170
 8  82  71  77   2   0  12 0.53  0.0    0  0.8  7 230   M    M   6 1      15 230
 9  85  70  78   3   0  13 0.54  0.0    0  1.6 16 270   M    M   6 123    25 290
10  81  69  75   0   0  10 0.76  0.0    0  0.4  6 150   M    M   8 123    10 120
11  81  68  75   0   0  10 1.62  0.0    0  0.6 13 310   M    M   7 123    22 320
12  77  67  72  -3   0   7 2.40  0.0    0  0.9 12 350   M    M   9 123    23 360
13  78  63  71  -4   0   6 1.19  0.0    0  1.4 12 300   M    M   7 12     16 300
14  72  55  64 -11   1   0 0.00  0.0    0  0.0  6  80   M    M   3        10  40
15  75  52  64 -11   1   0 0.00  0.0    0  0.3  6 330   M    M   0        10  60
16  80  57  69  -6   0   4 0.00  0.0    0  0.3  6 340   M    M   2        10  50
17  75  61  68  -7   0   3 0.00  0.0    0  0.4  5  80   M    M   0        13  70
18  74  63  69  -6   0   4 0.17  0.0    0  0.7  7 300   M    M   9 12     12 280
19  80  66  73  -2   0   8    T  0.0    0  0.4  6 340   M    M   6 12      9 330
20  83  65  74  -1   0   9 0.00  0.0    0  0.4  6 100   M    M   2 1      10 100
21  83  62  73  -1   0   8 0.82  0.0    0  1.3 26 330   M    M   3 123    43 330
22  82  65  74   0   0   9 0.85  0.0    0  0.3 10 320   M    M   4 123    15 330
23  83  67  75   1   0  10 0.00  0.0    0  0.2  8 320   M    M   4 123    12  20
24  81  63  72  -2   0   7 0.00  0.0    0  0.9  7 120   M    M   0 1      12 140
25  82  61  72  -2   0   7 0.00  0.0    0  2.6  7 140   M    M   1        12 150
26  85  62  74   0   0   9 0.00  0.0    0  0.8  8 300   M    M   1        12 310
27  86  66  76   2   0  11 0.00  0.0    0  0.7  7 310   M    M   1 1      10 300
28  88  71  80   6   0  15 0.07  0.0    0  1.7  9 260   M    M   4 18     17 260
29  85  72  79   6   0  14 0.00  0.0    0  0.9  7 350   M    M   4 18     10 330
30  86  67  77   4   0  12 0.00  0.0    0  0.8  7 290   M    M   4 12     10 220
31  84  67  76   3   0  11 0.86  0.0    0  1.6 13 300   M    M   4 1238   21 320
================================================================================
SM 2511 1996         2 250 10.04     0.0  26.7          M      131
================================================================================
AV 81.0 64.4                               0.9 FASTST   M    M   4    MAX(MPH)
                                 MISC ---->  # 26 330               # 43  330
================================================================================
NOTES:
# LAST OF SEVERAL OCCURRENCES

COLUMN 17 PEAK WIND IN M.P.H.

PRELIMINARY LOCAL CLIMATOLOGICAL DATA (WS FORM: F-6) , PAGE 2

                                          STATION:  JACKSON KY
                                          MONTH:    AUGUST
                                          YEAR:     2013
                                          LATITUDE:   37 35 N
                                          LONGITUDE:  83 19 W

[TEMPERATURE DATA]      [PRECIPITATION DATA]       SYMBOLS USED IN COLUMN 16

AVERAGE MONTHLY: 72.7   TOTAL FOR MONTH:  10.04    1 = FOG OR MIST
DPTR FM NORMAL:  -1.8   DPTR FM NORMAL:    6.35    2 = FOG REDUCING VISIBILITY
HIGHEST:    88 ON 28    GRTST 24HR  3.55 ON 12-13      TO 1/4 MILE OR LESS
LOWEST:     52 ON 15                               3 = THUNDER
                        SNOW, ICE PELLETS, HAIL    4 = ICE PELLETS
                        TOTAL MONTH:   0.0 INCH    5 = HAIL
                        GRTST 24HR     0.0         6 = FREEZING RAIN OR DRIZZLE
                        GRTST DEPTH:   0           7 = DUSTSTORM OR SANDSTORM:
                                                       VSBY 1/2 MILE OR LESS
                                                   8 = SMOKE OR HAZE
[NO. OF DAYS WITH]      [WEATHER - DAYS WITH]      9 = BLOWING SNOW
                                                   X = TORNADO
MAX 32 OR BELOW:   0    0.01 INCH OR MORE:  14
MAX 90 OR ABOVE:   0    0.10 INCH OR MORE:  11
MIN 32 OR BELOW:   0    0.50 INCH OR MORE:   9
MIN  0 OR BELOW:   0    1.00 INCH OR MORE:   3

[HDD (BASE 65) ]
TOTAL THIS MO.     2    CLEAR  (SCALE 0-3)  10
DPTR FM NORMAL     0    PTCLDY (SCALE 4-7)  19
TOTAL FM JUL 1     2    CLOUDY (SCALE 8-10)  2
DPTR FM NORMAL     0

[CDD (BASE 65) ]
TOTAL THIS MO.   250
DPTR FM NORMAL   -48    [PRESSURE DATA]
TOTAL FM JAN 1   895    HIGHEST SLP 30.36 ON 25
DPTR FM NORMAL   -83    LOWEST  SLP 29.82 ON 31

[REMARKS]
#FINAL-08-13#
