000
CXUS53 KJKL 010753
CLAJKL

CLIMATE REPORT
NATIONAL WEATHER SERVICE JACKSON KY
253 AM EST WED JAN 1 2014

...................................

...THE JACKSON KY CLIMATE SUMMARY FOR THE YEAR OF 2013...

CLIMATE NORMAL PERIOD 1981 TO 2010
CLIMATE RECORD PERIOD 1981 TO 2013

WEATHER         OBSERVED          NORMAL  DEPART  LAST YEAR`S
                 VALUE   DATE(S)  VALUE   FROM    VALUE
                                          NORMAL
.............................................................
TEMPERATURE (F)
RECORD
 HIGH             104   06/29/2012
 LOW              -18   01/19/1994
                        01/21/1985
                        01/20/1985
HIGHEST            91   06/12        81      10      104
LOWEST              9   02/01        31     -22       12
AVG. MAXIMUM     64.5              66.0    -1.5     68.3
AVG. MINIMUM     46.5              47.1    -0.6     48.8
MEAN             55.5              56.6    -1.1     58.5
DAYS MAX >= 90      1              12.2   -11.2       18
DAYS MAX <= 32     17              14.2     2.8        5
DAYS MIN <= 32    102              76.4    25.6       66
DAYS MIN <= 0       0               1.0    -1.0        0

PRECIPITATION (INCHES)
RECORD
 MAXIMUM        63.29   1989
 MINIMUM        34.37   2001
TOTALS          56.72             48.34    8.38    51.99
DAYS >= .01       158             144.4    13.6      145
DAYS >= .10       105              91.1    13.9       95
DAYS >= .50        44              32.7    11.3       38
DAYS >= 1.00       11              11.6    -0.6       12
GREATEST
 24 HR. TOTAL    3.55   08/12 TO 08/13              3.66

SNOWFALL (INCHES)
RECORDS
 TOTAL           62.7   1996
 24 HR TOTAL     19.8   03/13/1993 TO 03/13/1993
TOTALS           21.4              23.5             16.7
SINCE 7/1         4.3               5.5    -1.2      2.9
SNOWDEPTH AVG.      0                MM      MM        0
DAYS >= 1.0         9               7.4     1.6        5
GREATEST
 24 HR TOTAL      3.6   03/25 TO 03/26               4.5

DEGREE_DAYS
HEATING TOTAL    4401              4235     166     3570
 SINCE 7/1       1645              1634      11     1608
COOLING TOTAL    1069              1156     -87     1318
 SINCE 1/1       1069              1155     -86     1318
..............................................................

WIND (MPH)
AVERAGE WIND SPEED              2.8
RESULTANT WIND SPEED/DIRECTION   1/135
HIGHEST WIND SPEED/DIRECTION    32/280    DATE  01/30
HIGHEST GUST SPEED/DIRECTION    48/270    DATE  03/05

SKY COVER
POSSIBLE SUNSHINE (PERCENT)   MM
NUMBER OF DAYS FAIR          154
NUMBER OF DAYS PC            131
NUMBER OF DAYS CLOUDY         80

AVERAGE RH (PERCENT)     70

WEATHER CONDITIONS. NUMBER OF DAYS WITH
THUNDERSTORM             51     MIXED PRECIP               0
HEAVY RAIN               63     RAIN                      84
LIGHT RAIN              161     FREEZING RAIN              6
LT FREEZING RAIN         14     HAIL                       1
HEAVY SNOW                1     SNOW                      11
LIGHT SNOW               42     SLEET                      7
FOG                     211     FOG W/VIS <= 1/4 MILE     81
HAZE                     24

-  INDICATES NEGATIVE NUMBERS.
R  INDICATES RECORD WAS SET OR TIED.
MM INDICATES DATA IS MISSING.
T  INDICATES TRACE AMOUNT.

$$

CARICO
