000
CXUS53 KJKL 011611
CLAJKL
CLIMATE REPORT
NATIONAL WEATHER SERVICE JACKSON KY
1111 AM EST SUN JAN 01 2023
...................................
...THE JACKSON KY CLIMATE SUMMARY FOR THE YEAR OF 2022...
CLIMATE NORMAL PERIOD 1991 TO 2020
CLIMATE RECORD PERIOD 1981 TO 2022
WEATHER OBSERVED NORMAL DEPART LAST YEAR`S
VALUE DATE(S) VALUE FROM VALUE
NORMAL
..............................................................
TEMPERATURE (F)
RECORD
HIGH 104 06/29/2012
LOW -18 01/19/1994
01/21/1985
01/20/1985
HIGHEST 95 06/16 81 14 92
06/22
LOWEST -3 12/23 31 -34 13
AVG. MAXIMUM 67.3 66.7 0.6 67.3
AVG. MINIMUM 48.2 47.6 0.6 49.4
MEAN 57.7 57.2 0.5 58.4
DAYS MAX >= 90 16 14.0 2.0 11
DAYS MAX <= 32 10 15.5 -5.5 11
DAYS MIN <= 32 80 78.0 2.0 76
DAYS MIN <= 0 2 0.5 1.5 0
PRECIPITATION (INCHES)
RECORD
MAXIMUM 67.98 2018
MINIMUM 34.37 2001
TOTALS 56.22 51.89 4.33 52.46
DAYS >= .01 146 148.0 -2.0 145
DAYS >= .10 91 94.8 -3.8 88
DAYS >= .50 38 36.5 1.5 33
DAYS >= 1.00 12 12.8 -0.8 14
GREATEST
24 HR. TOTAL 4.94 07/27 TO 07/28 3.70
SNOWFALL (INCHES)
RECORDS
TOTAL 62.7 1996
24 HR TOTAL 19.8 03/13/1993 TO 03/13/1993
TOTALS 23.2 23.4 17.6
SINCE 7/1 1.1 4.9 -3.8 T
SNOWDEPTH AVG. 0 0
DAYS >= 1.0 6 7.3 -1.3 5
GREATEST
24 HR TOTAL 7.7 01/06 TO 01/07 3.6
DEGREE DAYS
HEATING TOTAL 3913 4068 -155 3659
SINCE 7/1 1522 1568 -46 1186
COOLING TOTAL 1385 1236 149 1379
SINCE 1/1 1385 1235 150 1379
..............................................................
WIND (MPH)
AVERAGE WIND SPEED 3.5
RESULTANT WIND SPEED/DIRECTION 1/180
HIGHEST WIND SPEED/DIRECTION 31/280 DATE 02/17
HIGHEST GUST SPEED/DIRECTION 50/210 DATE 03/31
SKY COVER
POSSIBLE SUNSHINE (PERCENT) MM
NUMBER OF DAYS FAIR 193
NUMBER OF DAYS PC 109
NUMBER OF DAYS CLOUDY 63
AVERAGE RH (PERCENT) 65
WEATHER CONDITIONS. NUMBER OF DAYS WITH
THUNDERSTORM 55 MIXED PRECIP 0
HEAVY RAIN 64 RAIN 76
LIGHT RAIN 159 FREEZING RAIN 4
LT FREEZING RAIN 6 HAIL 1
HEAVY SNOW 4 SNOW 5
LIGHT SNOW 35 SLEET 7
FOG 161 FOG W/VIS <= 1/4 MILE 62
HAZE 10
- INDICATES NEGATIVE NUMBERS.
R INDICATES RECORD WAS SET OR TIED.
MM INDICATES DATA IS MISSING.
T INDICATES TRACE AMOUNT.
$$
CARICO