000
CXUS53 KJKL 011615
CLAJKL

CLIMATE REPORT
NATIONAL WEATHER SERVICE JACKSON KY
1115 AM EST SUN JAN 1 2017

...................................

...THE JACKSON KY CLIMATE SUMMARY FOR THE YEAR OF 2016...

CLIMATE NORMAL PERIOD 1981 TO 2010
CLIMATE RECORD PERIOD 1981 TO 2016

WEATHER         OBSERVED          NORMAL  DEPART  LAST YEAR`S
                 VALUE   DATE(S)  VALUE   FROM    VALUE
                                          NORMAL
.............................................................
TEMPERATURE (F)
RECORD
 HIGH             104   06/29/2012
 LOW              -18   01/19/1994
                        01/21/1985
                        01/20/1985
HIGHEST            94   07/25        81      13       90
LOWEST              6   01/18        31     -25       -7
AVG. MAXIMUM     68.4              66.0     2.4     66.9
AVG. MINIMUM     49.2              47.1     2.1     48.1
MEAN             58.8              56.6     2.2     57.5
DAYS MAX >= 90     22              12.2     9.8        4
DAYS MAX <= 32     16              14.2     1.8       17
DAYS MIN <= 32     77              76.4     0.6       69
DAYS MIN <= 0       0               1.0    -1.0        3

PRECIPITATION (INCHES)
RECORD
 MAXIMUM        63.29   1989
 MINIMUM        34.37   2001
TOTALS          52.89             48.34    4.55    57.32
DAYS >= .01       135             144.4    -9.4      152
DAYS >= .10        97              91.1     5.9      102
DAYS >= .50        35              32.7     2.3       35
DAYS >= 1.00       14              11.6     2.4       10
GREATEST
 24 HR. TOTAL    2.28   02/15 TO 02/16              4.45

SNOWFALL (INCHES)
RECORDS
 TOTAL           62.7   1996
 24 HR TOTAL     19.8   03/13/1993 TO 03/13/1993
TOTALS           32.8              23.5             27.9
SINCE 7/1         0.3               5.5    -5.2        T
SNOWDEPTH AVG.      0                MM      MM        0
DAYS >= 1.0         6               7.4    -1.4        6
GREATEST
 24 HR TOTAL     15.7   01/22 TO 01/22              11.8

DEGREE_DAYS
HEATING TOTAL    3752              4235    -483     3856
 SINCE 7/1       1323              1634    -311     1026
COOLING TOTAL    1580              1156     424     1265
 SINCE 1/1       1580              1155     425     1265
..............................................................

WIND (MPH)
AVERAGE WIND SPEED              3.0
RESULTANT WIND SPEED/DIRECTION   1/133
HIGHEST WIND SPEED/DIRECTION    29/250    DATE  04/02
HIGHEST GUST SPEED/DIRECTION    53/260    DATE  04/02

SKY COVER
POSSIBLE SUNSHINE (PERCENT)   MM
NUMBER OF DAYS FAIR          181
NUMBER OF DAYS PC            115
NUMBER OF DAYS CLOUDY         70

AVERAGE RH (PERCENT)     66

WEATHER CONDITIONS. NUMBER OF DAYS WITH
THUNDERSTORM             52     MIXED PRECIP               0
HEAVY RAIN               72     RAIN                      88
LIGHT RAIN              145     FREEZING RAIN              1
LT FREEZING RAIN          3     HAIL                       0
HEAVY SNOW                3     SNOW                       8
LIGHT SNOW               37     SLEET                      3
FOG                     175     FOG W/VIS <= 1/4 MILE     66
HAZE                     24

-  INDICATES NEGATIVE NUMBERS.
R  INDICATES RECORD WAS SET OR TIED.
MM INDICATES DATA IS MISSING.
T  INDICATES TRACE AMOUNT.

$$

CARICO
