000
CDUS43 KJKL 020555
CLIJKL

CLIMATE REPORT
NATIONAL WEATHER SERVICE JACKSON KY
154 AM EDT TUE JUN 2 2015
...................................

...THE JACKSON KY CLIMATE SUMMARY FOR JUNE 1 2015...

CLIMATE NORMAL PERIOD 1981 TO 2010
CLIMATE RECORD PERIOD 1981 TO 2015

WEATHER ITEM   OBSERVED TIME   RECORD YEAR NORMAL DEPARTURE LAST
                VALUE   (LST)  VALUE       VALUE  FROM      YEAR
                                                  NORMAL
..................................................................

TEMPERATURE (F)
 YESTERDAY
  MAXIMUM         73   1221 PM  88    2011  78     -5       84
                                      2007
                                      1988
  MINIMUM         54   1159 PM  44    1993  59     -5       65
  AVERAGE         64                        68     -4       75

PRECIPITATION (IN)
  YESTERDAY        0.58          1.31 1991   0.17   0.41     0.00
  MONTH TO DATE    0.58                      0.17   0.41     0.00
  SINCE JUN 1      0.58                      0.17   0.41     0.00
  SINCE JAN 1     25.05                     20.68   4.37    20.86

SNOWFALL (IN)
  YESTERDAY        0.0           0.0  2002   0.0    0.0      0.0
                                      2001
  MONTH TO DATE    0.0                       0.0    0.0      0.0
  SINCE JUN 1      0.0                       0.0    0.0      0.0
  SINCE JUL 1     29.1                      23.5    5.6     38.9
  SNOW DEPTH       0

DEGREE DAYS
 HEATING
  YESTERDAY        1                         1      0        0
  MONTH TO DATE    1                         1      0        0
  SINCE JUN 1      1                         1      0        0
  SINCE JUL 1   4567                      4223    344     4509

 COOLING
  YESTERDAY        0                         5     -5       10
  MONTH TO DATE    0                         5     -5       10
  SINCE JUN 1      0                         5     -5       10
  SINCE JAN 1    204                       141     63      201
..................................................................

WIND (MPH)
  HIGHEST WIND SPEED    10   HIGHEST WIND DIRECTION    NW (320)
  HIGHEST GUST SPEED    14   HIGHEST GUST DIRECTION    NW (330)
  AVERAGE WIND SPEED     1.4

SKY COVER
  POSSIBLE SUNSHINE  MM
  AVERAGE SKY COVER 1.0

WEATHER CONDITIONS
 THE FOLLOWING WEATHER WAS RECORDED YESTERDAY.
  THUNDERSTORM
  HEAVY RAIN
  RAIN
  LIGHT RAIN
  FOG
  FOG W/VISIBILITY <= 1/4 MILE

RELATIVE HUMIDITY (PERCENT)
 HIGHEST   100           200 PM
 LOWEST     73          1200 PM
 AVERAGE    87
..........................................................

THE JACKSON KY CLIMATE NORMALS FOR TODAY
                         NORMAL    RECORD    YEAR
 MAXIMUM TEMPERATURE (F)   78        86      2009
                                             2000
                                             1991
 MINIMUM TEMPERATURE (F)   59        47      1993
                                             1983

SUNRISE AND SUNSET
JUNE  2 2015..........SUNRISE   613 AM EDT   SUNSET   850 PM EDT
JUNE  3 2015..........SUNRISE   613 AM EDT   SUNSET   850 PM EDT

-  INDICATES NEGATIVE NUMBERS.
R  INDICATES RECORD WAS SET OR TIED.
MM INDICATES DATA IS MISSING.
T  INDICATES TRACE AMOUNT.

$$
