000
CDUS43 KJKL 180543
CLIJKL

CLIMATE REPORT
NATIONAL WEATHER SERVICE JACKSON KY
1243 AM EST WED JAN 18 2017


...................................

...THE JACKSON KY CLIMATE SUMMARY FOR JANUARY 17 2017...

CLIMATE NORMAL PERIOD 1981 TO 2010
CLIMATE RECORD PERIOD 1981 TO 2017


WEATHER ITEM   OBSERVED TIME   RECORD YEAR NORMAL DEPARTURE LAST
                VALUE   (LST)  VALUE       VALUE  FROM      YEAR
                                                  NORMAL
..................................................................
TEMPERATURE (F)
 YESTERDAY
  MAXIMUM         62R   158 PM  62    1990  43     19       31
  MINIMUM         51   1159 PM -15    1982  27     24       16
  AVERAGE         57                        35     22       24

PRECIPITATION (IN)
  YESTERDAY        0.52          1.23 1994   0.11   0.41     0.01
  MONTH TO DATE    2.86                      1.95   0.91     1.00
  SINCE DEC 1      9.02                      6.13   2.89     5.64
  SINCE JAN 1      2.86                      1.95   0.91     1.00

SNOWFALL (IN)
  YESTERDAY        0.0          15.1  1994   0.2   -0.2      0.3
  MONTH TO DATE    2.5                       3.7   -1.2      0.5
  SINCE DEC 1      2.8                       8.6   -5.8      0.5
  SINCE JUL 1      2.8                       9.2   -6.4      0.5
  SNOW DEPTH       0

DEGREE DAYS
 HEATING
  YESTERDAY        8                        30    -22       41
  MONTH TO DATE  411                       510    -99      496
  SINCE DEC 1   1208                      1344   -136      924
  SINCE JUL 1   1734                      2144   -410     1522

COOLING
  YESTERDAY        0                         0      0        0
  MONTH TO DATE    0                         0      0        0
  SINCE DEC 1      0                         1     -1        2
  SINCE JAN 1      0                         0      0        0
..................................................................


WIND (MPH)
  HIGHEST WIND SPEED    17   HIGHEST WIND DIRECTION     W (260)
  HIGHEST GUST SPEED    30   HIGHEST GUST DIRECTION     W (260)
  AVERAGE WIND SPEED     7.0


SKY COVER
  POSSIBLE SUNSHINE  MM
  AVERAGE SKY COVER 0.9


WEATHER CONDITIONS
 THE FOLLOWING WEATHER WAS RECORDED YESTERDAY.
  RAIN
  LIGHT RAIN
  FOG


RELATIVE HUMIDITY (PERCENT)
 HIGHEST    93           400 AM
 LOWEST     62           900 PM
 AVERAGE    78

..........................................................


THE JACKSON KY CLIMATE NORMALS FOR TODAY
                         NORMAL    RECORD    YEAR
 MAXIMUM TEMPERATURE (F)   43        71      1996
 MINIMUM TEMPERATURE (F)   27       -12      1994


SUNRISE AND SUNSET
JANUARY 18 2017.......SUNRISE   746 AM EST   SUNSET   542 PM EST
JANUARY 19 2017.......SUNRISE   745 AM EST   SUNSET   543 PM EST


-  INDICATES NEGATIVE NUMBERS.
R  INDICATES RECORD WAS SET OR TIED.
MM INDICATES DATA IS MISSING.
T  INDICATES TRACE AMOUNT.




$$
