000
CDUS43 KJKL 180521
CLIJKL

CLIMATE REPORT
NATIONAL WEATHER SERVICE JACKSON KY
1220 AM EST SAT NOV 18 2017

...................................

...THE JACKSON KY CLIMATE SUMMARY FOR NOVEMBER 17 2017...

CLIMATE NORMAL PERIOD 1981 TO 2010
CLIMATE RECORD PERIOD 1981 TO 2017


WEATHER ITEM   OBSERVED TIME   RECORD YEAR NORMAL DEPARTURE LAST
                VALUE   (LST)  VALUE       VALUE  FROM      YEAR
                                                  NORMAL
..................................................................
TEMPERATURE (F)
 YESTERDAY
  MAXIMUM         57    257 PM  75    2016  57      0       75
  MINIMUM         31    741 AM  20    2014  39     -8       46
                                      1997
  AVERAGE         44                        48     -4       61

PRECIPITATION (IN)
  YESTERDAY        0.00          0.96 1993   0.14  -0.14     0.00
  MONTH TO DATE    0.64                      2.14  -1.50     0.14
  SINCE SEP 1      9.26                      8.79   0.47     2.97
  SINCE JAN 1     47.58                     42.34   5.24    43.96

SNOWFALL (IN)
  YESTERDAY        0.0           0.2  2014   0.0    0.0      0.0
  MONTH TO DATE    0.0                       0.1   -0.1      0.0
  SINCE SEP 1      T                         0.2   -0.2      0.0
  SINCE JUL 1      T                         0.2   -0.2      0.0
  SNOW DEPTH       0

DEGREE DAYS
 HEATING
  YESTERDAY       21                        17      4        4
  MONTH TO DATE  253                       244      9      177
  SINCE SEP 1    487                       539    -52      299
  SINCE JUL 1    487                       541    -54      299

 COOLING
  YESTERDAY        0                         0      0        0
  MONTH TO DATE    5                         0      5       20
  SINCE SEP 1    198                       172     26      346
  SINCE JAN 1   1200                      1150     50     1578
..................................................................


WIND (MPH)
  HIGHEST WIND SPEED     7   HIGHEST WIND DIRECTION     S (180)
  HIGHEST GUST SPEED    13   HIGHEST GUST DIRECTION     S (200)
  AVERAGE WIND SPEED     2.2


SKY COVER
  POSSIBLE SUNSHINE  MM
  AVERAGE SKY COVER 0.3


WEATHER CONDITIONS
 THE FOLLOWING WEATHER WAS RECORDED YESTERDAY.
  NO SIGNIFICANT WEATHER WAS OBSERVED.


RELATIVE HUMIDITY (PERCENT)
 HIGHEST    85           600 AM
 LOWEST     35           300 PM
 AVERAGE    60

..........................................................


THE JACKSON KY CLIMATE NORMALS FOR TODAY
                         NORMAL    RECORD    YEAR
 MAXIMUM TEMPERATURE (F)   56        79      2016
                                             1985
 MINIMUM TEMPERATURE (F)   39        15      2014


SUNRISE AND SUNSET
NOVEMBER 18 2017......SUNRISE   717 AM EST   SUNSET   520 PM EST
NOVEMBER 19 2017......SUNRISE   718 AM EST   SUNSET   520 PM EST


-  INDICATES NEGATIVE NUMBERS.
R  INDICATES RECORD WAS SET OR TIED.
MM INDICATES DATA IS MISSING.
T  INDICATES TRACE AMOUNT.




$$
