000
CDUS43 KJKL 030526
CLIJKL

CLIMATE REPORT
NATIONAL WEATHER SERVICE JACKSON KY
122 AM EDT THU SEP 3 2015

...................................

...THE JACKSON KY CLIMATE SUMMARY FOR SEPTEMBER 2 2015...

CLIMATE NORMAL PERIOD 1981 TO 2010
CLIMATE RECORD PERIOD 1981 TO 2015

WEATHER ITEM   OBSERVED TIME   RECORD YEAR NORMAL DEPARTURE LAST
                VALUE   (LST)  VALUE       VALUE  FROM      YEAR
                                                  NORMAL
..................................................................
TEMPERATURE (F)
 YESTERDAY
  MAXIMUM         89    244 PM  94    2011  82      7       86
  MINIMUM         67    604 AM  51    1987  63      4       68
  AVERAGE         78                        72      6       77

PRECIPITATION (IN)
  YESTERDAY        0.00          0.42 2012   0.11  -0.11     0.36
  MONTH TO DATE    0.00                      0.21  -0.21     0.36
  SINCE SEP 1      0.00                      0.21  -0.21     0.36
  SINCE JAN 1     45.78                     33.76  12.02    38.66

SNOWFALL (IN)
  YESTERDAY        0.0                       0.0    0.0      0.0
  MONTH TO DATE    0.0                       0.0    0.0      0.0
  SINCE SEP 1      0.0                       0.0    0.0      0.0
  SINCE JUL 1      0.0                       0.0    0.0      0.0
  SNOW DEPTH       0

DEGREE DAYS
 HEATING
  YESTERDAY        0                         0      0        0
  MONTH TO DATE    0                         0      0        0
  SINCE SEP 1      0                         0      0        0
  SINCE JUL 1      0                         2     -2        3

 COOLING
  YESTERDAY       13                         8      5       12
  MONTH TO DATE   25                        16      9       26
  SINCE SEP 1     25                        16      9       26
  SINCE JAN 1   1076                       994     82     1027
..................................................................

WIND (MPH)
  HIGHEST WIND SPEED     7   HIGHEST WIND DIRECTION    NW (310)
  HIGHEST GUST SPEED    10   HIGHEST GUST DIRECTION    NW (320)
  AVERAGE WIND SPEED     1.0

SKY COVER
  POSSIBLE SUNSHINE  MM
  AVERAGE SKY COVER 0.1

WEATHER CONDITIONS
 THE FOLLOWING WEATHER WAS RECORDED YESTERDAY.
  FOG

RELATIVE HUMIDITY (PERCENT)
 HIGHEST    93           600 AM
 LOWEST     45           500 PM
 AVERAGE    69
..........................................................

THE JACKSON KY CLIMATE NORMALS FOR TODAY
                         NORMAL    RECORD    YEAR
 MAXIMUM TEMPERATURE (F)   82        96      2011
 MINIMUM TEMPERATURE (F)   62        52      1994

SUNRISE AND SUNSET
SEPTEMBER  3 2015.....SUNRISE   705 AM EDT   SUNSET   800 PM EDT
SEPTEMBER  4 2015.....SUNRISE   706 AM EDT   SUNSET   758 PM EDT

-  INDICATES NEGATIVE NUMBERS.
R  INDICATES RECORD WAS SET OR TIED.
MM INDICATES DATA IS MISSING.
T  INDICATES TRACE AMOUNT.

SHALLENBERGER


$$
