000
CDUS43 KJKL 020915
CLIJKL

CLIMATE REPORT...CORRECTED
NATIONAL WEATHER SERVICE JACKSON KY
513 AM EDT TUE SEP 2 2014

...................................

...THE JACKSON KY CLIMATE SUMMARY FOR SEPTEMBER 1 2014...

CLIMATE NORMAL PERIOD 1981 TO 2010
CLIMATE RECORD PERIOD 1981 TO 2014


WEATHER ITEM   OBSERVED TIME   RECORD YEAR NORMAL DEPARTURE LAST
                VALUE   (LST)  VALUE       VALUE  FROM      YEAR
                                                  NORMAL
..................................................................

TEMPERATURE (F)
 YESTERDAY
  MAXIMUM         87    353 PM  93    2011  83      4       84
  MINIMUM         70    156 AM  54    1987  63      7       67
  AVERAGE         79                        73      6       76

PRECIPITATION (IN)
  YESTERDAY        0.00          1.67 2000   0.10  -0.10     0.02
  MONTH TO DATE    0.00                      0.10  -0.10     0.02
  SINCE SEP 1      0.00                      0.10  -0.10     0.02
  SINCE JAN 1     38.30                     33.65   4.65    43.24

SNOWFALL (IN)
  YESTERDAY        0.0                       0.0    0.0      0.0
  MONTH TO DATE    0.0                       0.0    0.0      0.0
  SINCE SEP 1      0.0                       0.0    0.0      0.0
  SINCE JUL 1      0.0                       0.0    0.0      0.0
  SNOW DEPTH       0

DEGREE DAYS
 HEATING
  YESTERDAY        0                         0      0        0
  MONTH TO DATE    0                         0      0        0
  SINCE SEP 1      0                         0      0        0
  SINCE JUL 1      3                         2      1        2

 COOLING
  YESTERDAY       14                         8      6       11
  MONTH TO DATE   14                         8      6       11
  SINCE SEP 1     14                         8      6       11
  SINCE JAN 1   1015                       986     29      906
..................................................................

WIND (MPH)
  HIGHEST WIND SPEED     9   HIGHEST WIND DIRECTION    SW (230)
  HIGHEST GUST SPEED    22   HIGHEST GUST DIRECTION    SW (220)
  AVERAGE WIND SPEED     1.8


SKY COVER
  POSSIBLE SUNSHINE  MM
  AVERAGE SKY COVER 0.6


WEATHER CONDITIONS
 THE FOLLOWING WEATHER WAS RECORDED YESTERDAY.
  FOG


RELATIVE HUMIDITY (PERCENT)
 HIGHEST   100           200 AM
 LOWEST     55           400 PM
 AVERAGE    78

..........................................................

THE JACKSON KY CLIMATE NORMALS FOR TODAY
                         NORMAL    RECORD    YEAR
 MAXIMUM TEMPERATURE (F)   82        94      2011
 MINIMUM TEMPERATURE (F)   63        51      1987


SUNRISE AND SUNSET
SEPTEMBER  2 2014.....SUNRISE   704 AM EDT   SUNSET   801 PM EDT
SEPTEMBER  3 2014.....SUNRISE   705 AM EDT   SUNSET   759 PM EDT


-  INDICATES NEGATIVE NUMBERS.
R  INDICATES RECORD WAS SET OR TIED.
MM INDICATES DATA IS MISSING.
T  INDICATES TRACE AMOUNT.
$$
