000
CDUS43 KJKL 130525
CLIJKL

CLIMATE REPORT
NATIONAL WEATHER SERVICE JACKSON KY
1225 AM EST WED DEC 13 2017


...................................

...THE JACKSON KY CLIMATE SUMMARY FOR DECEMBER 12 2017...

CLIMATE NORMAL PERIOD 1981 TO 2010
CLIMATE RECORD PERIOD 1981 TO 2017


WEATHER ITEM   OBSERVED TIME   RECORD YEAR NORMAL DEPARTURE LAST
                VALUE   (LST)  VALUE       VALUE  FROM      YEAR
                                                  NORMAL
..................................................................
TEMPERATURE (F)
 YESTERDAY
  MAXIMUM         49   1202 AM  71    2015  47      2       50
  MINIMUM         21   1159 PM  10    1988  31    -10       35
  AVERAGE         35                        39     -4       43

PRECIPITATION (IN)
  YESTERDAY        T             1.03 2016   0.15  -0.15     1.03
  MONTH TO DATE    0.73                      1.71  -0.98     1.91
  SINCE DEC 1      0.73                      1.71  -0.98     1.91
  SINCE JAN 1     48.97                     45.87   3.10    48.64

SNOWFALL (IN)
  YESTERDAY        T             1.6  2008   0.2    T        0.0
  MONTH TO DATE    0.8                       1.4   -0.6      0.1
  SINCE DEC 1      0.8                       1.4   -0.6      0.1
  SINCE JUL 1      0.8                       2.0   -1.2      0.1
  SNOW DEPTH       0

DEGREE DAYS
 HEATING
  YESTERDAY       30                        26      4       22
  MONTH TO DATE  298                       294      4      324
  SINCE DEC 1    298                       294      4      324
  SINCE JUL 1   1020                      1094    -74      850

COOLING
  YESTERDAY        0                         0      0        0
  MONTH TO DATE    0                         0      0        0
  SINCE DEC 1      0                         0      0        0
  SINCE JAN 1   1200                      1154     46     1580
..................................................................


WIND (MPH)
  HIGHEST WIND SPEED    20   HIGHEST WIND DIRECTION    NW (300)
  HIGHEST GUST SPEED    32   HIGHEST GUST DIRECTION    NW (310)
  AVERAGE WIND SPEED     9.3


SKY COVER
  POSSIBLE SUNSHINE  MM
  AVERAGE SKY COVER 0.6


WEATHER CONDITIONS
 THE FOLLOWING WEATHER WAS RECORDED YESTERDAY.
  LIGHT SNOW
  FOG
  HAZE


RELATIVE HUMIDITY (PERCENT)
 HIGHEST    82          1000 AM
 LOWEST     39           400 PM
 AVERAGE    61

..........................................................


THE JACKSON KY CLIMATE NORMALS FOR TODAY
                         NORMAL    RECORD    YEAR
 MAXIMUM TEMPERATURE (F)   46        70      2015
 MINIMUM TEMPERATURE (F)   31        13      1982


SUNRISE AND SUNSET
DECEMBER 13 2017......SUNRISE   740 AM EST   SUNSET   515 PM EST
DECEMBER 14 2017......SUNRISE   740 AM EST   SUNSET   516 PM EST


-  INDICATES NEGATIVE NUMBERS.
R  INDICATES RECORD WAS SET OR TIED.
MM INDICATES DATA IS MISSING.
T  INDICATES TRACE AMOUNT.




$$
