000
CDUS43 KJKL 231049
CLIJKL

CLIMATE REPORT
NATIONAL WEATHER SERVICE
JACKSON KY

641 AM EDT SAT MAY 23 2015

...................................

...THE JACKSON KY CLIMATE SUMMARY FOR MAY 22 2015...

CLIMATE NORMAL PERIOD 1981 TO 2010
CLIMATE RECORD PERIOD 1981 TO 2015


WEATHER ITEM   OBSERVED TIME   RECORD YEAR NORMAL DEPARTURE LAST
                VALUE   (LST)  VALUE       VALUE  FROM      YEAR
                                                  NORMAL
..................................................................
TEMPERATURE (F)
 YESTERDAY
  MAXIMUM         71    451 PM  86    2007  76     -5       83
  MINIMUM         43    207 AM  38    2002  56    -13       61
                                      1993
  AVERAGE         57                        66     -9       72

PRECIPITATION (IN)
  YESTERDAY        0.00          1.44 2001   0.17  -0.17     0.14
  MONTH TO DATE    1.28                      3.64  -2.36     2.07
  SINCE MAR 1     17.83                     11.59   6.24    13.01
  SINCE JAN 1     24.01                     18.95   5.06    20.63

SNOWFALL (IN)
  YESTERDAY        0.0           0.0  2002   0.0    0.0      0.0
                                      2001
  MONTH TO DATE    0.0                       0.0    0.0      0.0
  SINCE MAR 1      3.7                       3.9   -0.2     11.9
  SINCE JUL 1     29.1                      23.5    5.6     38.9
  SNOW DEPTH       0

DEGREE DAYS
 HEATING
  YESTERDAY        8                         3      5        0
  MONTH TO DATE   44                        84    -40       78
  SINCE MAR 1    801                       905   -104      907
  SINCE JUL 1   4566                      4205    361     4508

COOLING
 YESTERDAY        0                         3     -3        7
 MONTH TO DATE  108                        55     53       92
 SINCE MAR 1    133                       101     32      131
 SINCE JAN 1    133                       101     32      131
..................................................................


WIND (MPH)
  HIGHEST WIND SPEED     8   HIGHEST WIND DIRECTION    NW (300)
  HIGHEST GUST SPEED    14   HIGHEST GUST DIRECTION    NW (310)
  AVERAGE WIND SPEED     1.2


SKY COVER
  POSSIBLE SUNSHINE  MM
  AVERAGE SKY COVER 0.4


WEATHER CONDITIONS
 THE FOLLOWING WEATHER WAS RECORDED YESTERDAY.
  FOG
  FOG W/VISIBILITY <= 1/4 MILE


RELATIVE HUMIDITY (PERCENT)
 HIGHEST   100           300 AM
 LOWEST     36           400 PM
 AVERAGE    68

..........................................................


THE JACKSON KY CLIMATE NORMALS FOR TODAY
                         NORMAL    RECORD    YEAR
 MAXIMUM TEMPERATURE (F)   76        87      1994
 MINIMUM TEMPERATURE (F)   56        47      2006
                                             2002
                                             2001


SUNRISE AND SUNSET
MAY 23 2015...........SUNRISE   618 AM EDT   SUNSET   842 PM EDT
MAY 24 2015...........SUNRISE   618 AM EDT   SUNSET   843 PM EDT


-  INDICATES NEGATIVE NUMBERS.
R  INDICATES RECORD WAS SET OR TIED.
MM INDICATES DATA IS MISSING.
T  INDICATES TRACE AMOUNT.




$$
