475
CDUS43 KJKL 170541
CLIJKL

CLIMATE REPORT
NATIONAL WEATHER SERVICE JACKSON KY
1241 AM EST WED JAN 17 2018


...................................

...THE JACKSON KY CLIMATE SUMMARY FOR JANUARY 16 2018...

CLIMATE NORMAL PERIOD 1981 TO 2010
CLIMATE RECORD PERIOD 1981 TO 2018


WEATHER ITEM   OBSERVED TIME   RECORD YEAR NORMAL DEPARTURE LAST
                VALUE   (LST)  VALUE       VALUE  FROM      YEAR
                                                  NORMAL
..................................................................
TEMPERATURE (F)
 YESTERDAY
  MAXIMUM         32   1230 AM  68    1990  43    -11       66
  MINIMUM          6   1159 PM -10    1982  27    -21       41
  AVERAGE         19                        35    -16       54

PRECIPITATION (IN)
  YESTERDAY        0.23          0.76 2013   0.12   0.11      T
  MONTH TO DATE    1.10                      1.84  -0.74     2.34
  SINCE DEC 1      4.38                      6.02  -1.64     8.50
  SINCE JAN 1      1.10                      1.84  -0.74     2.34

SNOWFALL (IN)
  YESTERDAY        4.1 R         3.4  2003   0.3    3.8      0.0
  MONTH TO DATE    5.4                       3.5    1.9      2.5
  SINCE DEC 1      6.4                       8.4   -2.0      2.8
  SINCE JUL 1      6.4                       9.0   -2.6      2.8
  SNOW DEPTH       T

DEGREE DAYS
 HEATING
  YESTERDAY       46                        30     16       11
  MONTH TO DATE  607                       480    127      403
  SINCE DEC 1   1487                      1314    173     1200
  SINCE JUL 1   2209                      2114     95     1726

COOLING
  YESTERDAY        0                         0      0        0
  MONTH TO DATE    0                         0      0        0
  SINCE DEC 1      0                         1     -1        0
  SINCE JAN 1      0                         0      0        0
..................................................................


WIND (MPH)
  HIGHEST WIND SPEED    13   HIGHEST WIND DIRECTION    NW (300)
  HIGHEST GUST SPEED    18   HIGHEST GUST DIRECTION    NW (300)
  AVERAGE WIND SPEED     6.1


SKY COVER
  POSSIBLE SUNSHINE  MM
  AVERAGE SKY COVER 1.0


WEATHER CONDITIONS
 THE FOLLOWING WEATHER WAS RECORDED YESTERDAY.
  SNOW
  LIGHT SNOW


RELATIVE HUMIDITY (PERCENT)
 HIGHEST    88           700 AM
 LOWEST     73           300 PM
 AVERAGE    81

..........................................................


THE JACKSON KY CLIMATE NORMALS FOR TODAY
                         NORMAL    RECORD    YEAR
 MAXIMUM TEMPERATURE (F)   43        62      2017
                                             1990
 MINIMUM TEMPERATURE (F)   27       -15      1982


SUNRISE AND SUNSET
JANUARY 17 2018.......SUNRISE   746 AM EST   SUNSET   541 PM EST
JANUARY 18 2018.......SUNRISE   746 AM EST   SUNSET   542 PM EST


-  INDICATES NEGATIVE NUMBERS.
R  INDICATES RECORD WAS SET OR TIED.
MM INDICATES DATA IS MISSING.
T  INDICATES TRACE AMOUNT.




$$
