000
CDUS43 KJKL 180547
CLIJKL

CLIMATE REPORT
NATIONAL WEATHER SERVICE JACKSON KY
147 AM EDT FRI APR 18 2014


...................................

...THE JACKSON KY CLIMATE SUMMARY FOR APRIL 17 2014...

CLIMATE NORMAL PERIOD 1981 TO 2010
CLIMATE RECORD PERIOD 1981 TO 2014


WEATHER ITEM   OBSERVED TIME   RECORD YEAR NORMAL DEPARTURE LAST
                VALUE   (LST)  VALUE       VALUE  FROM      YEAR
                                                  NORMAL
..................................................................
TEMPERATURE (F)
 YESTERDAY
  MAXIMUM         72    334 PM  86    2002  69      3       73
  MINIMUM         42    634 AM  28    2001  47     -5       60
  AVERAGE         57                        58     -1       67

PRECIPITATION (IN)
  YESTERDAY        0.00          0.89 2000   0.12  -0.12     0.79
  MONTH TO DATE    2.43                      2.11   0.32     1.72
  SINCE MAR 1      7.94                      6.23   1.71     6.35
  SINCE JAN 1     15.56                     13.59   1.97    13.99

SNOWFALL (IN)
  YESTERDAY        0.0                       0.0    0.0      0.0
  MONTH TO DATE    1.0                       0.9    0.1      0.0
  SINCE MAR 1     11.9                       3.8    8.1     10.7
  SINCE JUL 1     38.9                      23.4   15.5     20.0
  SNOW DEPTH       0

DEGREE DAYS
 HEATING
  YESTERDAY        8                         8      0        0
  MONTH TO DATE  123                       180    -57      139
  SINCE MAR 1    790                       733     57      924
  SINCE JUL 1   4391                      4033    358     4150

COOLING
  YESTERDAY        0                         1     -1        2
  MONTH TO DATE   25                        17      8       32
  SINCE MAR 1     25                        24      1       32
  SINCE JAN 1     25                        24      1       32
..................................................................


WIND (MPH)
  HIGHEST WIND SPEED     7   HIGHEST WIND DIRECTION    SE (140)
  HIGHEST GUST SPEED    11   HIGHEST GUST DIRECTION     E (110)
  AVERAGE WIND SPEED     2.6


SKY COVER
  POSSIBLE SUNSHINE  MM
  AVERAGE SKY COVER 0.0


WEATHER CONDITIONS
 THE FOLLOWING WEATHER WAS RECORDED YESTERDAY.
  NO SIGNIFICANT WEATHER WAS OBSERVED.


RELATIVE HUMIDITY (PERCENT)
 HIGHEST    45           700 AM
 LOWEST     14           400 PM
 AVERAGE    30

..........................................................


THE JACKSON KY CLIMATE NORMALS FOR TODAY
                         NORMAL    RECORD    YEAR
 MAXIMUM TEMPERATURE (F)   69        88      2002
                                             1985
 MINIMUM TEMPERATURE (F)   48        28      1983


SUNRISE AND SUNSET
APRIL 18 2014.........SUNRISE   654 AM EDT   SUNSET   811 PM EDT
APRIL 19 2014.........SUNRISE   653 AM EDT   SUNSET   812 PM EDT


-  INDICATES NEGATIVE NUMBERS.
R  INDICATES RECORD WAS SET OR TIED.
MM INDICATES DATA IS MISSING.
T  INDICATES TRACE AMOUNT.

$$
