000
CDUS43 KJKL 220615
CLIJKL

CLIMATE REPORT
NATIONAL WEATHER SERVICE JACKSON KY
215 AM EDT MON MAY 22 2017

...................................

...THE JACKSON KY CLIMATE SUMMARY FOR MAY 21 2017...

CLIMATE NORMAL PERIOD 1981 TO 2010
CLIMATE RECORD PERIOD 1981 TO 2017

WEATHER ITEM   OBSERVED TIME   RECORD YEAR NORMAL DEPARTURE LAST
                VALUE   (LST)  VALUE       VALUE  FROM      YEAR
                                                  NORMAL
..................................................................
TEMPERATURE (F)
 YESTERDAY
  MAXIMUM         74    443 PM  86    2013  75     -1       70
  MINIMUM         65    725 AM  40    2002  56      9       55
  AVERAGE         70                        66      4       63

PRECIPITATION (IN)
  YESTERDAY        0.21          1.16 1982   0.18   0.03     0.05
  MONTH TO DATE    4.55                      3.47   1.08     6.40
  SINCE MAR 1     12.99                     11.42   1.57    12.60
  SINCE JAN 1     20.56                     18.78   1.78    22.16

SNOWFALL (IN)
  YESTERDAY        0.0                       0.0    0.0      0.0
  MONTH TO DATE    0.0                       0.0    0.0      0.0
  SINCE MAR 1      0.2                       3.9   -3.7      2.9
  SINCE JUL 1      4.8                      23.5  -18.7     32.5
  SNOW DEPTH       0

DEGREE DAYS
 HEATING
  YESTERDAY        0                         3     -3        2
  MONTH TO DATE   74                        81     -7      131
  SINCE MAR 1    703                       902   -199      694
  SINCE JUL 1   3195                      4202  -1007     3448

 COOLING
  YESTERDAY        5                         3      2        0
  MONTH TO DATE   73                        52     21       22
  SINCE MAR 1    169                        98     71       76
  SINCE JAN 1    171                        98     73       76
..................................................................

WIND (MPH)
  HIGHEST WIND SPEED     7   HIGHEST WIND DIRECTION    SE (140)
  HIGHEST GUST SPEED    14   HIGHEST GUST DIRECTION     S (160)
  AVERAGE WIND SPEED     2.5

SKY COVER
  POSSIBLE SUNSHINE  MM
  AVERAGE SKY COVER 0.7

WEATHER CONDITIONS
 THE FOLLOWING WEATHER WAS RECORDED YESTERDAY.
  THUNDERSTORM
  LIGHT RAIN
  FOG

RELATIVE HUMIDITY (PERCENT)
 HIGHEST    93           200 AM
 LOWEST     73           400 PM
 AVERAGE    83
..........................................................

THE JACKSON KY CLIMATE NORMALS FOR TODAY
                         NORMAL    RECORD    YEAR
 MAXIMUM TEMPERATURE (F)   76        86      2007
 MINIMUM TEMPERATURE (F)   56        38      2002
                                             1993

SUNRISE AND SUNSET
MAY 22 2017...........SUNRISE   618 AM EDT   SUNSET   842 PM EDT
MAY 23 2017...........SUNRISE   618 AM EDT   SUNSET   843 PM EDT

-  INDICATES NEGATIVE NUMBERS.
R  INDICATES RECORD WAS SET OR TIED.
MM INDICATES DATA IS MISSING.
T  INDICATES TRACE AMOUNT.

$$

GEOGERIAN
