000
CDUS43 KJKL 162022
CLIJKL

CLIMATE REPORT
NATIONAL WEATHER SERVICE JACKSON KY
422 PM EDT WED AUG 16 2017

...................................

...THE JACKSON KY CLIMATE SUMMARY FOR AUGUST 16 2017...
VALID TODAY AS OF 0400 PM LOCAL TIME.

CLIMATE NORMAL PERIOD 1981 TO 2010
CLIMATE RECORD PERIOD 1981 TO 2017

WEATHER ITEM   OBSERVED TIME   RECORD YEAR NORMAL DEPARTURE LAST
                VALUE   (LST)  VALUE       VALUE  FROM      YEAR
                                                  NORMAL
..................................................................
TEMPERATURE (F)
 TODAY
  MAXIMUM         86    252 PM  99    2007  84      2       87
                                      1988
  MINIMUM         69    719 AM  55    2014  65      4       70
  AVERAGE         78                        75      3       79

PRECIPITATION (IN)
  TODAY            T             1.45 1985   0.12  -0.12     0.29
  MONTH TO DATE    2.53                      2.12   0.41     3.25
  SINCE JUN 1     12.87                     11.47   1.40    14.61
  SINCE JAN 1     36.29                     31.98   4.31    37.41

SNOWFALL (IN)
  TODAY            0.0                       0.0    0.0      0.0
  MONTH TO DATE    0.0                       0.0    0.0      0.0
  SINCE JUN 1      0.0                       0.0    0.0      0.0
  SINCE JUL 1      0.0                       0.0    0.0      0.0
  SNOW DEPTH       0

DEGREE DAYS
 HEATING
  TODAY            0                         0      0        0
  MONTH TO DATE    0                         0      0        0
  SINCE JUN 1      4                        12     -8        1
  SINCE JUL 1      0                         0      0        0

 COOLING
  TODAY           13                        10      3       14
  MONTH TO DATE  128                       160    -32      229
  SINCE JUN 1    685                       704    -19      916
  SINCE JAN 1    884                       840     44     1057
..................................................................

WIND (MPH)
  HIGHEST WIND SPEED     6   HIGHEST WIND DIRECTION    SE (150)
  HIGHEST GUST SPEED    10   HIGHEST GUST DIRECTION     S (170)
  AVERAGE WIND SPEED     0.6

SKY COVER
  POSSIBLE SUNSHINE  MM
  AVERAGE SKY COVER 0.5

WEATHER CONDITIONS
 THE FOLLOWING WEATHER WAS RECORDED TODAY.
  LIGHT RAIN
  FOG
  FOG W/VISIBILITY <= 1/4 MILE

RELATIVE HUMIDITY (PERCENT)
 HIGHEST    97           600 AM
 LOWEST     65           200 PM
 AVERAGE    81

..........................................................

THE JACKSON KY CLIMATE NORMALS FOR TOMORROW
                         NORMAL    RECORD    YEAR
 MAXIMUM TEMPERATURE (F)   84       101      1988
 MINIMUM TEMPERATURE (F)   65        59      2004
                                             1992
                                             1981

SUNRISE AND SUNSET
AUGUST 16 2017........SUNRISE   650 AM EDT   SUNSET   824 PM EDT
AUGUST 17 2017........SUNRISE   651 AM EDT   SUNSET   823 PM EDT

-  INDICATES NEGATIVE NUMBERS.
R  INDICATES RECORD WAS SET OR TIED.
MM INDICATES DATA IS MISSING.
T  INDICATES TRACE AMOUNT.

$$

CARICO
