557
CDUS43 KJKL 250522
CLIJKL

SDFCLIJKL 000
TTAA00 KJKL 250522

CLIMATE REPORT
NATIONAL WEATHER SERVICE JACKSON KY
122 AM EDT SUN SEP 25 2016

...................................

...THE JACKSON KY CLIMATE SUMMARY FOR SEPTEMBER 24 2016...

CLIMATE NORMAL PERIOD 1981 TO 2010
CLIMATE RECORD PERIOD 1981 TO 2016


WEATHER ITEM   OBSERVED TIME   RECORD YEAR NORMAL DEPARTURE LAST
                VALUE   (LST)  VALUE       VALUE  FROM      YEAR
                                                  NORMAL
..................................................................
TEMPERATURE (F)
 YESTERDAY
  MAXIMUM         88    236 PM  93    2005  75     13       81
  MINIMUM         65    715 AM  34    1989  55     10       60
  AVERAGE         77                        65     12       71

PRECIPITATION (IN)
  YESTERDAY        0.00          1.89 2000   0.12  -0.12     0.00
  MONTH TO DATE    0.94                      2.76  -1.82     0.83
  SINCE SEP 1      0.94                      2.76  -1.82     0.83
  SINCE JAN 1     41.93                     36.31   5.62    46.61

SNOWFALL (IN)
  YESTERDAY        0.0                       0.0    0.0      0.0
  MONTH TO DATE    0.0                       0.0    0.0      0.0
  SINCE SEP 1      0.0                       0.0    0.0      0.0
  SINCE JUL 1      0.0                       0.0    0.0      0.0
  SNOW DEPTH       0

DEGREE DAYS
 HEATING
  YESTERDAY        0                         3     -3        0
  MONTH TO DATE    0                        27    -27       13
  SINCE SEP 1      0                        27    -27       13
  SINCE JUL 1      0                        29    -29       13

 COOLING
  YESTERDAY       12                         3      9        6
  MONTH TO DATE  232                       128    104      165
  SINCE SEP 1    232                       128    104      165
  SINCE JAN 1   1464                      1106    358     1216
..................................................................

WIND (MPH)
  HIGHEST WIND SPEED     7   HIGHEST WIND DIRECTION    NW (320)
  HIGHEST GUST SPEED    12   HIGHEST GUST DIRECTION    NW (320)
  AVERAGE WIND SPEED     0.8

SKY COVER
  POSSIBLE SUNSHINE  MM
  AVERAGE SKY COVER 0.0

WEATHER CONDITIONS
 THE FOLLOWING WEATHER WAS RECORDED YESTERDAY.
  NO SIGNIFICANT WEATHER WAS OBSERVED.

RELATIVE HUMIDITY (PERCENT)
 HIGHEST    87           300 AM
 LOWEST     43           200 PM
 AVERAGE    65

..........................................................

THE JACKSON KY CLIMATE NORMALS FOR TODAY
                         NORMAL    RECORD    YEAR
 MAXIMUM TEMPERATURE (F)   75        89      2007
                                             2005
 MINIMUM TEMPERATURE (F)   55        42      2001


SUNRISE AND SUNSET
SEPTEMBER 25 2016.....SUNRISE   724 AM EDT   SUNSET   725 PM EDT
SEPTEMBER 26 2016.....SUNRISE   725 AM EDT   SUNSET   723 PM EDT


-  INDICATES NEGATIVE NUMBERS.
R  INDICATES RECORD WAS SET OR TIED.
MM INDICATES DATA IS MISSING.
T  INDICATES TRACE AMOUNT.


$$

JVM
