000
CDUS43 KJKL 222019
CLIJKL

CLIMATE REPORT
NATIONAL WEATHER SERVICE JACKSON KY
419 PM EDT THU JUN 22 2017

...................................

...THE JACKSON KY CLIMATE SUMMARY FOR JUNE 22 2017...
VALID TODAY AS OF 0400 PM LOCAL TIME.

CLIMATE NORMAL PERIOD 1981 TO 2010
CLIMATE RECORD PERIOD 1981 TO 2017

WEATHER ITEM   OBSERVED TIME   RECORD YEAR NORMAL DEPARTURE LAST
                VALUE   (LST)  VALUE       VALUE  FROM      YEAR
                                                  NORMAL
..................................................................
TEMPERATURE (F)
 TODAY
  MAXIMUM         76   1014 AM  97    1988  83     -7       79
  MINIMUM         69    633 AM  47    1992  64      5       69
  AVERAGE         73                        74     -1       74

PRECIPITATION (IN)
  TODAY            0.14          1.07 1998   0.16  -0.02     0.49
  MONTH TO DATE    5.36                      3.54   1.82     2.36
  SINCE JUN 1      5.36                      3.54   1.82     2.36
  SINCE JAN 1     28.78                     24.05   4.73    25.16

SNOWFALL (IN)
  TODAY            0.0                       0.0    0.0      0.0
  MONTH TO DATE    0.0                       0.0    0.0      0.0
  SINCE JUN 1      0.0                       0.0    0.0      0.0
  SINCE JUL 1      4.8                      23.5  -18.7     32.5
  SNOW DEPTH       0

DEGREE DAYS
 HEATING
  TODAY            0                         0      0        0
  MONTH TO DATE    4                         9     -5        1
  SINCE JUN 1      4                         9     -5        1
  SINCE JUL 1   3213                      4231  -1018     3455

 COOLING
  TODAY            8                         9     -1        9
  MONTH TO DATE  160                       148     12      206
  SINCE JUN 1    160                       148     12      206
  SINCE JAN 1    359                       284     75      347
..................................................................

WIND (MPH)
  HIGHEST WIND SPEED     6   HIGHEST WIND DIRECTION     S (170)
  HIGHEST GUST SPEED     9   HIGHEST GUST DIRECTION     S (180)
  AVERAGE WIND SPEED     0.3

SKY COVER
  POSSIBLE SUNSHINE  MM
  AVERAGE SKY COVER 0.4

WEATHER CONDITIONS
 THE FOLLOWING WEATHER WAS RECORDED TODAY.
  RAIN
  LIGHT RAIN
  FOG

RELATIVE HUMIDITY (PERCENT)
 HIGHEST   100           300 PM
 LOWEST     79          1200 AM
 AVERAGE    90
..........................................................

THE JACKSON KY CLIMATE NORMALS FOR TOMORROW
                         NORMAL    RECORD    YEAR
 MAXIMUM TEMPERATURE (F)   83        96      1988
 MINIMUM TEMPERATURE (F)   64        53      1992

SUNRISE AND SUNSET
JUNE 22 2017..........SUNRISE   612 AM EDT   SUNSET   858 PM EDT
JUNE 23 2017..........SUNRISE   613 AM EDT   SUNSET   858 PM EDT

-  INDICATES NEGATIVE NUMBERS.
R  INDICATES RECORD WAS SET OR TIED.
MM INDICATES DATA IS MISSING.
T  INDICATES TRACE AMOUNT.

$$

TAB
