000
CDUS43 KJKL 180759
CLIJKL

CLIMATE REPORT
NATIONAL WEATHER SERVICE JACKSON KY
358 AM EDT SAT MAR 18 2017

...................................

...THE JACKSON KY CLIMATE SUMMARY FOR MARCH 17 2017...

CLIMATE NORMAL PERIOD 1981 TO 2010
CLIMATE RECORD PERIOD 1981 TO 2017

WEATHER ITEM   OBSERVED TIME   RECORD YEAR NORMAL DEPARTURE LAST
                VALUE   (LST)  VALUE       VALUE  FROM      YEAR
                                                  NORMAL
..................................................................
TEMPERATURE (F)
 YESTERDAY
  MAXIMUM         49   1159 PM  79    1989  58     -9       67
  MINIMUM         30    434 AM  20    1994  38     -8       45
  AVERAGE         40                        48     -8       56

PRECIPITATION (IN)
  YESTERDAY        0.49          0.84 1990   0.14   0.35     0.00
  MONTH TO DATE    2.33                      2.26   0.07     1.19
  SINCE MAR 1      2.33                      2.26   0.07     1.19
  SINCE JAN 1      9.90                      9.62   0.28    10.75

SNOWFALL (IN)
  YESTERDAY        0.0           0.1  2007   0.1   -0.1      0.0
  MONTH TO DATE    0.2                       1.9   -1.7      2.8
  SINCE MAR 1      0.2                       1.9   -1.7      2.8
  SINCE JUL 1      4.8                      21.5  -16.7     32.4
  SNOW DEPTH       0

DEGREE DAYS
 HEATING
  YESTERDAY       25                        18      7        9
  MONTH TO DATE  382                       341     41      190
  SINCE MAR 1    382                       341     41      190
  SINCE JUL 1   2874                      3641   -767     2944

 COOLING
  YESTERDAY        0                         0      0        0
  MONTH TO DATE    0                         0      0        7
  SINCE MAR 1      0                         0      0        7
  SINCE JAN 1      2                         0      2        7
..................................................................

WIND (MPH)
  HIGHEST WIND SPEED    10   HIGHEST WIND DIRECTION    SW (210)
  HIGHEST GUST SPEED    19   HIGHEST GUST DIRECTION    SW (210)
  AVERAGE WIND SPEED     4.7

SKY COVER
  POSSIBLE SUNSHINE  MM
  AVERAGE SKY COVER 0.8

WEATHER CONDITIONS
 THE FOLLOWING WEATHER WAS RECORDED YESTERDAY.
  THUNDERSTORM
  RAIN
  LIGHT RAIN
  FOG

RELATIVE HUMIDITY (PERCENT)
 HIGHEST    93           800 PM
 LOWEST     35           100 AM
 AVERAGE    64

..........................................................

THE JACKSON KY CLIMATE NORMALS FOR TODAY
                         NORMAL    RECORD    YEAR
 MAXIMUM TEMPERATURE (F)   58        81      1982
 MINIMUM TEMPERATURE (F)   38        19      1993

SUNRISE AND SUNSET
MARCH 18 2017.........SUNRISE   739 AM EDT   SUNSET   744 PM EDT
MARCH 19 2017.........SUNRISE   738 AM EDT   SUNSET   744 PM EDT

-  INDICATES NEGATIVE NUMBERS.
R  INDICATES RECORD WAS SET OR TIED.
MM INDICATES DATA IS MISSING.
T  INDICATES TRACE AMOUNT.

$$
