419
CDUS43 KJKL 220535
CLIJKL

CLIMATE REPORT
NATIONAL WEATHER SERVICE JACKSON KY
1235 AM EST WED FEB 22 2017

...................................

...THE JACKSON KY CLIMATE SUMMARY FOR FEBRUARY 21 2017...

CLIMATE NORMAL PERIOD 1981 TO 2010
CLIMATE RECORD PERIOD 1981 TO 2017

WEATHER ITEM   OBSERVED TIME   RECORD YEAR NORMAL DEPARTURE LAST
                VALUE   (LST)  VALUE       VALUE  FROM      YEAR
                                                  NORMAL
..................................................................
TEMPERATURE (F)
 YESTERDAY
  MAXIMUM         75R   135 PM  72    1997  49     26       59
  MINIMUM         54    742 AM  14    1988  31     23       48
  AVERAGE         65                        40     25       54

PRECIPITATION (IN)
  YESTERDAY        T             1.63 2015   0.13  -0.13     0.67
  MONTH TO DATE    1.28                      2.79  -1.51     5.41
  SINCE DEC 1     12.15                     10.58   1.57    13.34
  SINCE JAN 1      5.99                      6.40  -0.41     8.70

SNOWFALL (IN)
  YESTERDAY        0.0           2.4  2009   0.2   -0.2      0.0
  MONTH TO DATE    T                         5.6   -5.6      7.4
  SINCE DEC 1      4.6                      17.6  -13.0     28.8
  SINCE JUL 1      4.6                      18.2  -13.6     28.8
  SNOW DEPTH       0

DEGREE DAYS
 HEATING
  YESTERDAY        0                        25    -25       11
  MONTH TO DATE  389                       569   -180      580
  SINCE DEC 1   1884                      2335   -451     1994
  SINCE JUL 1   2410                      3135   -725     2592

 COOLING
  YESTERDAY        0                         0      0        0
  MONTH TO DATE    0                         0      0        0
  SINCE DEC 1      0                         1     -1        2
  SINCE JAN 1      0                         0      0        0
..................................................................

WIND (MPH)
  HIGHEST WIND SPEED    10   HIGHEST WIND DIRECTION     S (180)
  HIGHEST GUST SPEED    18   HIGHEST GUST DIRECTION     S (180)
  AVERAGE WIND SPEED     3.3

SKY COVER
  POSSIBLE SUNSHINE  MM
  AVERAGE SKY COVER 0.3

WEATHER CONDITIONS
 THE FOLLOWING WEATHER WAS RECORDED YESTERDAY.
  LIGHT RAIN

RELATIVE HUMIDITY (PERCENT)
 HIGHEST    54           300 AM
 LOWEST     29           100 PM
 AVERAGE    42

..........................................................

THE JACKSON KY CLIMATE NORMALS FOR TODAY
                         NORMAL    RECORD    YEAR
 MAXIMUM TEMPERATURE (F)   50        71      1992
 MINIMUM TEMPERATURE (F)   31        17      1999

SUNRISE AND SUNSET
FEBRUARY 22 2017......SUNRISE   714 AM EST   SUNSET   620 PM EST
FEBRUARY 23 2017......SUNRISE   712 AM EST   SUNSET   621 PM EST

-  INDICATES NEGATIVE NUMBERS.
R  INDICATES RECORD WAS SET OR TIED.
MM INDICATES DATA IS MISSING.
T  INDICATES TRACE AMOUNT.

$$
