000
CDUS43 KJKL 240526
CLIJKL

CLIMATE REPORT
NATIONAL WEATHER SERVICE JACKSON KY
126 AM EDT TUE MAR 24 2015

...................................

...THE JACKSON KY CLIMATE SUMMARY FOR MARCH 23 2015...

CLIMATE NORMAL PERIOD 1981 TO 2010
CLIMATE RECORD PERIOD 1981 TO 2015

WEATHER ITEM   OBSERVED TIME   RECORD YEAR NORMAL DEPARTURE LAST
                VALUE   (LST)  VALUE       VALUE  FROM      YEAR
                                                  NORMAL
..................................................................
TEMPERATURE (F)
 YESTERDAY
  MAXIMUM         66    508 PM  80    2007  60      6       47
  MINIMUM         35    723 AM  22    2002  39     -4       28
                                      1983
  AVERAGE         51                        50      1       38

PRECIPITATION (IN)
  YESTERDAY        0.00          1.03 1993   0.13  -0.13     0.00
  MONTH TO DATE    5.63                      3.06   2.57     3.64
  SINCE MAR 1      5.63                      3.06   2.57     3.64
  SINCE JAN 1     11.81                     10.42   1.39    11.26

SNOWFALL (IN)
  YESTERDAY        0.0           T    2008   0.1   -0.1      0.0
                                      1992
                                      1981
  MONTH TO DATE    3.7                       2.4    1.3      8.0
  SINCE MAR 1      3.7                       2.4    1.3      8.0
  SINCE JUL 1     29.1                      22.0    7.1     35.0
  SNOW DEPTH       0

DEGREE DAYS
 HEATING
  YESTERDAY       14                        16     -2       27
  MONTH TO DATE  420                       440    -20      488
  SINCE MAR 1    420                       440    -20      488
  SINCE JUL 1   4185                      3740    445     4089

 COOLING
  YESTERDAY        0                         0      0        0
  MONTH TO DATE    0                         0      0        0
  SINCE MAR 1      0                         0      0        0
  SINCE JAN 1      0                         0      0        0
..................................................................

WIND (MPH)
  HIGHEST WIND SPEED     9   HIGHEST WIND DIRECTION    NE (50)
  HIGHEST GUST SPEED    14   HIGHEST GUST DIRECTION     E (80)
  AVERAGE WIND SPEED     3.9

SKY COVER
  POSSIBLE SUNSHINE  MM
  AVERAGE SKY COVER 0.1

WEATHER CONDITIONS
 THE FOLLOWING WEATHER WAS RECORDED YESTERDAY.
  NO SIGNIFICANT WEATHER WAS OBSERVED.

RELATIVE HUMIDITY (PERCENT)
 HIGHEST    41           300 AM
 LOWEST     20           400 PM
 AVERAGE    31

..........................................................

THE JACKSON KY CLIMATE NORMALS FOR TODAY
                         NORMAL    RECORD    YEAR
 MAXIMUM TEMPERATURE (F)   61        83      2007
 MINIMUM TEMPERATURE (F)   40        23      2014

SUNRISE AND SUNSET
MARCH 24 2015.........SUNRISE   731 AM EDT   SUNSET   749 PM EDT
MARCH 25 2015.........SUNRISE   730 AM EDT   SUNSET   750 PM EDT

-  INDICATES NEGATIVE NUMBERS.
R  INDICATES RECORD WAS SET OR TIED.
MM INDICATES DATA IS MISSING.
T  INDICATES TRACE AMOUNT.

$$
