000
CDUS43 KJKL 170529
CLIJKL

CLIMATE REPORT
NATIONAL WEATHER SERVICE JACKSON KY
128 AM EDT SAT JUN 17 2017


...................................

...THE JACKSON KY CLIMATE SUMMARY FOR JUNE 16 2017...

CLIMATE NORMAL PERIOD 1981 TO 2010
CLIMATE RECORD PERIOD 1981 TO 2017


WEATHER ITEM   OBSERVED TIME   RECORD YEAR NORMAL DEPARTURE LAST
                VALUE   (LST)  VALUE       VALUE  FROM      YEAR
                                                  NORMAL
..................................................................
TEMPERATURE (F)
 YESTERDAY
  MAXIMUM         83    513 PM  91    2016  82      1       91
  MINIMUM         67    918 AM  54    1999  63      4       63
  AVERAGE         75                        72      3       77

PRECIPITATION (IN)
  YESTERDAY        0.00          3.04 1997   0.15  -0.15     0.00
  MONTH TO DATE    3.09                      2.62   0.47     1.45
  SINCE JUN 1      3.09                      2.62   0.47     1.45
  SINCE JAN 1     26.51                     23.13   3.38    24.25

SNOWFALL (IN)
  YESTERDAY        0.0                       0.0    0.0      0.0
  MONTH TO DATE    0.0                       0.0    0.0      0.0
  SINCE JUN 1      0.0                       0.0    0.0      0.0
  SINCE JUL 1      4.8                      23.5  -18.7     32.5
  SNOW DEPTH       0

DEGREE DAYS
 HEATING
  YESTERDAY        0                         0      0        0
  MONTH TO DATE    4                         9     -5        1
  SINCE JUN 1      4                         9     -5        1
  SINCE JUL 1   3213                      4231  -1018     3455

COOLING
  YESTERDAY       10                         8      2       12
  MONTH TO DATE  100                        98      2      143
  SINCE JUN 1    100                        98      2      143
  SINCE JAN 1    299                       234     65      284
..................................................................


WIND (MPH)
  HIGHEST WIND SPEED     6   HIGHEST WIND DIRECTION    NW (330)
  HIGHEST GUST SPEED     9   HIGHEST GUST DIRECTION    NW (320)
  AVERAGE WIND SPEED     0.4


SKY COVER
  POSSIBLE SUNSHINE  MM
  AVERAGE SKY COVER 0.6


WEATHER CONDITIONS
 THE FOLLOWING WEATHER WAS RECORDED YESTERDAY.
  FOG
  FOG W/VISIBILITY <= 1/4 MILE


RELATIVE HUMIDITY (PERCENT)
 HIGHEST   100           400 AM
 LOWEST     58           600 PM
 AVERAGE    79

..........................................................


THE JACKSON KY CLIMATE NORMALS FOR TODAY
                         NORMAL    RECORD    YEAR
 MAXIMUM TEMPERATURE (F)   82        91      2014
                                             2007
                                             1994
 MINIMUM TEMPERATURE (F)   63        54      2002


SUNRISE AND SUNSET
JUNE 17 2017..........SUNRISE   612 AM EDT   SUNSET   857 PM EDT
JUNE 18 2017..........SUNRISE   612 AM EDT   SUNSET   857 PM EDT


-  INDICATES NEGATIVE NUMBERS.
R  INDICATES RECORD WAS SET OR TIED.
MM INDICATES DATA IS MISSING.
T  INDICATES TRACE AMOUNT.




$$
