000
CDUS43 KJKL 122020
CLIJKL

CLIMATE REPORT
NATIONAL WEATHER SERVICE JACKSON KY
420 PM EDT FRI SEP 12 2014

...................................

...THE JACKSON KY CLIMATE SUMMARY FOR SEPTEMBER 12 2014...
VALID TODAY AS OF 0400 PM LOCAL TIME.

CLIMATE NORMAL PERIOD 1981 TO 2010
CLIMATE RECORD PERIOD 1981 TO 2014


WEATHER ITEM   OBSERVED TIME   RECORD YEAR NORMAL DEPARTURE LAST
                VALUE   (LST)  VALUE       VALUE  FROM      YEAR
                                                  NORMAL
..................................................................
TEMPERATURE (F)
 TODAY
  MAXIMUM         67   1220 AM  91    1999  79    -12       86
  MINIMUM         58    759 AM  50    1992  60     -2       65
  AVERAGE         63                        70     -7       76

PRECIPITATION (IN)
  TODAY            T             1.18 1986   0.12  -0.12     0.16
  MONTH TO DATE    2.14                      1.32   0.82     0.43
  SINCE SEP 1      2.14                      1.32   0.82     0.43
  SINCE JAN 1     40.44                     34.87   5.57    43.65

SNOWFALL (IN)
  TODAY            0.0                       0.0    0.0      0.0
  MONTH TO DATE    0.0                       0.0    0.0      0.0
  SINCE SEP 1      0.0                       0.0    0.0      0.0
  SINCE JUL 1      0.0                       0.0    0.0      0.0
  SNOW DEPTH       0

DEGREE DAYS
 HEATING
  TODAY            2                         1      1        0
  MONTH TO DATE    2                         4     -2        0
  SINCE SEP 1      2                         4     -2        0
  SINCE JUL 1      5                         6     -1        2

 COOLING
  TODAY            0                         5     -5       11
  MONTH TO DATE  107                        80     27      108
  SINCE SEP 1    107                        80     27      108
  SINCE JAN 1   1108                      1058     50     1003
..................................................................

WIND (MPH)
  HIGHEST WIND SPEED     5   HIGHEST WIND DIRECTION     E (110)
  HIGHEST GUST SPEED     9   HIGHEST GUST DIRECTION    NE (50)
  AVERAGE WIND SPEED     0.5

SKY COVER
  POSSIBLE SUNSHINE  MM
  AVERAGE SKY COVER 1.0

WEATHER CONDITIONS
 THE FOLLOWING WEATHER WAS RECORDED TODAY.
  LIGHT RAIN
  FOG

RELATIVE HUMIDITY (PERCENT)
 HIGHEST    93          1200 AM
 LOWEST     78          1100 AM
 AVERAGE    86

..........................................................

THE JACKSON KY CLIMATE NORMALS FOR TOMORROW
                         NORMAL    RECORD    YEAR
 MAXIMUM TEMPERATURE (F)   79        95      1991
 MINIMUM TEMPERATURE (F)   59        45      1985


SUNRISE AND SUNSET
SEPTEMBER 12 2014.....SUNRISE   713 AM EDT   SUNSET   746 PM EDT
SEPTEMBER 13 2014.....SUNRISE   713 AM EDT   SUNSET   744 PM EDT


-  INDICATES NEGATIVE NUMBERS.
R  INDICATES RECORD WAS SET OR TIED.
MM INDICATES DATA IS MISSING.
T  INDICATES TRACE AMOUNT.


$$


JVM
