000
CDUS43 KJKL 270844
CLIJKL

CLIMATE REPORT
NATIONAL WEATHER SERVICE JACKSON KY
444 AM EDT SAT SEP 27 2014


...................................

...THE JACKSON KY CLIMATE SUMMARY FOR SEPTEMBER 26 2014...

CLIMATE NORMAL PERIOD 1981 TO 2010
CLIMATE RECORD PERIOD 1981 TO 2014


WEATHER ITEM   OBSERVED TIME   RECORD YEAR NORMAL DEPARTURE LAST
                VALUE   (LST)  VALUE       VALUE  FROM      YEAR
                                                  NORMAL
..................................................................

TEMPERATURE (F)
 YESTERDAY
  MAXIMUM         79    232 PM  87    1998  74      5       74
                                      1986
  MINIMUM         60    712 AM  41    2001  54      6       57
  AVERAGE         70                        64      6       66

PRECIPITATION (IN)
  YESTERDAY        0.00          2.49 2009   0.12  -0.12     0.00
  MONTH TO DATE    2.35                      3.00  -0.65     1.27
  SINCE SEP 1      2.35                      3.00  -0.65     1.27
  SINCE JAN 1     40.65                     36.55   4.10    44.49

SNOWFALL (IN)
  YESTERDAY        0.0                       0.0    0.0      0.0
  MONTH TO DATE    0.0                       0.0    0.0      0.0
  SINCE SEP 1      0.0                       0.0    0.0      0.0
  SINCE JUL 1      0.0                       0.0    0.0      0.0
  SNOW DEPTH       0

DEGREE DAYS
 HEATING
  YESTERDAY        0                         3     -3        0
  MONTH TO DATE   33                        33      0       28
  SINCE SEP 1     33                        33      0       28
  SINCE JUL 1     36                        35      1       30

 COOLING
  YESTERDAY        5                         3      2        1
  MONTH TO DATE  127                       134     -7      124
  SINCE SEP 1    127                       134     -7      124
  SINCE JAN 1   1128                      1112     16     1019
..................................................................

WIND (MPH)
  HIGHEST WIND SPEED     6   HIGHEST WIND DIRECTION     E (90)
  HIGHEST GUST SPEED    10   HIGHEST GUST DIRECTION    SE (120)
  AVERAGE WIND SPEED     0.3


SKY COVER
  POSSIBLE SUNSHINE  MM
  AVERAGE SKY COVER 0.0


WEATHER CONDITIONS
 THE FOLLOWING WEATHER WAS RECORDED YESTERDAY.
  NO SIGNIFICANT WEATHER WAS OBSERVED.


RELATIVE HUMIDITY (PERCENT)
 HIGHEST    90           100 AM
 LOWEST     45           300 PM
 AVERAGE    68
..........................................................

THE JACKSON KY CLIMATE NORMALS FOR TODAY
                         NORMAL    RECORD    YEAR
 MAXIMUM TEMPERATURE (F)   74        87      1998
                                             1986
 MINIMUM TEMPERATURE (F)   54        40      2000


SUNRISE AND SUNSET
SEPTEMBER 27 2014.....SUNRISE   725 AM EDT   SUNSET   722 PM EDT
SEPTEMBER 28 2014.....SUNRISE   726 AM EDT   SUNSET   721 PM EDT


-  INDICATES NEGATIVE NUMBERS.
R  INDICATES RECORD WAS SET OR TIED.
MM INDICATES DATA IS MISSING.
T  INDICATES TRACE AMOUNT.
$$
