000
CDUS43 KJKL 100555
CLIJKL

CLIMATE REPORT
NATIONAL WEATHER SERVICE JACKSON KY
155 AM EDT THU APR 10 2014
...................................

...THE JACKSON KY CLIMATE SUMMARY FOR APRIL 9 2014...

CLIMATE NORMAL PERIOD 1981 TO 2010
CLIMATE RECORD PERIOD 1981 TO 2014

WEATHER ITEM   OBSERVED TIME   RECORD YEAR NORMAL DEPARTURE LAST
                VALUE   (LST)  VALUE       VALUE  FROM      YEAR
                                                  NORMAL
..................................................................
TEMPERATURE (F)
 YESTERDAY
  MAXIMUM         63    313 PM  86    2001  66     -3       82
  MINIMUM         43    648 AM  24    1997  45     -2       62
                                      1985
  AVERAGE         53                        56     -3       72

PRECIPITATION (IN)
  YESTERDAY        0.06          1.26 1984   0.13  -0.07     0.00
  MONTH TO DATE    2.14                      1.12   1.02     0.19
  SINCE MAR 1      7.65                      5.24   2.41     4.82
  SINCE JAN 1     15.27                     12.60   2.67    12.46

SNOWFALL (IN)
  YESTERDAY        0.0                       0.0    0.0      0.0
  MONTH TO DATE    0.0                       0.5   -0.5      0.0
  SINCE MAR 1     10.9                       3.4    7.5     10.7
  SINCE JUL 1     37.9                      23.0   14.9     20.0
  SNOW DEPTH       0

DEGREE DAYS
 HEATING
  YESTERDAY       12                        11      1        0
  MONTH TO DATE   68                       106    -38      110
  SINCE MAR 1    735                       659     76      895
  SINCE JUL 1   4336                      3959    377     4121

 COOLING
  YESTERDAY        0                         1     -1        7
  MONTH TO DATE    6                         9     -3        9
  SINCE MAR 1      6                        16    -10        9
  SINCE JAN 1      6                        16    -10        9
..................................................................

WIND (MPH)
  HIGHEST WIND SPEED    15   HIGHEST WIND DIRECTION    NW (310)
  HIGHEST GUST SPEED    22   HIGHEST GUST DIRECTION    NW (310)
  AVERAGE WIND SPEED     4.9

SKY COVER
  POSSIBLE SUNSHINE  MM
  AVERAGE SKY COVER 0.5

WEATHER CONDITIONS
 THE FOLLOWING WEATHER WAS RECORDED YESTERDAY.
  RAIN
  LIGHT RAIN
  FOG
  HAZE

RELATIVE HUMIDITY (PERCENT)
 HIGHEST    89           600 AM
 LOWEST     27           300 PM
 AVERAGE    58

..........................................................

THE JACKSON KY CLIMATE NORMALS FOR TODAY
                         NORMAL    RECORD    YEAR
 MAXIMUM TEMPERATURE (F)   67        88      2011
                                             2001
                                             1995
 MINIMUM TEMPERATURE (F)   45        26      1985

SUNRISE AND SUNSET
APRIL 10 2014.........SUNRISE   705 AM EDT   SUNSET   804 PM EDT
APRIL 11 2014.........SUNRISE   704 AM EDT   SUNSET   805 PM EDT

-  INDICATES NEGATIVE NUMBERS.
R  INDICATES RECORD WAS SET OR TIED.
MM INDICATES DATA IS MISSING.
T  INDICATES TRACE AMOUNT.

$$
