000
CDUS43 KJKL 290707
CLIJKL

CLIMATE REPORT
NATIONAL WEATHER SERVICE JACKSON KY
207 AM EST TUE NOV 29 2016

...................................

...THE JACKSON KY CLIMATE SUMMARY FOR NOVEMBER 28 2016...

CLIMATE NORMAL PERIOD 1981 TO 2010
CLIMATE RECORD PERIOD 1981 TO 2016


WEATHER ITEM   OBSERVED TIME   RECORD YEAR NORMAL DEPARTURE LAST
                VALUE   (LST)  VALUE       VALUE  FROM      YEAR
                                                  NORMAL
..................................................................
TEMPERATURE (F)
 YESTERDAY
  MAXIMUM         62    122 PM  76    2005  52     10       64
  MINIMUM         45    506 AM  16    2013  35     10       56
  AVERAGE         54                        44     10       60

PRECIPITATION (IN)
  YESTERDAY        0.08          0.92 1985   0.14  -0.06     0.29
  MONTH TO DATE    0.49                      3.67  -3.18     1.22
  SINCE SEP 1      3.32                     10.32  -7.00     5.71
  SINCE JAN 1     44.31                     43.87   0.44    51.49

SNOWFALL (IN)
  YESTERDAY        0.0           4.3  1995   0.0    0.0      0.0
  MONTH TO DATE    0.0                       0.4   -0.4       T
  SINCE SEP 1      0.0                       0.5   -0.5       T
  SINCE JUL 1      0.0                       0.5   -0.5       T
  SNOW DEPTH       0

DEGREE DAYS
 HEATING
  YESTERDAY       11                        22    -11        5
  MONTH TO DATE  386                       460    -74      328
  SINCE SEP 1    508                       755   -247      569
  SINCE JUL 1    508                       757   -249      569

 COOLING
  YESTERDAY        0                         0      0        0
  MONTH TO DATE   22                         0     22       15
  SINCE SEP 1    348                       172    176      212
  SINCE JAN 1   1580                      1150    430     1263
..................................................................


WIND (MPH)
  HIGHEST WIND SPEED    13   HIGHEST WIND DIRECTION     S (170)
  HIGHEST GUST SPEED    23   HIGHEST GUST DIRECTION     S (160)
  AVERAGE WIND SPEED     5.5


SKY COVER
  POSSIBLE SUNSHINE  MM
  AVERAGE SKY COVER 0.4


WEATHER CONDITIONS
 THE FOLLOWING WEATHER WAS RECORDED YESTERDAY.
  RAIN
  LIGHT RAIN
  FOG
  HAZE


RELATIVE HUMIDITY (PERCENT)
 HIGHEST    72          1100 PM
 LOWEST     39           600 AM
 AVERAGE    56

..........................................................


THE JACKSON KY CLIMATE NORMALS FOR TODAY
                         NORMAL    RECORD    YEAR
 MAXIMUM TEMPERATURE (F)   51        72      1991
 MINIMUM TEMPERATURE (F)   35        24      1993


SUNRISE AND SUNSET
NOVEMBER 29 2016......SUNRISE   728 AM EST   SUNSET   515 PM EST
NOVEMBER 30 2016......SUNRISE   729 AM EST   SUNSET   515 PM EST


-  INDICATES NEGATIVE NUMBERS.
R  INDICATES RECORD WAS SET OR TIED.
MM INDICATES DATA IS MISSING.
T  INDICATES TRACE AMOUNT.




$$
