000
CDUS43 KJKL 260530
CLIJKL

CLIMATE REPORT
NATIONAL WEATHER SERVICE JACKSON KY
130 AM EDT THU MAY 26 2016


...................................

...THE JACKSON KY CLIMATE SUMMARY FOR MAY 25 2016...

CLIMATE NORMAL PERIOD 1981 TO 2010
CLIMATE RECORD PERIOD 1981 TO 2016


WEATHER ITEM   OBSERVED TIME   RECORD YEAR NORMAL DEPARTURE LAST
                VALUE   (LST)  VALUE       VALUE  FROM      YEAR
                                                  NORMAL
..................................................................
TEMPERATURE (F)
 YESTERDAY
  MAXIMUM         83    248 PM  88    1991  76      7       84
  MINIMUM         60    511 AM  42    2013  57      3       64
  AVERAGE         72                        67      5       74

PRECIPITATION (IN)
  YESTERDAY        0.00          1.00 2006   0.17  -0.17     0.00
  MONTH TO DATE    6.40                      4.15   2.25     1.28
  SINCE MAR 1     12.60                     12.10   0.50    17.83
  SINCE JAN 1     22.16                     19.46   2.70    24.01

SNOWFALL (IN)
  YESTERDAY        0.0                       0.0    0.0      0.0
  MONTH TO DATE    0.0                       0.0    0.0      0.0
  SINCE MAR 1      2.9                       3.9   -1.0      3.7
  SINCE JUL 1     32.5                      23.5    9.0     29.1
  SNOW DEPTH       0

DEGREE DAYS
 HEATING
  YESTERDAY        0                         2     -2        0
  MONTH TO DATE  137                        90     47       44
  SINCE MAR 1    700                       911   -211      801
  SINCE JUL 1   3454                      4211   -757     4566

COOLING
  YESTERDAY        7                         4      3        9
  MONTH TO DATE   31                        67    -36      123
  SINCE MAR 1     85                       113    -28      148
  SINCE JAN 1     85                       113    -28      148
..................................................................


WIND (MPH)
  HIGHEST WIND SPEED     8   HIGHEST WIND DIRECTION     W (270)
  HIGHEST GUST SPEED    16   HIGHEST GUST DIRECTION     W (260)
  AVERAGE WIND SPEED     2.2


SKY COVER
  POSSIBLE SUNSHINE  MM
  AVERAGE SKY COVER 0.4


WEATHER CONDITIONS
 THE FOLLOWING WEATHER WAS RECORDED YESTERDAY.
  NO SIGNIFICANT WEATHER WAS OBSERVED.


RELATIVE HUMIDITY (PERCENT)
 HIGHEST    70          1100 PM
 LOWEST     45          1200 AM
 AVERAGE    58

..........................................................


THE JACKSON KY CLIMATE NORMALS FOR TODAY
                         NORMAL    RECORD    YEAR
 MAXIMUM TEMPERATURE (F)   77        89      2012
                                             1991
 MINIMUM TEMPERATURE (F)   57        44      1988


SUNRISE AND SUNSET
MAY 26 2016...........SUNRISE   616 AM EDT   SUNSET   845 PM EDT
MAY 27 2016...........SUNRISE   615 AM EDT   SUNSET   846 PM EDT


-  INDICATES NEGATIVE NUMBERS.
R  INDICATES RECORD WAS SET OR TIED.
MM INDICATES DATA IS MISSING.
T  INDICATES TRACE AMOUNT.

$$
