000
CDUS43 KJKL 021053
CLIJKL

CLIMATE REPORT
NATIONAL WEATHER SERVICE JACKSON KY
653 AM EDT MON MAY 2 2016

...................................

...THE JACKSON KY CLIMATE SUMMARY FOR MAY 1 2016...

CLIMATE NORMAL PERIOD 1981 TO 2010
CLIMATE RECORD PERIOD 1981 TO 2016


WEATHER ITEM   OBSERVED TIME   RECORD YEAR NORMAL DEPARTURE LAST
                VALUE   (LST)  VALUE       VALUE  FROM      YEAR
                                                  NORMAL
..................................................................

TEMPERATURE (F)
 YESTERDAY
  MAXIMUM         80    438 PM  88    2007  72      8       65
  MINIMUM         60    727 AM  41    1994  51      9       43
  AVERAGE         70                        62      8       54

PRECIPITATION (IN)
  YESTERDAY        2.08R         1.02 2010   0.15   1.93     0.00
  MONTH TO DATE    2.08                      0.15   1.93     0.00
  SINCE MAR 1      8.28                      8.10   0.18    16.55
  SINCE JAN 1     17.84                     15.46   2.38    22.73

SNOWFALL (IN)
  YESTERDAY        0.0           0.0  2002   0.0    0.0      0.0
                                      2001
  MONTH TO DATE    0.0                       0.0    0.0      0.0
  SINCE MAR 1      2.9                       3.9   -1.0      3.7
  SINCE JUL 1     32.5                      23.5    9.0     29.1
  SNOW DEPTH       0

DEGREE DAYS
 HEATING
  YESTERDAY        0                         5     -5       11
  MONTH TO DATE    0                         5     -5       11
  SINCE MAR 1    563                       826   -263      768
  SINCE JUL 1   3317                      4126   -809     4533

 COOLING
  YESTERDAY        5                         2      3        0
  MONTH TO DATE    5                         2      3        0
  SINCE MAR 1     59                        48     11       25
  SINCE JAN 1     59                        48     11       25
..................................................................

WIND (MPH)
  HIGHEST WIND SPEED    17   HIGHEST WIND DIRECTION    NW (310)
  HIGHEST GUST SPEED    25   HIGHEST GUST DIRECTION    NW (300)
  AVERAGE WIND SPEED     2.4


SKY COVER
  POSSIBLE SUNSHINE  MM
  AVERAGE SKY COVER 0.5


WEATHER CONDITIONS
 THE FOLLOWING WEATHER WAS RECORDED YESTERDAY.
  THUNDERSTORM
  HEAVY RAIN
  RAIN
  LIGHT RAIN
  FOG
  FOG W/VISIBILITY <= 1/4 MILE


RELATIVE HUMIDITY (PERCENT)
 HIGHEST    97           300 AM
 LOWEST     54           400 PM
 AVERAGE    76
..........................................................

THE JACKSON KY CLIMATE NORMALS FOR TODAY
                         NORMAL    RECORD    YEAR
 MAXIMUM TEMPERATURE (F)   72        87      2012
 MINIMUM TEMPERATURE (F)   51        37      2004


SUNRISE AND SUNSET
MAY  2 2016...........SUNRISE   636 AM EDT   SUNSET   825 PM EDT
MAY  3 2016...........SUNRISE   635 AM EDT   SUNSET   826 PM EDT


-  INDICATES NEGATIVE NUMBERS.
R  INDICATES RECORD WAS SET OR TIED.
MM INDICATES DATA IS MISSING.
T  INDICATES TRACE AMOUNT.
$$
