000
CDUS43 KJKL 190535
CLIJKL

CLIMATE REPORT
NATIONAL WEATHER SERVICE JACKSON KY
135 AM EDT FRI SEP 19 2014
...................................

...THE JACKSON KY CLIMATE SUMMARY FOR SEPTEMBER 18 2014...

CLIMATE NORMAL PERIOD 1981 TO 2010
CLIMATE RECORD PERIOD 1981 TO 2014

WEATHER ITEM   OBSERVED TIME   RECORD YEAR NORMAL DEPARTURE LAST
                VALUE   (LST)  VALUE       VALUE  FROM      YEAR
                                                  NORMAL
..................................................................
TEMPERATURE (F)
 YESTERDAY
  MAXIMUM         72    348 PM  91    1991  77     -5       67
  MINIMUM         53    545 AM  42    1981  57     -4       60
  AVERAGE         63                        67     -4       64

PRECIPITATION (IN)
  YESTERDAY        0.00          1.62 1992   0.11  -0.11     0.17
  MONTH TO DATE    2.35                      2.03   0.32     0.60
  SINCE SEP 1      2.35                      2.03   0.32     0.60
  SINCE JAN 1     40.65                     35.58   5.07    43.82

SNOWFALL (IN)
  YESTERDAY        0.0                       0.0    0.0      0.0
  MONTH TO DATE    0.0                       0.0    0.0      0.0
  SINCE SEP 1      0.0                       0.0    0.0      0.0
  SINCE JUL 1      0.0                       0.0    0.0      0.0
  SNOW DEPTH       0

DEGREE DAYS
 HEATING
  YESTERDAY        2                         2      0        1
  MONTH TO DATE   20                        12      8       15
  SINCE SEP 1     20                        12      8       15
  SINCE JUL 1     23                        14      9       17

 COOLING
  YESTERDAY        0                         4     -4        0
  MONTH TO DATE  107                       107      0      108
  SINCE SEP 1    107                       107      0      108
  SINCE JAN 1   1108                      1085     23     1003
..................................................................

WIND (MPH)
  HIGHEST WIND SPEED     7   HIGHEST WIND DIRECTION    SE (130)
  HIGHEST GUST SPEED    10   HIGHEST GUST DIRECTION    SE (120)
  AVERAGE WIND SPEED     0.4

SKY COVER
  POSSIBLE SUNSHINE  MM
  AVERAGE SKY COVER 0.3

WEATHER CONDITIONS
 THE FOLLOWING WEATHER WAS RECORDED YESTERDAY.
  FOG
  HAZE

RELATIVE HUMIDITY (PERCENT)
 HIGHEST    93           100 AM
 LOWEST     49           100 PM
 AVERAGE    71
..........................................................

THE JACKSON KY CLIMATE NORMALS FOR TODAY
                         NORMAL    RECORD    YEAR
 MAXIMUM TEMPERATURE (F)   77        91      2005
 MINIMUM TEMPERATURE (F)   57        46      2012

SUNRISE AND SUNSET
SEPTEMBER 19 2014.....SUNRISE   718 AM EDT   SUNSET   735 PM EDT
SEPTEMBER 20 2014.....SUNRISE   719 AM EDT   SUNSET   733 PM EDT

-  INDICATES NEGATIVE NUMBERS.
R  INDICATES RECORD WAS SET OR TIED.
MM INDICATES DATA IS MISSING.
T  INDICATES TRACE AMOUNT.

$$
