000
CDUS43 KJKL 280521
CLIJKL

CLIMATE REPORT
NATIONAL WEATHER SERVICE JACKSON KY
120 AM EDT SUN SEP 28 2014

...................................

...THE JACKSON KY CLIMATE SUMMARY FOR SEPTEMBER 27 2014...

CLIMATE NORMAL PERIOD 1981 TO 2010
CLIMATE RECORD PERIOD 1981 TO 2014


WEATHER ITEM   OBSERVED TIME   RECORD YEAR NORMAL DEPARTURE LAST
                VALUE   (LST)  VALUE       VALUE  FROM      YEAR
                                                  NORMAL
..................................................................
TEMPERATURE (F)
 YESTERDAY
  MAXIMUM         80    216 PM  87    1998  74      6       77
                                      1986
  MINIMUM         61    709 AM  40    2000  54      7       56
  AVERAGE         71                        64      7       67

PRECIPITATION (IN)
  YESTERDAY        0.00          0.86 1984   0.11  -0.11     0.00
  MONTH TO DATE    2.35                      3.11  -0.76     1.27
  SINCE SEP 1      2.35                      3.11  -0.76     1.27
  SINCE JAN 1     40.65                     36.66   3.99    44.49

SNOWFALL (IN)
  YESTERDAY        0.0                       0.0    0.0      0.0
  MONTH TO DATE    0.0                       0.0    0.0      0.0
  SINCE SEP 1      0.0                       0.0    0.0      0.0
  SINCE JUL 1      0.0                       0.0    0.0      0.0
  SNOW DEPTH       0

DEGREE DAYS
 HEATING
  YESTERDAY        0                         4     -4        0
  MONTH TO DATE   33                        37     -4       28
  SINCE SEP 1     33                        37     -4       28
  SINCE JUL 1     36                        39     -3       30

 COOLING
  YESTERDAY        6                         3      3        2
  MONTH TO DATE  133                       137     -4      126
  SINCE SEP 1    133                       137     -4      126
  SINCE JAN 1   1134                      1115     19     1021
..................................................................


WIND (MPH)
  HIGHEST WIND SPEED     6   HIGHEST WIND DIRECTION     E (110)
  HIGHEST GUST SPEED    10   HIGHEST GUST DIRECTION    SE (120)
  AVERAGE WIND SPEED     1.2


SKY COVER
  POSSIBLE SUNSHINE  MM
  AVERAGE SKY COVER 0.0


WEATHER CONDITIONS
 THE FOLLOWING WEATHER WAS RECORDED YESTERDAY.
  NO SIGNIFICANT WEATHER WAS OBSERVED.


RELATIVE HUMIDITY (PERCENT)
 HIGHEST    97           700 AM
 LOWEST     48           300 PM
 AVERAGE    73

..........................................................


THE JACKSON KY CLIMATE NORMALS FOR TODAY
                         NORMAL    RECORD    YEAR
 MAXIMUM TEMPERATURE (F)   74        87      1986
 MINIMUM TEMPERATURE (F)   54        41      1985


SUNRISE AND SUNSET
SEPTEMBER 28 2014.....SUNRISE   726 AM EDT   SUNSET   721 PM EDT
SEPTEMBER 29 2014.....SUNRISE   727 AM EDT   SUNSET   719 PM EDT


-  INDICATES NEGATIVE NUMBERS.
R  INDICATES RECORD WAS SET OR TIED.
MM INDICATES DATA IS MISSING.
T  INDICATES TRACE AMOUNT.




$$
