195
CDUS43 KJKL 140524
CLIJKL

CLIMATE REPORT
NATIONAL WEATHER SERVICE JACKSON KY
1224 AM EST SAT JAN 14 2017

...................................

...THE JACKSON KY CLIMATE SUMMARY FOR JANUARY 13 2017...

CLIMATE NORMAL PERIOD 1981 TO 2010
CLIMATE RECORD PERIOD 1981 TO 2017

WEATHER ITEM   OBSERVED TIME   RECORD YEAR NORMAL DEPARTURE LAST
                VALUE   (LST)  VALUE       VALUE  FROM      YEAR
                                                  NORMAL
..................................................................
TEMPERATURE (F)
 YESTERDAY
  MAXIMUM         51   1246 AM  72    2005  43      8       34
  MINIMUM         38   1159 PM   8    1997  27     11       12
  AVERAGE         45                        35     10       23

PRECIPITATION (IN)
  YESTERDAY        0.42          0.85 2013   0.11   0.31     0.00
  MONTH TO DATE    1.99                      1.49   0.50     0.84
  SINCE DEC 1      8.15                      5.67   2.48     5.48
  SINCE JAN 1      1.99                      1.49   0.50     0.84

SNOWFALL (IN)
  YESTERDAY        0.0           2.5  1982   0.2   -0.2      0.0
  MONTH TO DATE    2.5                       2.8   -0.3      0.2
  SINCE DEC 1      2.8                       7.7   -4.9      0.2
  SINCE JUL 1      2.8                       8.3   -5.5      0.2
  SNOW DEPTH       0

DEGREE DAYS
 HEATING
  YESTERDAY       20                        30    -10       42
  MONTH TO DATE  351                       390    -39      389
  SINCE DEC 1   1148                      1224    -76      817
  SINCE JUL 1   1674                      2024   -350     1415

 COOLING
  YESTERDAY        0                         0      0        0
  MONTH TO DATE    0                         0      0        0
  SINCE DEC 1      0                         1     -1        2
  SINCE JAN 1      0                         0      0        0
..................................................................

WIND (MPH)
  HIGHEST WIND SPEED     8   HIGHEST WIND DIRECTION    NE (60)
  HIGHEST GUST SPEED    13   HIGHEST GUST DIRECTION     E (70)
  AVERAGE WIND SPEED     3.8

SKY COVER
  POSSIBLE SUNSHINE  MM
  AVERAGE SKY COVER 1.0

WEATHER CONDITIONS
 THE FOLLOWING WEATHER WAS RECORDED YESTERDAY.
  HEAVY RAIN
  RAIN
  LIGHT RAIN
  FOG
  FOG W/VISIBILITY <= 1/4 MILE

RELATIVE HUMIDITY (PERCENT)
 HIGHEST   100          1000 AM
 LOWEST     92           500 AM
 AVERAGE    96

..........................................................

THE JACKSON KY CLIMATE NORMALS FOR TODAY
                         NORMAL    RECORD    YEAR
 MAXIMUM TEMPERATURE (F)   43        68      1995
 MINIMUM TEMPERATURE (F)   27         5      1994

SUNRISE AND SUNSET
JANUARY 14 2017.......SUNRISE   747 AM EST   SUNSET   538 PM EST
JANUARY 15 2017.......SUNRISE   747 AM EST   SUNSET   539 PM EST

-  INDICATES NEGATIVE NUMBERS.
R  INDICATES RECORD WAS SET OR TIED.
MM INDICATES DATA IS MISSING.
T  INDICATES TRACE AMOUNT.

$$
