258
CDUS43 KJKL 010705
CLIJKL

CLIMATE REPORT
NATIONAL WEATHER SERVICE JACKSON KY
305 AM EDT SUN MAY 1 2016

...................................

...THE JACKSON KY CLIMATE SUMMARY FOR APRIL 30 2016...

CLIMATE NORMAL PERIOD 1981 TO 2010
CLIMATE RECORD PERIOD 1981 TO 2016


WEATHER ITEM   OBSERVED TIME   RECORD YEAR NORMAL DEPARTURE LAST
                VALUE   (LST)  VALUE       VALUE  FROM      YEAR
                                                  NORMAL
..................................................................
TEMPERATURE (F)
 YESTERDAY
  MAXIMUM         62    107 PM  88    1986  72    -10       62
  MINIMUM         56    546 AM  33    2008  51      5       46
  AVERAGE         59                        61     -2       54

PRECIPITATION (IN)
  YESTERDAY        0.88          1.59 2005   0.13   0.75     0.18
  MONTH TO DATE    3.82                      3.83  -0.01    10.29
  SINCE MAR 1      6.20                      7.95  -1.75    16.55
  SINCE JAN 1     15.76                     15.31   0.45    22.73

SNOWFALL (IN)
  YESTERDAY        0.0           0.0  2002   0.0    0.0      0.0
  MONTH TO DATE    0.1                       1.0   -0.9      0.0
  SINCE MAR 1      2.9                       3.9   -1.0      3.7
  SINCE JUL 1     32.5                      23.5    9.0     29.1
  SNOW DEPTH       0

DEGREE DAYS
 HEATING
  YESTERDAY        6                         5      1       11
  MONTH TO DATE  224                       269    -45      209
  SINCE MAR 1    563                       821   -258      757
  SINCE JUL 1   3317                      4121   -804     4522

 COOLING
  YESTERDAY        0                         2     -2        0
  MONTH TO DATE   46                        39      7       25
  SINCE MAR 1     54                        46      8       25
  SINCE JAN 1     54                        46      8       25
..................................................................


WIND (MPH)
  HIGHEST WIND SPEED     7   HIGHEST WIND DIRECTION    SE (140)
  HIGHEST GUST SPEED    13   HIGHEST GUST DIRECTION    NE (40)
  AVERAGE WIND SPEED     2.1


SKY COVER
  POSSIBLE SUNSHINE  MM
  AVERAGE SKY COVER 0.8


WEATHER CONDITIONS
 THE FOLLOWING WEATHER WAS RECORDED YESTERDAY.
  THUNDERSTORM
  HEAVY RAIN
  RAIN
  LIGHT RAIN
  FOG
  FOG W/VISIBILITY <= 1/4 MILE


RELATIVE HUMIDITY (PERCENT)
 HIGHEST    97           600 PM
 LOWEST     69          1200 AM
 AVERAGE    83

..........................................................


THE JACKSON KY CLIMATE NORMALS FOR TODAY
                         NORMAL    RECORD    YEAR
 MAXIMUM TEMPERATURE (F)   72        88      2007
 MINIMUM TEMPERATURE (F)   51        41      1994


SUNRISE AND SUNSET
MAY  1 2016...........SUNRISE   637 AM EDT   SUNSET   824 PM EDT
MAY  2 2016...........SUNRISE   636 AM EDT   SUNSET   825 PM EDT


-  INDICATES NEGATIVE NUMBERS.
R  INDICATES RECORD WAS SET OR TIED.
MM INDICATES DATA IS MISSING.
T  INDICATES TRACE AMOUNT.




$$
