000
CDUS43 KJKL 102023
CLIJKL

CLIMATE REPORT
NATIONAL WEATHER SERVICE JACKSON KY
423 PM EDT THU APR 10 2014

...................................

...THE JACKSON KY CLIMATE SUMMARY FOR APRIL 10 2014...
VALID TODAY AS OF 0400 PM LOCAL TIME.

CLIMATE NORMAL PERIOD 1981 TO 2010
CLIMATE RECORD PERIOD 1981 TO 2014


WEATHER ITEM   OBSERVED TIME   RECORD YEAR NORMAL DEPARTURE LAST
                VALUE   (LST)  VALUE       VALUE  FROM      YEAR
                                                  NORMAL
..................................................................
TEMPERATURE (F)
 TODAY
  MAXIMUM         76    235 PM  88    2011  67      9       85
                                      2001
                                      1995
  MINIMUM         44    623 AM  26    1985  45     -1       63
  AVERAGE         60                        56      4       74

PRECIPITATION (IN)
  TODAY            0.00          0.55 2003   0.13  -0.13     0.00
  MONTH TO DATE    2.14                      1.25   0.89     0.19
  SINCE MAR 1      7.65                      5.37   2.28     4.82
  SINCE JAN 1     15.27                     12.73   2.54    12.46

SNOWFALL (IN)
  TODAY            0.0                       0.1   -0.1      0.0
  MONTH TO DATE    0.0                       0.6   -0.6      0.0
  SINCE MAR 1     10.9                       3.5    7.4     10.7
  SINCE JUL 1     37.9                      23.1   14.8     20.0
  SNOW DEPTH       0

DEGREE DAYS
 HEATING
  TODAY            5                        10     -5        0
  MONTH TO DATE   73                       116    -43      110
  SINCE MAR 1    740                       669     71      895
  SINCE JUL 1   4341                      3969    372     4121

 COOLING
  TODAY            0                         1     -1        9
  MONTH TO DATE    6                        10     -4       18
  SINCE MAR 1      6                        17    -11       18
  SINCE JAN 1      6                        17    -11       18
..................................................................

WIND (MPH)
  HIGHEST WIND SPEED    13   HIGHEST WIND DIRECTION     S (180)
  HIGHEST GUST SPEED    28   HIGHEST GUST DIRECTION     S (170)
  AVERAGE WIND SPEED     5.5

SKY COVER
  POSSIBLE SUNSHINE  MM
  AVERAGE SKY COVER 0.0

WEATHER CONDITIONS
 THE FOLLOWING WEATHER WAS RECORDED TODAY.
  NO SIGNIFICANT WEATHER WAS OBSERVED.

RELATIVE HUMIDITY (PERCENT)
 HIGHEST    58           500 AM
 LOWEST     19           200 PM
 AVERAGE    39

..........................................................

THE JACKSON KY CLIMATE NORMALS FOR TOMORROW
                         NORMAL    RECORD    YEAR
 MAXIMUM TEMPERATURE (F)   67        85      2011
                                             2001
 MINIMUM TEMPERATURE (F)   45        27      1989

SUNRISE AND SUNSET
APRIL 10 2014.........SUNRISE   705 AM EDT   SUNSET   804 PM EDT
APRIL 11 2014.........SUNRISE   704 AM EDT   SUNSET   805 PM EDT

-  INDICATES NEGATIVE NUMBERS.
R  INDICATES RECORD WAS SET OR TIED.
MM INDICATES DATA IS MISSING.
T  INDICATES TRACE AMOUNT.

$$

CARICO
