000
CDUS43 KJKL 212022
CLIJKL

CLIMATE REPORT
NATIONAL WEATHER SERVICE JACKSON KY
422 PM EDT MON JUL 21 2014

...................................

...THE LONDON KY CLIMATE SUMMARY FOR JULY 21 2014...
VALID TODAY AS OF 0400 PM LOCAL TIME.

CLIMATE NORMAL PERIOD 1981 TO 2010
CLIMATE RECORD PERIOD 1954 TO 2014

WEATHER ITEM   OBSERVED TIME   RECORD YEAR NORMAL DEPARTURE LAST
                VALUE   (LST)  VALUE       VALUE  FROM      YEAR
                                                  NORMAL
..................................................................
TEMPERATURE (F)
 TODAY
  MAXIMUM         89    241 PM  95    2008  86      3       80
  MINIMUM         67    611 AM  54    1971  66      1       71
  AVERAGE         78                        76      2       76

PRECIPITATION (IN)
  TODAY            0.01          0.73 1961   0.13  -0.12     0.09
  MONTH TO DATE    5.93                      2.76   3.17     6.58
  SINCE JUN 1       MM                       7.16    MM     13.82
  SINCE JAN 1       MM                      27.69    MM     36.83

SNOWFALL (IN)
  TODAY           MM
  MONTH TO DATE   MM
  SINCE JUN 1     MM
  SINCE JUL 1     MM
  SNOW DEPTH      MM

DEGREE DAYS
 HEATING
  TODAY            0                         0      0        0
  MONTH TO DATE    0                         0      0        0
  SINCE JUN 1      0                         9     -9        0
  SINCE JUL 1      0                         0      0        0

 COOLING
  TODAY           13                        11      2       11
  MONTH TO DATE  203                       231    -28      216
  SINCE JUN 1     MM                       474     MM      447
  SINCE JAN 1     MM                       588     MM      547
..................................................................

WIND (MPH)
  HIGHEST WIND SPEED     8   HIGHEST WIND DIRECTION     E (80)
  HIGHEST GUST SPEED    11   HIGHEST GUST DIRECTION     E (80)
  AVERAGE WIND SPEED     1.2

SKY COVER
  POSSIBLE SUNSHINE  MM
  AVERAGE SKY COVER 0.3

WEATHER CONDITIONS
 THE FOLLOWING WEATHER WAS RECORDED TODAY.
  FOG

RELATIVE HUMIDITY (PERCENT)
 HIGHEST    93           500 AM
 LOWEST     46           100 PM
 AVERAGE    70

..........................................................

THE LONDON KY CLIMATE NORMALS FOR TOMORROW
                         NORMAL    RECORD    YEAR
 MAXIMUM TEMPERATURE (F)   86        94      1978
 MINIMUM TEMPERATURE (F)   66        56      2007
                                             1966

SUNRISE AND SUNSET
JULY 21 2014..........SUNRISE   633 AM EDT   SUNSET   852 PM EDT
JULY 22 2014..........SUNRISE   633 AM EDT   SUNSET   852 PM EDT

-  INDICATES NEGATIVE NUMBERS.
R  INDICATES RECORD WAS SET OR TIED.
MM INDICATES DATA IS MISSING.
T  INDICATES TRACE AMOUNT.

$$

CARICO
