000
CDUS43 KJKL 041016 RRA
CLIJKL

CLIMATE REPORT
NATIONAL WEATHER SERVICE JACKSON KY
616 AM EDT WED MAY 4 2016

...................................

...THE JACKSON KY CLIMATE SUMMARY FOR MAY 3 2016...

CLIMATE NORMAL PERIOD 1981 TO 2010
CLIMATE RECORD PERIOD 1981 TO 2016


WEATHER ITEM   OBSERVED TIME   RECORD YEAR NORMAL DEPARTURE LAST
                VALUE   (LST)  VALUE       VALUE  FROM      YEAR
                                                  NORMAL
..................................................................

TEMPERATURE (F)
 YESTERDAY
  MAXIMUM         65    203 PM  84    2012  72     -7       79
                                      2001
  MINIMUM         52   1150 PM  32    2004  52      0       51
  AVERAGE         59                        62     -3       65

PRECIPITATION (IN)
  YESTERDAY        0.06          1.61 2009   0.16  -0.10     0.00
  MONTH TO DATE    3.31                      0.46   2.85     0.00
  SINCE MAR 1      9.51                      8.41   1.10    16.55
  SINCE JAN 1     19.07                     15.77   3.30    22.73

SNOWFALL (IN)
  YESTERDAY        0.0           0.0  2002   0.0    0.0      0.0
                                      2001
  MONTH TO DATE    0.0                       0.0    0.0      0.0
  SINCE MAR 1      2.9                       3.9   -1.0      3.7
  SINCE JUL 1     32.5                      23.5    9.0     29.1
  SNOW DEPTH       0

DEGREE DAYS
 HEATING
  YESTERDAY        6                         5      1        0
  MONTH TO DATE    6                        15     -9       15
  SINCE MAR 1    569                       836   -267      772
  SINCE JUL 1   3323                      4136   -813     4537

 COOLING
  YESTERDAY        0                         2     -2        0
  MONTH TO DATE    6                         6      0        0
  SINCE MAR 1     60                        52      8       25
  SINCE JAN 1     60                        52      8       25
..................................................................

WIND (MPH)
  HIGHEST WIND SPEED    14   HIGHEST WIND DIRECTION     W (280)
  HIGHEST GUST SPEED    20   HIGHEST GUST DIRECTION     W (280)
  AVERAGE WIND SPEED     4.1


SKY COVER
  POSSIBLE SUNSHINE  MM
  AVERAGE SKY COVER 1.0


WEATHER CONDITIONS
 THE FOLLOWING WEATHER WAS RECORDED YESTERDAY.
  THUNDERSTORM
  RAIN
  LIGHT RAIN
  FOG
  FOG W/VISIBILITY <= 1/4 MILE


RELATIVE HUMIDITY (PERCENT)
 HIGHEST   100          1200 AM
 LOWEST     56           300 PM
 AVERAGE    78
..........................................................

THE JACKSON KY CLIMATE NORMALS FOR TODAY
                         NORMAL    RECORD    YEAR
 MAXIMUM TEMPERATURE (F)   72        85      2001
 MINIMUM TEMPERATURE (F)   52        34      2004


SUNRISE AND SUNSET
MAY  4 2016...........SUNRISE   634 AM EDT   SUNSET   827 PM EDT
MAY  5 2016...........SUNRISE   633 AM EDT   SUNSET   827 PM EDT


-  INDICATES NEGATIVE NUMBERS.
R  INDICATES RECORD WAS SET OR TIED.
MM INDICATES DATA IS MISSING.
T  INDICATES TRACE AMOUNT.
$$
