407
CDUS43 KJKL 242024
CLIJKL

CLIMATE REPORT
NATIONAL WEATHER SERVICE JACKSON KY
424 PM EDT SUN SEP 24 2017

...................................

...THE JACKSON KY CLIMATE SUMMARY FOR SEPTEMBER 24 2017...
VALID TODAY AS OF 0400 PM LOCAL TIME.

CLIMATE NORMAL PERIOD 1981 TO 2010
CLIMATE RECORD PERIOD 1981 TO 2017

WEATHER ITEM   OBSERVED TIME   RECORD YEAR NORMAL DEPARTURE LAST
                VALUE   (LST)  VALUE       VALUE  FROM      YEAR
                                                  NORMAL
..................................................................
TEMPERATURE (F)
 TODAY
  MAXIMUM         86    254 PM  93    2005  75     11       88
  MINIMUM         65    652 AM  34    1989  55     10       65
  AVERAGE         76                        65     11       77

PRECIPITATION (IN)
  TODAY            0.00          1.89 2000   0.12  -0.12     0.00
  MONTH TO DATE    3.33                      2.76   0.57     0.94
  SINCE SEP 1      3.33                      2.76   0.57     0.94
  SINCE JAN 1     41.65                     36.31   5.34    41.93

SNOWFALL (IN)
  TODAY            0.0                       0.0    0.0      0.0
  MONTH TO DATE    0.0                       0.0    0.0      0.0
  SINCE SEP 1      0.0                       0.0    0.0      0.0
  SINCE JUL 1      0.0                       0.0    0.0      0.0
  SNOW DEPTH       0

DEGREE DAYS
 HEATING
  TODAY            0                         3     -3        0
  MONTH TO DATE   29                        27      2        0
  SINCE SEP 1     29                        27      2        0
  SINCE JUL 1     29                        29      0        0

 COOLING
  TODAY           11                         3      8       12
  MONTH TO DATE  100                       128    -28      232
  SINCE SEP 1    100                       128    -28      232
  SINCE JAN 1   1102                      1106     -4     1464
..................................................................

WIND (MPH)
  HIGHEST WIND SPEED     6   HIGHEST WIND DIRECTION     E (110)
  HIGHEST GUST SPEED     9   HIGHEST GUST DIRECTION     E (110)
  AVERAGE WIND SPEED     1.3

SKY COVER
  POSSIBLE SUNSHINE  MM
  AVERAGE SKY COVER 0.0

WEATHER CONDITIONS
 THE FOLLOWING WEATHER WAS RECORDED TODAY.
  NO SIGNIFICANT WEATHER WAS OBSERVED.

RELATIVE HUMIDITY (PERCENT)
 HIGHEST    87           400 AM
 LOWEST     45           300 PM
 AVERAGE    66

..........................................................

THE JACKSON KY CLIMATE NORMALS FOR TOMORROW
                         NORMAL    RECORD    YEAR
 MAXIMUM TEMPERATURE (F)   75        89      2007
                                             2005
 MINIMUM TEMPERATURE (F)   55        42      2001

SUNRISE AND SUNSET
SEPTEMBER 24 2017.....SUNRISE   723 AM EDT   SUNSET   727 PM EDT
SEPTEMBER 25 2017.....SUNRISE   724 AM EDT   SUNSET   725 PM EDT

-  INDICATES NEGATIVE NUMBERS.
R  INDICATES RECORD WAS SET OR TIED.
MM INDICATES DATA IS MISSING.
T  INDICATES TRACE AMOUNT.

$$

CARICO
