436
CDUS43 KJKL 190537
CLIJKL

CLIMATE REPORT
NATIONAL WEATHER SERVICE JACKSON KY
1237 AM EST THU JAN 19 2017


...................................

...THE JACKSON KY CLIMATE SUMMARY FOR JANUARY 18 2017...

CLIMATE NORMAL PERIOD 1981 TO 2010
CLIMATE RECORD PERIOD 1981 TO 2017


WEATHER ITEM   OBSERVED TIME   RECORD YEAR NORMAL DEPARTURE LAST
                VALUE   (LST)  VALUE       VALUE  FROM      YEAR
                                                  NORMAL
..................................................................
TEMPERATURE (F)
 YESTERDAY
  MAXIMUM         51   1212 AM  71    1996  43      8       20
  MINIMUM         39   1159 PM -12    1994  27     12        6
  AVERAGE         45                        35     10       13

PRECIPITATION (IN)
  YESTERDAY        T             0.89 2004   0.11  -0.11      T
  MONTH TO DATE    2.86                      2.06   0.80     1.00
  SINCE DEC 1      9.02                      6.24   2.78     5.64
  SINCE JAN 1      2.86                      2.06   0.80     1.00

SNOWFALL (IN)
  YESTERDAY        0.0           4.1  1984   0.2   -0.2       T
  MONTH TO DATE    2.5                       3.9   -1.4      0.5
  SINCE DEC 1      2.8                       8.8   -6.0      0.5
  SINCE JUL 1      2.8                       9.4   -6.6      0.5
  SNOW DEPTH       0

DEGREE DAYS
 HEATING
  YESTERDAY       20                        30    -10       52
  MONTH TO DATE  431                       540   -109      548
  SINCE DEC 1   1228                      1374   -146      976
  SINCE JUL 1   1754                      2174   -420     1574

COOLING
  YESTERDAY        0                         0      0        0
  MONTH TO DATE    0                         0      0        0
  SINCE DEC 1      0                         1     -1        2
  SINCE JAN 1      0                         0      0        0
..................................................................


WIND (MPH)
  HIGHEST WIND SPEED    14   HIGHEST WIND DIRECTION     W (280)
  HIGHEST GUST SPEED    21   HIGHEST GUST DIRECTION     W (280)
  AVERAGE WIND SPEED     4.6


SKY COVER
  POSSIBLE SUNSHINE  MM
  AVERAGE SKY COVER 0.9


WEATHER CONDITIONS
 THE FOLLOWING WEATHER WAS RECORDED YESTERDAY.
  NO SIGNIFICANT WEATHER WAS OBSERVED.


RELATIVE HUMIDITY (PERCENT)
 HIGHEST    89           600 AM
 LOWEST     76           200 PM
 AVERAGE    83

..........................................................


THE JACKSON KY CLIMATE NORMALS FOR TODAY
                         NORMAL    RECORD    YEAR
 MAXIMUM TEMPERATURE (F)   43        64      1995
 MINIMUM TEMPERATURE (F)   27       -18      1994


SUNRISE AND SUNSET
JANUARY 19 2017.......SUNRISE   745 AM EST   SUNSET   543 PM EST
JANUARY 20 2017.......SUNRISE   745 AM EST   SUNSET   544 PM EST


-  INDICATES NEGATIVE NUMBERS.
R  INDICATES RECORD WAS SET OR TIED.
MM INDICATES DATA IS MISSING.
T  INDICATES TRACE AMOUNT.




$$
