598
CDUS43 KJKL 172120
CLIJKL

CLIMATE REPORT
NATIONAL WEATHER SERVICE JACKSON KY
420 PM EST SAT FEB 17 2018

...................................

...THE JACKSON KY CLIMATE SUMMARY FOR FEBRUARY 17 2018...
VALID TODAY AS OF 0400 PM LOCAL TIME.

CLIMATE NORMAL PERIOD 1981 TO 2010
CLIMATE RECORD PERIOD 1981 TO 2018

WEATHER ITEM   OBSERVED TIME   RECORD YEAR NORMAL DEPARTURE LAST
                VALUE   (LST)  VALUE       VALUE  FROM      YEAR
                                                  NORMAL
..................................................................
TEMPERATURE (F)
 TODAY
  MAXIMUM         39   1240 PM  70    2011  48     -9       69
  MINIMUM         34    703 AM   7    2015  30      4       38
  AVERAGE         37                        39     -2       54

PRECIPITATION (IN)
  TODAY            0.56          1.15 1986   0.14   0.42     0.00
  MONTH TO DATE    6.38                      2.26   4.12     1.26
  SINCE DEC 1     11.58                     10.05   1.53    12.13
  SINCE JAN 1      8.30                      5.87   2.43     5.97

SNOWFALL (IN)
  TODAY            0.0           1.6  2007   0.2   -0.2      0.0
  MONTH TO DATE    2.6                       4.7   -2.1       T
  SINCE DEC 1     10.4                      16.7   -6.3      4.6
  SINCE JUL 1     10.4                      17.3   -6.9      4.6
  SNOW DEPTH       0

DEGREE DAYS
 HEATING
  TODAY           28                        26      2       11
  MONTH TO DATE  419                       468    -49      357
  SINCE DEC 1   2298                      2234     64     1852
  SINCE JUL 1   3020                      3034    -14     2378

 COOLING
  TODAY            0                         0      0        0
  MONTH TO DATE    1                         0      1        0
  SINCE DEC 1      1                         1      0        0
  SINCE JAN 1      1                         0      1        0
..................................................................

WIND (MPH)
  HIGHEST WIND SPEED     9   HIGHEST WIND DIRECTION     S (160)
  HIGHEST GUST SPEED    14   HIGHEST GUST DIRECTION     S (180)
  AVERAGE WIND SPEED     2.4

SKY COVER
  POSSIBLE SUNSHINE  MM
  AVERAGE SKY COVER 0.9

WEATHER CONDITIONS
 THE FOLLOWING WEATHER WAS RECORDED TODAY.
  HEAVY RAIN
  RAIN
  LIGHT RAIN
  FOG
  FOG W/VISIBILITY <= 1/4 MILE

RELATIVE HUMIDITY (PERCENT)
 HIGHEST   100           100 PM
 LOWEST     85          1200 AM
 AVERAGE    93
..........................................................

THE JACKSON KY CLIMATE NORMALS FOR TOMORROW
                         NORMAL    RECORD    YEAR
 MAXIMUM TEMPERATURE (F)   49        70      1994
                                             1986
 MINIMUM TEMPERATURE (F)   31         5      2015

SUNRISE AND SUNSET
FEBRUARY 17 2018......SUNRISE   720 AM EST   SUNSET   615 PM EST
FEBRUARY 18 2018......SUNRISE   719 AM EST   SUNSET   616 PM EST

-  INDICATES NEGATIVE NUMBERS.
R  INDICATES RECORD WAS SET OR TIED.
MM INDICATES DATA IS MISSING.
T  INDICATES TRACE AMOUNT.

$$

TAB
