000
CDUS43 KJKL 230830
CLIJKL

CLIMATE REPORT
NATIONAL WEATHER SERVICE JACKSON KY
330 AM EST WED NOV 23 2016

...................................

...THE JACKSON KY CLIMATE SUMMARY FOR NOVEMBER 22 2016...

CLIMATE NORMAL PERIOD 1981 TO 2010
CLIMATE RECORD PERIOD 1981 TO 2016

WEATHER ITEM   OBSERVED TIME   RECORD YEAR NORMAL DEPARTURE LAST
                VALUE   (LST)  VALUE       VALUE  FROM      YEAR
                                                  NORMAL
..................................................................
TEMPERATURE (F)
 YESTERDAY
  MAXIMUM         50    412 PM  72    2010  55     -5       38
                                      1999
                                      1983
  MINIMUM         25    743 AM  16    2008  37    -12       27
                                      2000
  AVERAGE         38                        46     -8       33

PRECIPITATION (IN)
  YESTERDAY        0.00          2.99 1991   0.14  -0.14      T
  MONTH TO DATE    0.40                      2.85  -2.45     0.93
  SINCE SEP 1      3.23                      9.50  -6.27     5.42
  SINCE JAN 1     44.22                     43.05   1.17    51.20

SNOWFALL (IN)
  YESTERDAY        0.0           0.1  2002   0.0    0.0       T
  MONTH TO DATE    0.0                       0.2   -0.2       T
  SINCE SEP 1      0.0                       0.3   -0.3       T
  SINCE JUL 1      0.0                       0.3   -0.3       T
  SNOW DEPTH       0

DEGREE DAYS
 HEATING
  YESTERDAY       27                        19      8       32
  MONTH TO DATE  281                       336    -55      249
  SINCE SEP 1    403                       631   -228      490
  SINCE JUL 1    403                       633   -230      490

 COOLING
  YESTERDAY        0                         0      0        0
  MONTH TO DATE   22                         0     22       15
  SINCE SEP 1    348                       172    176      212
  SINCE JAN 1   1580                      1150    430     1263
..................................................................

WIND (MPH)
  HIGHEST WIND SPEED     7   HIGHEST WIND DIRECTION     E (70)
  HIGHEST GUST SPEED    14   HIGHEST GUST DIRECTION     E (90)
  AVERAGE WIND SPEED     1.4

SKY COVER
  POSSIBLE SUNSHINE  MM
  AVERAGE SKY COVER 0.0

WEATHER CONDITIONS
 THE FOLLOWING WEATHER WAS RECORDED YESTERDAY.
  NO SIGNIFICANT WEATHER WAS OBSERVED.

RELATIVE HUMIDITY (PERCENT)
 HIGHEST    88           700 AM
 LOWEST     29           400 PM
 AVERAGE    59

..........................................................

THE JACKSON KY CLIMATE NORMALS FOR TODAY
                         NORMAL    RECORD    YEAR
 MAXIMUM TEMPERATURE (F)   54        75      1999
 MINIMUM TEMPERATURE (F)   37        21      2015

SUNRISE AND SUNSET
NOVEMBER 23 2016......SUNRISE   722 AM EST   SUNSET   517 PM EST
NOVEMBER 24 2016......SUNRISE   723 AM EST   SUNSET   517 PM EST

-  INDICATES NEGATIVE NUMBERS.
R  INDICATES RECORD WAS SET OR TIED.
MM INDICATES DATA IS MISSING.
T  INDICATES TRACE AMOUNT.

$$
