000
CDUS43 KJKL 110539
CLIJKL

CLIMATE REPORT
NATIONAL WEATHER SERVICE JACKSON KY
1232 AM EST SAT FEB 11 2017

...................................

...THE JACKSON KY CLIMATE SUMMARY FOR FEBRUARY 10 2017...

CLIMATE NORMAL PERIOD 1981 TO 2010
CLIMATE RECORD PERIOD 1981 TO 2017

WEATHER ITEM   OBSERVED TIME   RECORD YEAR NORMAL DEPARTURE LAST
                VALUE   (LST)  VALUE       VALUE  FROM      YEAR
                                                  NORMAL
..................................................................
TEMPERATURE (F)
 YESTERDAY
  MAXIMUM         54   1159 PM  67    2009  46      8       20
                                      1993
  MINIMUM         19    346 AM  11    1982  29    -10       13
  AVERAGE         37                        38     -1       17

PRECIPITATION (IN)
  YESTERDAY        0.00          0.80 1994   0.13  -0.13      T
  MONTH TO DATE    1.26                      1.33  -0.07     2.07
  SINCE DEC 1     12.13                      9.12   3.01    10.00
  SINCE JAN 1      5.97                      4.94   1.03     5.36

SNOWFALL (IN)
  YESTERDAY        0.0           4.9  2010   0.2   -0.2      0.5
  MONTH TO DATE    T                         2.8   -2.8      1.9
  SINCE DEC 1      4.6                      14.8  -10.2     23.3
  SINCE JUL 1      4.6                      15.4  -10.8     23.3
  SNOW DEPTH       0

DEGREE DAYS
 HEATING
  YESTERDAY       28                        27      1       48
  MONTH TO DATE  231                       283    -52      262
  SINCE DEC 1   1726                      2049   -323     1676
  SINCE JUL 1   2252                      2849   -597     2274

 COOLING
  YESTERDAY        0                         0      0        0
  MONTH TO DATE    0                         0      0        0
  SINCE DEC 1      0                         1     -1        2
  SINCE JAN 1      0                         0      0        0
..................................................................

WIND (MPH)
  HIGHEST WIND SPEED    14   HIGHEST WIND DIRECTION    SW (230)
  HIGHEST GUST SPEED    25   HIGHEST GUST DIRECTION    SW (210)
  AVERAGE WIND SPEED     5.2

SKY COVER
  POSSIBLE SUNSHINE  MM
  AVERAGE SKY COVER 0.1

WEATHER CONDITIONS
 THE FOLLOWING WEATHER WAS RECORDED YESTERDAY.
  NO SIGNIFICANT WEATHER WAS OBSERVED.

RELATIVE HUMIDITY (PERCENT)
 HIGHEST    73           200 AM
 LOWEST     24           300 PM
 AVERAGE    49
..........................................................

THE JACKSON KY CLIMATE NORMALS FOR TODAY
                         NORMAL    RECORD    YEAR
 MAXIMUM TEMPERATURE (F)   47        74      2009
                                             1999
 MINIMUM TEMPERATURE (F)   29         1      1981

SUNRISE AND SUNSET
FEBRUARY 11 2017......SUNRISE   727 AM EST   SUNSET   609 PM EST
FEBRUARY 12 2017......SUNRISE   726 AM EST   SUNSET   610 PM EST

-  INDICATES NEGATIVE NUMBERS.
R  INDICATES RECORD WAS SET OR TIED.
MM INDICATES DATA IS MISSING.
T  INDICATES TRACE AMOUNT.

$$

SHALLENBERGER
