000
CDUS43 KJKL 080538
CLIJKL

CLIMATE REPORT
NATIONAL WEATHER SERVICE JACKSON KY
138 AM EDT TUE APR 8 2014
...................................

...THE JACKSON KY CLIMATE SUMMARY FOR APRIL 7 2014...

CLIMATE NORMAL PERIOD 1981 TO 2010
CLIMATE RECORD PERIOD 1981 TO 2014

WEATHER ITEM   OBSERVED TIME   RECORD YEAR NORMAL DEPARTURE LAST
                VALUE   (LST)  VALUE       VALUE  FROM      YEAR
                                                  NORMAL
..................................................................
TEMPERATURE (F)
 YESTERDAY
  MAXIMUM         68    416 PM  85    2010  66      2       75
  MINIMUM         50    831 AM  20    1982  44      6       56
  AVERAGE         59                        55      4       66

PRECIPITATION (IN)
  YESTERDAY        0.09          1.19 2006   0.12  -0.03     0.00
  MONTH TO DATE    2.07                      0.86   1.21     0.19
  SINCE MAR 1      7.58                      4.98   2.60     4.82
  SINCE JAN 1     15.20                     12.34   2.86    12.46

SNOWFALL (IN)
  YESTERDAY        0.0                       0.0    0.0      0.0
  MONTH TO DATE    0.0                       0.4   -0.4      0.0
  SINCE MAR 1     10.9                       3.3    7.6     10.7
  SINCE JUL 1     37.9                      22.9   15.0     20.0
  SNOW DEPTH       0

DEGREE DAYS
 HEATING
  YESTERDAY        6                        11     -5        0
  MONTH TO DATE   45                        84    -39      110
  SINCE MAR 1    712                       637     75      895
  SINCE JUL 1   4313                      3937    376     4121

 COOLING
  YESTERDAY        0                         1     -1        1
  MONTH TO DATE    6                         7     -1        1
  SINCE MAR 1      6                        14     -8        1
  SINCE JAN 1      6                        14     -8        1
..................................................................

WIND (MPH)
  HIGHEST WIND SPEED    24   HIGHEST WIND DIRECTION    SW (240)
  HIGHEST GUST SPEED    39   HIGHEST GUST DIRECTION     W (250)
  AVERAGE WIND SPEED     6.3

SKY COVER
  POSSIBLE SUNSHINE  MM
  AVERAGE SKY COVER 0.9

WEATHER CONDITIONS
 THE FOLLOWING WEATHER WAS RECORDED YESTERDAY.
  HEAVY RAIN
  LIGHT RAIN
  FOG

RELATIVE HUMIDITY (PERCENT)
 HIGHEST    86           800 AM
 LOWEST     36          1200 AM
 AVERAGE    61
..........................................................

THE JACKSON KY CLIMATE NORMALS FOR TODAY
                         NORMAL    RECORD    YEAR
 MAXIMUM TEMPERATURE (F)   66        87      2001
 MINIMUM TEMPERATURE (F)   44        21      2007

SUNRISE AND SUNSET
APRIL  8 2014.........SUNRISE   708 AM EDT   SUNSET   802 PM EDT
APRIL  9 2014.........SUNRISE   707 AM EDT   SUNSET   803 PM EDT

-  INDICATES NEGATIVE NUMBERS.
R  INDICATES RECORD WAS SET OR TIED.
MM INDICATES DATA IS MISSING.
T  INDICATES TRACE AMOUNT.

$$
JMW
