895
CDUS43 KJKL 151147 CCA
CLIJKL

CLIMATE REPORT...CORRECTION
NATIONAL WEATHER SERVICE JACKSON KY
1233 AM EST MON JAN 15 2018


...................................

...THE JACKSON KY CLIMATE SUMMARY FOR JANUARY 14 2018...

CLIMATE NORMAL PERIOD 1981 TO 2010
CLIMATE RECORD PERIOD 1981 TO 2018


WEATHER ITEM   OBSERVED TIME   RECORD YEAR NORMAL DEPARTURE LAST
                VALUE   (LST)  VALUE       VALUE  FROM      YEAR
                                                  NORMAL
..................................................................
TEMPERATURE (F)
 YESTERDAY
  MAXIMUM         22    205 PM  68    1995  43    -21       56
  MINIMUM          8    752 AM   5    1994  27    -19       38
  AVERAGE         15                        35    -20       47

PRECIPITATION (IN)
  YESTERDAY        T             1.06 1995   0.11  -0.11     0.26
  MONTH TO DATE    0.87                      1.60  -0.73     2.25
  SINCE DEC 1      4.15                      5.78  -1.63     8.41
  SINCE JAN 1      0.87                      1.60  -0.73     2.25

SNOWFALL (IN)
  YESTERDAY        T             2.8  1994   0.2   -0.2      0.0
  MONTH TO DATE    1.2                       3.0   -1.8      2.5
  SINCE DEC 1      2.2                       7.9   -5.7      2.8
  SINCE JUL 1      2.2                       8.5   -6.3      2.8
  SNOW DEPTH       1

DEGREE DAYS
 HEATING
  YESTERDAY       50                        30     20       18
  MONTH TO DATE  525                       420    105      369
  SINCE DEC 1   1405                      1254    151     1166
  SINCE JUL 1   2127                      2054     73     1692

COOLING
  YESTERDAY        0                         0      0        0
  MONTH TO DATE    0                         0      0        0
  SINCE DEC 1      0                         1     -1        0
  SINCE JAN 1      0                         0      0        0
..................................................................


WIND (MPH)
  HIGHEST WIND SPEED     6   HIGHEST WIND DIRECTION    SE (120)
  HIGHEST GUST SPEED    11   HIGHEST GUST DIRECTION     E (90)
  AVERAGE WIND SPEED     2.5


SKY COVER
  POSSIBLE SUNSHINE  MM
  AVERAGE SKY COVER 0.3


WEATHER CONDITIONS
 THE FOLLOWING WEATHER WAS RECORDED YESTERDAY.
  LIGHT SNOW


RELATIVE HUMIDITY (PERCENT)
 HIGHEST    80           400 AM
 LOWEST     57           300 PM
 AVERAGE    69

..........................................................


THE JACKSON KY CLIMATE NORMALS FOR TODAY
                         NORMAL    RECORD    YEAR
 MAXIMUM TEMPERATURE (F)   43        64      2007
 MINIMUM TEMPERATURE (F)   27        -6      1994


SUNRISE AND SUNSET
JANUARY 15 2018.......SUNRISE   747 AM EST   SUNSET   539 PM EST
JANUARY 16 2018.......SUNRISE   747 AM EST   SUNSET   540 PM EST


-  INDICATES NEGATIVE NUMBERS.
R  INDICATES RECORD WAS SET OR TIED.
MM INDICATES DATA IS MISSING.
T  INDICATES TRACE AMOUNT.




$$

...CORRECTED SNOW DEPTH...
