382
CDUS43 KJKL 261013
CLIJKL

CLIMATE REPORT
NATIONAL WEATHER SERVICE JACKSON KY
613 AM EDT FRI AUG 26 2016

...................................

...THE JACKSON KY CLIMATE SUMMARY FOR AUGUST 25 2016...

CLIMATE NORMAL PERIOD 1981 TO 2010
CLIMATE RECORD PERIOD 1981 TO 2016


WEATHER ITEM   OBSERVED TIME   RECORD YEAR NORMAL DEPARTURE LAST
                VALUE   (LST)  VALUE       VALUE  FROM      YEAR
                                                  NORMAL
..................................................................

TEMPERATURE (F)
 YESTERDAY
  MAXIMUM         90    350 PM  94    1995  84      6       76
  MINIMUM         72    653 AM  55    1984  64      8       56
  AVERAGE         81                        74      7       66

PRECIPITATION (IN)
  YESTERDAY        T             0.54 1985   0.11  -0.11     0.00
  MONTH TO DATE    6.45                      3.10   3.35     5.02
  SINCE JUN 1     17.81                     12.45   5.36    21.31
  SINCE JAN 1     40.61                     32.96   7.65    45.78

SNOWFALL (IN)
  YESTERDAY        0.0                       0.0    0.0      0.0
  MONTH TO DATE    0.0                       0.0    0.0      0.0
  SINCE JUN 1      0.0                       0.0    0.0      0.0
  SINCE JUL 1      0.0                       0.0    0.0      0.0
  SNOW DEPTH       0

DEGREE DAYS
 HEATING
  YESTERDAY        0                         0      0        0
  MONTH TO DATE    0                         0      0        0
  SINCE JUN 1      1                        12    -11        9
  SINCE JUL 1      0                         0      0        0

 COOLING
  YESTERDAY       16                         9      7        1
  MONTH TO DATE  315                       246     69      212
  SINCE JUN 1   1002                       790    212      811
  SINCE JAN 1   1143                       926    217     1015
..................................................................

WIND (MPH)
  HIGHEST WIND SPEED     7   HIGHEST WIND DIRECTION     W (280)
  HIGHEST GUST SPEED    13   HIGHEST GUST DIRECTION     W (270)
  AVERAGE WIND SPEED     1.0


SKY COVER
  POSSIBLE SUNSHINE  MM
  AVERAGE SKY COVER 0.2


WEATHER CONDITIONS
 THE FOLLOWING WEATHER WAS RECORDED YESTERDAY.
  NO SIGNIFICANT WEATHER WAS OBSERVED.


RELATIVE HUMIDITY (PERCENT)
 HIGHEST    93           500 AM
 LOWEST     59           300 PM
 AVERAGE    76
..........................................................

THE JACKSON KY CLIMATE NORMALS FOR TODAY
                         NORMAL    RECORD    YEAR
 MAXIMUM TEMPERATURE (F)   84        93      1993
                                             1987
 MINIMUM TEMPERATURE (F)   64        57      2015


SUNRISE AND SUNSET
AUGUST 26 2016........SUNRISE   659 AM EDT   SUNSET   810 PM EDT
AUGUST 27 2016........SUNRISE   700 AM EDT   SUNSET   809 PM EDT


-  INDICATES NEGATIVE NUMBERS.
R  INDICATES RECORD WAS SET OR TIED.
MM INDICATES DATA IS MISSING.
T  INDICATES TRACE AMOUNT.
$$
