000
CDUS43 KJKL 210527
CLIJKL

CLIMATE REPORT
NATIONAL WEATHER SERVICE JACKSON KY
125 AM EDT THU MAY 21 2015

...................................

...THE JACKSON KY CLIMATE SUMMARY FOR MAY 20 2015...

CLIMATE NORMAL PERIOD 1981 TO 2010
CLIMATE RECORD PERIOD 1981 TO 2015

WEATHER ITEM   OBSERVED TIME   RECORD YEAR NORMAL DEPARTURE LAST
                VALUE   (LST)  VALUE       VALUE  FROM      YEAR
                                                  NORMAL
..................................................................
TEMPERATURE (F)
 YESTERDAY
  MAXIMUM         74    346 PM  87    1996  75     -1       82
  MINIMUM         49    558 AM  38    2002  56     -7       55
  AVERAGE         62                        65     -3       69

PRECIPITATION (IN)
  YESTERDAY        T             0.62 1998   0.17  -0.17     0.00
  MONTH TO DATE    1.17                      3.29  -2.12     1.21
  SINCE MAR 1     17.72                     11.24   6.48    12.15
  SINCE JAN 1     23.90                     18.60   5.30    19.77

SNOWFALL (IN)
  YESTERDAY        0.0           0.0         0.0    0.0      0.0

  MONTH TO DATE    0.0                       0.0    0.0      0.0
  SINCE MAR 1      3.7                       3.9   -0.2     11.9
  SINCE JUL 1     29.1                      23.5    5.6     38.9
  SNOW DEPTH       0

DEGREE DAYS
 HEATING
  YESTERDAY        3                         3      0        0
  MONTH TO DATE   25                        78    -53       78
  SINCE MAR 1    782                       899   -117      907
  SINCE JUL 1   4547                      4199    348     4508

 COOLING
  YESTERDAY        0                         3     -3        4
  MONTH TO DATE  108                        49     59       78
  SINCE MAR 1    133                        95     38      117
  SINCE JAN 1    133                        95     38      117
..................................................................


WIND (MPH)
  HIGHEST WIND SPEED     6   HIGHEST WIND DIRECTION    SE (150)
  HIGHEST GUST SPEED     9   HIGHEST GUST DIRECTION    NE (30)
  AVERAGE WIND SPEED     0.9


SKY COVER
  POSSIBLE SUNSHINE  MM
  AVERAGE SKY COVER 0.1


WEATHER CONDITIONS
 THE FOLLOWING WEATHER WAS RECORDED YESTERDAY.
  LIGHT RAIN


RELATIVE HUMIDITY (PERCENT)
 HIGHEST    86           600 AM
 LOWEST     46           400 PM
 AVERAGE    66

..........................................................


THE JACKSON KY CLIMATE NORMALS FOR TODAY
                         NORMAL    RECORD    YEAR
 MAXIMUM TEMPERATURE (F)   75        86      2013
 MINIMUM TEMPERATURE (F)   56        40      2002


SUNRISE AND SUNSET
MAY 21 2015...........SUNRISE   619 AM EDT   SUNSET   841 PM EDT
MAY 22 2015...........SUNRISE   619 AM EDT   SUNSET   841 PM EDT


-  INDICATES NEGATIVE NUMBERS.
R  INDICATES RECORD WAS SET OR TIED.
MM INDICATES DATA IS MISSING.
T  INDICATES TRACE AMOUNT.

$$
GREIF
