000
CDUS43 KJKL 220654
CLIJKL

CLIMATE REPORT
NATIONAL WEATHER SERVICE JACKSON KY
153 AM EST SAT NOV 22 2014

...................................

...THE JACKSON KY CLIMATE SUMMARY FOR NOVEMBER 21 2014...

CLIMATE NORMAL PERIOD 1981 TO 2010
CLIMATE RECORD PERIOD 1981 TO 2014


WEATHER ITEM   OBSERVED TIME   RECORD YEAR NORMAL DEPARTURE LAST
                VALUE   (LST)  VALUE       VALUE  FROM      YEAR
                                                  NORMAL
..................................................................
TEMPERATURE (F)
 YESTERDAY
  MAXIMUM         42    244 PM  74    1994  55    -13       64
  MINIMUM         21    744 AM  19    2000  38    -17       41
  AVERAGE         32                        46    -14       53

PRECIPITATION (IN)
  YESTERDAY        0.00          0.78 1997   0.15  -0.15     0.01
  MONTH TO DATE    2.70                      2.71  -0.01     1.44
  SINCE SEP 1     12.82                      9.36   3.46     4.84
  SINCE JAN 1     51.12                     42.91   8.21    48.06

SNOWFALL (IN)
  YESTERDAY        0.0                       0.0    0.0      0.0
  MONTH TO DATE    1.0                       0.2    0.8      0.9
  SINCE SEP 1      1.0                       0.3    0.7      1.0
  SINCE JUL 1      1.0                       0.3    0.7      1.0
  SNOW DEPTH       0

DEGREE DAYS
 HEATING
  YESTERDAY       33                        19     14       12
  MONTH TO DATE  521                       317    204      337
  SINCE SEP 1    817                       612    205      605
  SINCE JUL 1    820                       614    206      607

 COOLING
  YESTERDAY        0                         0      0        0
  MONTH TO DATE    0                         0      0        0
  SINCE SEP 1    164                       172     -8      174
  SINCE JAN 1   1165                      1150     15     1069
..................................................................


WIND (MPH)
  HIGHEST WIND SPEED     6   HIGHEST WIND DIRECTION    SE (130)
  HIGHEST GUST SPEED    10   HIGHEST GUST DIRECTION     W (260)
  AVERAGE WIND SPEED     1.4


SKY COVER
  POSSIBLE SUNSHINE  MM
  AVERAGE SKY COVER 0.0


WEATHER CONDITIONS
 THE FOLLOWING WEATHER WAS RECORDED YESTERDAY.
  NO SIGNIFICANT WEATHER WAS OBSERVED.


RELATIVE HUMIDITY (PERCENT)
 HIGHEST    77           300 AM
 LOWEST     27           300 PM
 AVERAGE    52

..........................................................


THE JACKSON KY CLIMATE NORMALS FOR TODAY
                         NORMAL    RECORD    YEAR
 MAXIMUM TEMPERATURE (F)   55        72      2010
                                             1999
                                             1983
 MINIMUM TEMPERATURE (F)   37        16      2008
                                             2000


SUNRISE AND SUNSET
NOVEMBER 22 2014......SUNRISE   720 AM EST   SUNSET   518 PM EST
NOVEMBER 23 2014......SUNRISE   721 AM EST   SUNSET   518 PM EST


-  INDICATES NEGATIVE NUMBERS.
R  INDICATES RECORD WAS SET OR TIED.
MM INDICATES DATA IS MISSING.
T  INDICATES TRACE AMOUNT.




$$
