000
CDUS43 KJKL 282019
CLIJKL

CLIMATE REPORT
NATIONAL WEATHER SERVICE JACKSON KY
419 PM EDT TUE JUL 28 2015

...................................

...THE JACKSON KY CLIMATE SUMMARY FOR JULY 28 2015...
VALID TODAY AS OF 0400 PM LOCAL TIME.

CLIMATE NORMAL PERIOD 1981 TO 2010
CLIMATE RECORD PERIOD 1981 TO 2015

WEATHER ITEM   OBSERVED TIME   RECORD YEAR NORMAL DEPARTURE LAST
                VALUE   (LST)  VALUE       VALUE  FROM      YEAR
                                                  NORMAL
..................................................................
TEMPERATURE (F)
 TODAY
  MAXIMUM         89    119 PM  94    1993  85      4       73
  MINIMUM         71    534 AM  57    2004  66      5       63
  AVERAGE         80                        75      5       68

PRECIPITATION (IN)
  TODAY            0.00          0.79 2001   0.15  -0.15      T
                                      1981
  MONTH TO DATE    8.87                      4.20   4.67     5.77
  SINCE JUN 1     16.29                      8.90   7.39     8.89
  SINCE JAN 1     40.76                     29.41  11.35    29.75

SNOWFALL (IN)
  TODAY            0.0                       0.0    0.0      0.0
  MONTH TO DATE    0.0                       0.0    0.0      0.0
  SINCE JUN 1      0.0                       0.0    0.0      0.0
  SINCE JUL 1      0.0                       0.0    0.0      0.0
  SNOW DEPTH       0

DEGREE DAYS
 HEATING
  TODAY            0                         0      0        0
  MONTH TO DATE    0                         0      0        1
  SINCE JUN 1      9                        12     -3        1
  SINCE JUL 1      0                         0      0        1

 COOLING
  TODAY           15                        10      5        3
  MONTH TO DATE  288                       286      2      243
  SINCE JUN 1    562                       509     53      530
  SINCE JAN 1    766                       645    121      721
..................................................................

WIND (MPH)
  HIGHEST WIND SPEED     7   HIGHEST WIND DIRECTION     W (260)
  HIGHEST GUST SPEED    12   HIGHEST GUST DIRECTION     W (250)
  AVERAGE WIND SPEED     0.7

SKY COVER
  POSSIBLE SUNSHINE  MM
  AVERAGE SKY COVER 0.6

WEATHER CONDITIONS
 THE FOLLOWING WEATHER WAS RECORDED TODAY.
  FOG
  FOG W/VISIBILITY <= 1/4 MILE

RELATIVE HUMIDITY (PERCENT)
 HIGHEST   100           200 AM
 LOWEST     59           100 PM
 AVERAGE    80
..........................................................

THE JACKSON KY CLIMATE NORMALS FOR TOMORROW
                         NORMAL    RECORD    YEAR
 MAXIMUM TEMPERATURE (F)   85        93      1999
                                             1995
 MINIMUM TEMPERATURE (F)   66        55      2014
                                             2013

SUNRISE AND SUNSET
JULY 28 2015..........SUNRISE   634 AM EDT   SUNSET   845 PM EDT
JULY 29 2015..........SUNRISE   634 AM EDT   SUNSET   845 PM EDT

-  INDICATES NEGATIVE NUMBERS.
R  INDICATES RECORD WAS SET OR TIED.
MM INDICATES DATA IS MISSING.
T  INDICATES TRACE AMOUNT.

$$

TAB
