000
CDUS43 KJKL 260834
CLIJKL

CLIMATE REPORT
NATIONAL WEATHER SERVICE JACKSON KY
434 AM EDT FRI SEP 26 2014

...................................

...THE JACKSON KY CLIMATE SUMMARY FOR SEPTEMBER 25 2014...

CLIMATE NORMAL PERIOD 1981 TO 2010
CLIMATE RECORD PERIOD 1981 TO 2014


WEATHER ITEM   OBSERVED TIME   RECORD YEAR NORMAL DEPARTURE LAST
                VALUE   (LST)  VALUE       VALUE  FROM      YEAR
                                                  NORMAL
..................................................................

TEMPERATURE (F)
 YESTERDAY
  MAXIMUM         79    322 PM  89    2007  75      4       69
                                      2005
  MINIMUM         57    710 AM  42    2001  55      2       61
  AVERAGE         68                        65      3       65

PRECIPITATION (IN)
  YESTERDAY        0.00          1.10 1994   0.12  -0.12     0.01
  MONTH TO DATE    2.35                      2.88  -0.53     1.27
  SINCE SEP 1      2.35                      2.88  -0.53     1.27
  SINCE JAN 1     40.65                     36.43   4.22    44.49

SNOWFALL (IN)
  YESTERDAY        0.0                       0.0    0.0      0.0
  MONTH TO DATE    0.0                       0.0    0.0      0.0
  SINCE SEP 1      0.0                       0.0    0.0      0.0
  SINCE JUL 1      0.0                       0.0    0.0      0.0
  SNOW DEPTH       0

DEGREE DAYS
 HEATING
  YESTERDAY        0                         3     -3        0
  MONTH TO DATE   33                        30      3       28
  SINCE SEP 1     33                        30      3       28
  SINCE JUL 1     36                        32      4       30

 COOLING
  YESTERDAY        3                         3      0        0
  MONTH TO DATE  122                       131     -9      123
  SINCE SEP 1    122                       131     -9      123
  SINCE JAN 1   1123                      1109     14     1018
..................................................................

WIND (MPH)
  HIGHEST WIND SPEED     7   HIGHEST WIND DIRECTION     E (90)
  HIGHEST GUST SPEED    10   HIGHEST GUST DIRECTION     E (80)
  AVERAGE WIND SPEED     0.8


SKY COVER
  POSSIBLE SUNSHINE  MM
  AVERAGE SKY COVER 0.1


WEATHER CONDITIONS
 THE FOLLOWING WEATHER WAS RECORDED YESTERDAY.
  NO SIGNIFICANT WEATHER WAS OBSERVED.


RELATIVE HUMIDITY (PERCENT)
 HIGHEST    84          1100 PM
 LOWEST     54           300 PM
 AVERAGE    69
..........................................................

THE JACKSON KY CLIMATE NORMALS FOR TODAY
                         NORMAL    RECORD    YEAR
 MAXIMUM TEMPERATURE (F)   74        87      1998
                                             1986
 MINIMUM TEMPERATURE (F)   54        41      2001


SUNRISE AND SUNSET
SEPTEMBER 26 2014.....SUNRISE   724 AM EDT   SUNSET   724 PM EDT
SEPTEMBER 27 2014.....SUNRISE   725 AM EDT   SUNSET   722 PM EDT


-  INDICATES NEGATIVE NUMBERS.
R  INDICATES RECORD WAS SET OR TIED.
MM INDICATES DATA IS MISSING.
T  INDICATES TRACE AMOUNT.
$$
