000
CDUS43 KJKL 240540
CLIJKL

CLIMATE REPORT
NATIONAL WEATHER SERVICE JACKSON KY
1224 AM EST TUE FEB 24 2015

...................................

...THE JACKSON KY CLIMATE SUMMARY FOR FEBRUARY 23 2015...

CLIMATE NORMAL PERIOD 1981 TO 2010
CLIMATE RECORD PERIOD 1981 TO 2015

WEATHER ITEM   OBSERVED TIME   RECORD YEAR NORMAL DEPARTURE LAST
                VALUE   (LST)  VALUE       VALUE  FROM      YEAR
                                                  NORMAL
..................................................................
TEMPERATURE (F)
 YESTERDAY
  MAXIMUM         30    143 AM  79    1996  50    -20       64
  MINIMUM         12R  1153 PM  15    2009  32    -20       32
                                      1989
  AVERAGE         21                        41    -20       48

PRECIPITATION (IN)
  YESTERDAY        T             0.94 1994   0.14  -0.14     0.08
  MONTH TO DATE    4.04                      3.07   0.97     4.41
  SINCE DEC 1      8.65                     10.86  -2.21    14.65
  SINCE JAN 1      6.16                      6.68  -0.52     7.56

SNOWFALL (IN)
  YESTERDAY        T             1.6  2003   0.2   -0.2      0.1
  MONTH TO DATE   20.9                       6.0   14.9      7.6
  SINCE DEC 1     23.6                      18.0    5.6     23.0
  SINCE JUL 1     24.8                      18.6    6.2     25.9
  SNOW DEPTH       5

DEGREE DAYS
 HEATING
  YESTERDAY       44                        24     20       17
  MONTH TO DATE  860                       617    243      640
  SINCE DEC 1   2584                      2383    201     2537
  SINCE JUL 1   3574                      3183    391     3424

 COOLING
  YESTERDAY        0                         0      0        0
  MONTH TO DATE    0                         0      0        0
  SINCE DEC 1      0                         1     -1        0
  SINCE JAN 1      0                         0      0        0
..................................................................

WIND (MPH)
  HIGHEST WIND SPEED    12   HIGHEST WIND DIRECTION    NW (330)
  HIGHEST GUST SPEED    17   HIGHEST GUST DIRECTION     N (340)
  AVERAGE WIND SPEED     4.9

SKY COVER
  POSSIBLE SUNSHINE  MM
  AVERAGE SKY COVER 0.5

WEATHER CONDITIONS
 THE FOLLOWING WEATHER WAS RECORDED YESTERDAY.
  LIGHT SNOW

RELATIVE HUMIDITY (PERCENT)
 HIGHEST    85           200 AM
 LOWEST     36           400 PM
 AVERAGE    61
..........................................................

THE JACKSON KY CLIMATE NORMALS FOR TODAY
                         NORMAL    RECORD    YEAR
 MAXIMUM TEMPERATURE (F)   50        71      2001
                                             2000
                                             1982
 MINIMUM TEMPERATURE (F)   32         8      1989

SUNRISE AND SUNSET
FEBRUARY 24 2015......SUNRISE   712 AM EST   SUNSET   622 PM EST
FEBRUARY 25 2015......SUNRISE   710 AM EST   SUNSET   623 PM EST

-  INDICATES NEGATIVE NUMBERS.
R  INDICATES RECORD WAS SET OR TIED.
MM INDICATES DATA IS MISSING.
T  INDICATES TRACE AMOUNT.

$$

SHALLENBERGER
