000
CDUS43 KJKL 230549
CLIJKL

CLIMATE REPORT
NATIONAL WEATHER SERVICE JACKSON KY
150 AM EDT WED JUL 23 2014

...................................

...THE JACKSON KY CLIMATE SUMMARY FOR JULY 22 2014...

CLIMATE NORMAL PERIOD 1981 TO 2010
CLIMATE RECORD PERIOD 1981 TO 2014

WEATHER ITEM   OBSERVED TIME   RECORD YEAR NORMAL DEPARTURE LAST
                VALUE   (LST)  VALUE       VALUE  FROM      YEAR
                                                  NORMAL
..................................................................
TEMPERATURE (F)
 YESTERDAY
  MAXIMUM         89    402 PM  93    1995  85      4       80
                                      1991
  MINIMUM         70    537 AM  58    2007  66      4       69
  AVERAGE         80                        75      5       75

PRECIPITATION (IN)
  YESTERDAY        0.00          1.41 1997   0.16  -0.16     0.68
  MONTH TO DATE    3.73                      3.28   0.45     6.11
  SINCE JUN 1      6.85                      7.98  -1.13    12.47
  SINCE JAN 1     27.71                     28.49  -0.78    32.67

SNOWFALL (IN)
  YESTERDAY        0.0                       0.0    0.0      0.0
  MONTH TO DATE    0.0                       0.0    0.0      0.0
  SINCE JUN 1      0.0                       0.0    0.0      0.0
  SINCE JUL 1      0.0                       0.0    0.0      0.0
  SNOW DEPTH       0

DEGREE DAYS
 HEATING
  YESTERDAY        0                         0      0        0
  MONTH TO DATE    1                         0      1        0
  SINCE JUN 1      1                        12    -11        0
  SINCE JUL 1      1                         0      1        0

 COOLING
  YESTERDAY       15                        10      5       10
  MONTH TO DATE  208                       226    -18      227
  SINCE JUN 1    495                       449     46      451
  SINCE JAN 1    686                       585    101      599
..................................................................

WIND (MPH)
  HIGHEST WIND SPEED     7   HIGHEST WIND DIRECTION    SE (150)
  HIGHEST GUST SPEED     9   HIGHEST GUST DIRECTION    SE (150)
  AVERAGE WIND SPEED     1.2

SKY COVER
  POSSIBLE SUNSHINE  MM
  AVERAGE SKY COVER 0.1

WEATHER CONDITIONS
 THE FOLLOWING WEATHER WAS RECORDED YESTERDAY.
  NO SIGNIFICANT WEATHER WAS OBSERVED.

RELATIVE HUMIDITY (PERCENT)
 HIGHEST    87          1100 PM
 LOWEST     50           300 PM
 AVERAGE    69
..........................................................

THE JACKSON KY CLIMATE NORMALS FOR TODAY
                         NORMAL    RECORD    YEAR
 MAXIMUM TEMPERATURE (F)   85        93      1983
 MINIMUM TEMPERATURE (F)   66        61      2007
                                             2003
                                             1981

SUNRISE AND SUNSET
JULY 23 2014..........SUNRISE   630 AM EDT   SUNSET   849 PM EDT
JULY 24 2014..........SUNRISE   631 AM EDT   SUNSET   848 PM EDT

-  INDICATES NEGATIVE NUMBERS.
R  INDICATES RECORD WAS SET OR TIED.
MM INDICATES DATA IS MISSING.
T  INDICATES TRACE AMOUNT.

$$
GREIF
