000
CDUS43 KJKL 130539
CLIJKL

CLIMATE REPORT
NATIONAL WEATHER SERVICE JACKSON KY
1239 AM EST FRI JAN 13 2017

...................................

...THE JACKSON KY CLIMATE SUMMARY FOR JANUARY 12 2017...

CLIMATE NORMAL PERIOD 1981 TO 2010
CLIMATE RECORD PERIOD 1981 TO 2017

WEATHER ITEM   OBSERVED TIME   RECORD YEAR NORMAL DEPARTURE LAST
                VALUE   (LST)  VALUE       VALUE  FROM      YEAR
                                                  NORMAL
..................................................................
TEMPERATURE (F)
 YESTERDAY
  MAXIMUM         67    252 PM  69    2005  43     24       40
  MINIMUM         51   1159 PM   2    1981  27     24       18
  AVERAGE         59                        35     24       29

PRECIPITATION (IN)
  YESTERDAY        0.28          0.84 1989   0.11   0.17     0.01
  MONTH TO DATE    1.57                      1.38   0.19     0.84
  SINCE DEC 1      7.73                      5.56   2.17     5.48
  SINCE JAN 1      1.57                      1.38   0.19     0.84

SNOWFALL (IN)
  YESTERDAY        0.0           2.8  1996   0.2   -0.2      0.1
  MONTH TO DATE    2.5                       2.6   -0.1      0.2
  SINCE DEC 1      2.8                       7.5   -4.7      0.2
  SINCE JUL 1      2.8                       8.1   -5.3      0.2
  SNOW DEPTH       0

DEGREE DAYS
 HEATING
  YESTERDAY        6                        30    -24       36
  MONTH TO DATE  331                       360    -29      347
  SINCE DEC 1   1128                      1194    -66      775
  SINCE JUL 1   1654                      1994   -340     1373

 COOLING
  YESTERDAY        0                         0      0        0
  MONTH TO DATE    0                         0      0        0
  SINCE DEC 1      0                         1     -1        2
  SINCE JAN 1      0                         0      0        0
..................................................................

WIND (MPH)
  HIGHEST WIND SPEED    13   HIGHEST WIND DIRECTION    NW (310)
  HIGHEST GUST SPEED    25   HIGHEST GUST DIRECTION    SW (220)
  AVERAGE WIND SPEED     6.1

SKY COVER
  POSSIBLE SUNSHINE  MM
  AVERAGE SKY COVER 1.0

WEATHER CONDITIONS
 THE FOLLOWING WEATHER WAS RECORDED YESTERDAY.
  RAIN
  LIGHT RAIN
  FOG

RELATIVE HUMIDITY (PERCENT)
 HIGHEST    86           700 AM
 LOWEST     63           300 PM
 AVERAGE    75

..........................................................

THE JACKSON KY CLIMATE NORMALS FOR TODAY
                         NORMAL    RECORD    YEAR
 MAXIMUM TEMPERATURE (F)   43        72      2005
 MINIMUM TEMPERATURE (F)   27         8      1997

SUNRISE AND SUNSET
JANUARY 13 2017.......SUNRISE   748 AM EST   SUNSET   537 PM EST
JANUARY 14 2017.......SUNRISE   747 AM EST   SUNSET   538 PM EST

-  INDICATES NEGATIVE NUMBERS.
R  INDICATES RECORD WAS SET OR TIED.
MM INDICATES DATA IS MISSING.
T  INDICATES TRACE AMOUNT.

$$
