000
CDUS43 KJKL 300531
CLIJKL

CLIMATE REPORT
NATIONAL WEATHER SERVICE JACKSON KY
130 AM EDT SAT APR 30 2016

...................................

...THE JACKSON KY CLIMATE SUMMARY FOR APRIL 29 2016...

CLIMATE NORMAL PERIOD 1981 TO 2010
CLIMATE RECORD PERIOD 1981 TO 2016


WEATHER ITEM   OBSERVED TIME   RECORD YEAR NORMAL DEPARTURE LAST
                VALUE   (LST)  VALUE       VALUE  FROM      YEAR
                                                  NORMAL
..................................................................
TEMPERATURE (F)
 YESTERDAY
  MAXIMUM         76    356 PM  84    1996  72      4       72
  MINIMUM         56    614 AM  35    2008  51      5       46
  AVERAGE         66                        61      5       59

PRECIPITATION (IN)
  YESTERDAY        0.00          1.79 2005   0.14  -0.14     0.00
  MONTH TO DATE    2.94                      3.70  -0.76    10.11
  SINCE MAR 1      5.32                      7.82  -2.50    16.37
  SINCE JAN 1     14.88                     15.18  -0.30    22.55

SNOWFALL (IN)
  YESTERDAY        0.0           0.0  2002   0.0    0.0      0.0
  MONTH TO DATE    0.1                       1.0   -0.9      0.0
  SINCE MAR 1      2.9                       3.9   -1.0      3.7
  SINCE JUL 1     32.5                      23.5    9.0     29.1
  SNOW DEPTH       0

DEGREE DAYS
 HEATING
  YESTERDAY        0                         6     -6        6
  MONTH TO DATE  218                       264    -46      198
  SINCE MAR 1    557                       817   -260      746
  SINCE JUL 1   3311                      4117   -806     4511

 COOLING
  YESTERDAY        1                         2     -1        0
  MONTH TO DATE   46                        39      7       25
  SINCE MAR 1     54                        46      8       25
  SINCE JAN 1     54                        46      8       25
..................................................................


WIND (MPH)
  HIGHEST WIND SPEED    13   HIGHEST WIND DIRECTION    NW (300)
  HIGHEST GUST SPEED    18   HIGHEST GUST DIRECTION     W (280)
  AVERAGE WIND SPEED     2.6


SKY COVER
  POSSIBLE SUNSHINE  MM
  AVERAGE SKY COVER 0.0


WEATHER CONDITIONS
 THE FOLLOWING WEATHER WAS RECORDED YESTERDAY.
  NO SIGNIFICANT WEATHER WAS OBSERVED.


RELATIVE HUMIDITY (PERCENT)
 HIGHEST    78           800 AM
 LOWEST     38           300 PM
 AVERAGE    58

..........................................................


THE JACKSON KY CLIMATE NORMALS FOR TODAY
                         NORMAL    RECORD    YEAR
 MAXIMUM TEMPERATURE (F)   72        88      1986
 MINIMUM TEMPERATURE (F)   51        33      2008


SUNRISE AND SUNSET
APRIL 30 2016.........SUNRISE   638 AM EDT   SUNSET   823 PM EDT
MAY  1 2016...........SUNRISE   637 AM EDT   SUNSET   824 PM EDT


-  INDICATES NEGATIVE NUMBERS.
R  INDICATES RECORD WAS SET OR TIED.
MM INDICATES DATA IS MISSING.
T  INDICATES TRACE AMOUNT.




$$
