000
CDUS43 KJKL 150548
CLIJKL

CLIMATE REPORT
NATIONAL WEATHER SERVICE JACKSON KY
1248 AM EST MON DEC 15 2014
...................................

...THE JACKSON KY CLIMATE SUMMARY FOR DECEMBER 14 2014...

CLIMATE NORMAL PERIOD 1981 TO 2010
CLIMATE RECORD PERIOD 1981 TO 2014

WEATHER ITEM   OBSERVED TIME   RECORD YEAR NORMAL DEPARTURE LAST
                VALUE   (LST)  VALUE       VALUE  FROM      YEAR
                                                  NORMAL
..................................................................
TEMPERATURE (F)
 YESTERDAY
  MAXIMUM         42    431 PM  72    1984  46     -4       49
  MINIMUM         36    840 AM   8    2010  30      6       34
  AVERAGE         39                        38      1       42

PRECIPITATION (IN)
  YESTERDAY        0.00          1.13 1987   0.15  -0.15     0.30
  MONTH TO DATE    1.56                      1.99  -0.43     4.64
  SINCE DEC 1      1.56                      1.99  -0.43     4.64
  SINCE JAN 1     52.95                     46.15   6.80    54.27

SNOWFALL (IN)
  YESTERDAY        0.0                       0.2   -0.2       T
  MONTH TO DATE    T                         1.7   -1.7      1.1
  SINCE DEC 1      T                         1.7   -1.7      1.1
  SINCE JUL 1      1.2                       2.3   -1.1      4.0
  SNOW DEPTH       0

DEGREE DAYS
 HEATING
  YESTERDAY       26                        27     -1       23
  MONTH TO DATE  340                       348     -8      350
  SINCE DEC 1    340                       348     -8      350
  SINCE JUL 1   1330                      1148    182     1237

 COOLING
  YESTERDAY        0                         0      0        0
  MONTH TO DATE    0                         0      0        0
  SINCE DEC 1      0                         0      0        0
  SINCE JAN 1   1165                      1154     11     1069
..................................................................

WIND (MPH)
  HIGHEST WIND SPEED     5   HIGHEST WIND DIRECTION    SE (130)
  HIGHEST GUST SPEED     6   HIGHEST GUST DIRECTION    SE (140)
  AVERAGE WIND SPEED     0.0

SKY COVER
  POSSIBLE SUNSHINE  MM
  AVERAGE SKY COVER 1.0

WEATHER CONDITIONS
 THE FOLLOWING WEATHER WAS RECORDED YESTERDAY.
  NO SIGNIFICANT WEATHER WAS OBSERVED.

RELATIVE HUMIDITY (PERCENT)
 HIGHEST    89           500 AM
 LOWEST     73           200 PM
 AVERAGE    81
..........................................................

THE JACKSON KY CLIMATE NORMALS FOR TODAY
                         NORMAL    RECORD    YEAR
 MAXIMUM TEMPERATURE (F)   46        73      1984
 MINIMUM TEMPERATURE (F)   30         3      1989

SUNRISE AND SUNSET
DECEMBER 15 2014......SUNRISE   741 AM EST   SUNSET   516 PM EST
DECEMBER 16 2014......SUNRISE   742 AM EST   SUNSET   516 PM EST

-  INDICATES NEGATIVE NUMBERS.
R  INDICATES RECORD WAS SET OR TIED.
MM INDICATES DATA IS MISSING.
T  INDICATES TRACE AMOUNT.

$$
