000
CDUS43 KJKL 220538
CLIJKL

CLIMATE REPORT
NATIONAL WEATHER SERVICE JACKSON KY
140 AM EDT SAT AUG 22 2015

...................................

...THE JACKSON KY CLIMATE SUMMARY FOR AUGUST 21 2015...

CLIMATE NORMAL PERIOD 1981 TO 2010
CLIMATE RECORD PERIOD 1981 TO 2015

WEATHER ITEM   OBSERVED TIME   RECORD YEAR NORMAL DEPARTURE LAST
                VALUE   (LST)  VALUE       VALUE  FROM      YEAR
                                                  NORMAL
..................................................................
TEMPERATURE (F)
 YESTERDAY
  MAXIMUM         78    318 PM  96    1983  84     -6       87
  MINIMUM         58    541 AM  55    2001  65     -7       65
  AVERAGE         68                        74     -6       76

PRECIPITATION (IN)
  YESTERDAY        0.00          1.70 1990   0.11  -0.11     0.81
  MONTH TO DATE    4.98                      2.68   2.30     6.26
  SINCE JUN 1     21.27                     12.03   9.24    15.15
  SINCE JAN 1     45.74                     32.54  13.20    36.01

SNOWFALL (IN)
  YESTERDAY        0.0                       0.0    0.0      0.0
  MONTH TO DATE    0.0                       0.0    0.0      0.0
  SINCE JUN 1      0.0                       0.0    0.0      0.0
  SINCE JUL 1      0.0                       0.0    0.0      0.0
  SNOW DEPTH       0

DEGREE DAYS
 HEATING
  YESTERDAY        0                         0      0        0
  MONTH TO DATE    0                         0      0        0
  SINCE JUN 1      9                        12     -3        3
  SINCE JUL 1      0                         0      0        3

 COOLING
  YESTERDAY        3                        10     -7       11
  MONTH TO DATE  189                       210    -21      156
  SINCE JUN 1    788                       754     34      692
  SINCE JAN 1    992                       890    102      883
..................................................................

WIND (MPH)
  HIGHEST WIND SPEED     6   HIGHEST WIND DIRECTION    NE (60)
  HIGHEST GUST SPEED     9   HIGHEST GUST DIRECTION     E (80)
  AVERAGE WIND SPEED     0.9

SKY COVER
  POSSIBLE SUNSHINE  MM
  AVERAGE SKY COVER 0.2

WEATHER CONDITIONS
 THE FOLLOWING WEATHER WAS RECORDED YESTERDAY.
  NO SIGNIFICANT WEATHER WAS OBSERVED.

RELATIVE HUMIDITY (PERCENT)
 HIGHEST    90           300 AM
 LOWEST     47           300 PM
 AVERAGE    69
..........................................................

THE JACKSON KY CLIMATE NORMALS FOR TODAY
                         NORMAL    RECORD    YEAR
 MAXIMUM TEMPERATURE (F)   84        95      1983
 MINIMUM TEMPERATURE (F)   65        54      1985

SUNRISE AND SUNSET
AUGUST 22 2015........SUNRISE   655 AM EDT   SUNSET   817 PM EDT
AUGUST 23 2015........SUNRISE   656 AM EDT   SUNSET   816 PM EDT

-  INDICATES NEGATIVE NUMBERS.
R  INDICATES RECORD WAS SET OR TIED.
MM INDICATES DATA IS MISSING.
T  INDICATES TRACE AMOUNT.

$$
GREIF
