000
CDUS43 KJKL 160959 RRA
CLIJKL

CLIMATE REPORT
NATIONAL WEATHER SERVICE JACKSON KY
459 AM EST MON JAN 16 2017

...................................

...THE JACKSON KY CLIMATE SUMMARY FOR JANUARY 15 2017...

CLIMATE NORMAL PERIOD 1981 TO 2010
CLIMATE RECORD PERIOD 1981 TO 2017


WEATHER ITEM   OBSERVED TIME   RECORD YEAR NORMAL DEPARTURE LAST
                VALUE   (LST)  VALUE       VALUE  FROM      YEAR
                                                  NORMAL
..................................................................

TEMPERATURE (F)
 YESTERDAY
  MAXIMUM         44   1218 AM  64    2007  43      1       48
  MINIMUM         39    833 PM  -6    1994  27     12       42
  AVERAGE         42                        35      7       45

PRECIPITATION (IN)
  YESTERDAY        0.09          1.78 1995   0.12  -0.03     0.14
  MONTH TO DATE    2.34                      1.72   0.62     0.98
  SINCE DEC 1      8.50                      5.90   2.60     5.62
  SINCE JAN 1      2.34                      1.72   0.62     0.98

SNOWFALL (IN)
  YESTERDAY        0.0           1.4  1983   0.2   -0.2      0.0
  MONTH TO DATE    2.5                       3.2   -0.7      0.2
  SINCE DEC 1      2.8                       8.1   -5.3      0.2
  SINCE JUL 1      2.8                       8.7   -5.9      0.2
  SNOW DEPTH       0

DEGREE DAYS
 HEATING
  YESTERDAY       23                        30     -7       20
  MONTH TO DATE  392                       450    -58      428
  SINCE DEC 1   1189                      1284    -95      856
  SINCE JUL 1   1715                      2084   -369     1454

 COOLING
  YESTERDAY        0                         0      0        0
  MONTH TO DATE    0                         0      0        0
  SINCE DEC 1      0                         1     -1        2
  SINCE JAN 1      0                         0      0        0
..................................................................

WIND (MPH)
  HIGHEST WIND SPEED     6   HIGHEST WIND DIRECTION     N (360)
  HIGHEST GUST SPEED    10   HIGHEST GUST DIRECTION    NE (30)
  AVERAGE WIND SPEED     0.9


SKY COVER
  POSSIBLE SUNSHINE  MM
  AVERAGE SKY COVER 1.0


WEATHER CONDITIONS
 THE FOLLOWING WEATHER WAS RECORDED YESTERDAY.
  LIGHT RAIN
  FOG
  FOG W/VISIBILITY <= 1/4 MILE


RELATIVE HUMIDITY (PERCENT)
 HIGHEST   100           100 AM
 LOWEST     92          1200 AM
 AVERAGE    96
..........................................................

THE JACKSON KY CLIMATE NORMALS FOR TODAY
                         NORMAL    RECORD    YEAR
 MAXIMUM TEMPERATURE (F)   43        68      1990
 MINIMUM TEMPERATURE (F)   27       -10      1982


SUNRISE AND SUNSET
JANUARY 16 2017.......SUNRISE   747 AM EST   SUNSET   540 PM EST
JANUARY 17 2017.......SUNRISE   746 AM EST   SUNSET   541 PM EST


-  INDICATES NEGATIVE NUMBERS.
R  INDICATES RECORD WAS SET OR TIED.
MM INDICATES DATA IS MISSING.
T  INDICATES TRACE AMOUNT.
$$
