266
CDUS43 KJKL 110545
CLIJKL

CLIMATE REPORT
NATIONAL WEATHER SERVICE JACKSON KY
145 AM EDT WED OCT 11 2017

...................................

...THE JACKSON KY CLIMATE SUMMARY FOR OCTOBER 10 2017...

CLIMATE NORMAL PERIOD 1981 TO 2010
CLIMATE RECORD PERIOD 1981 TO 2017

WEATHER ITEM   OBSERVED TIME   RECORD YEAR NORMAL DEPARTURE LAST
                VALUE   (LST)  VALUE       VALUE  FROM      YEAR
                                                  NORMAL
..................................................................
TEMPERATURE (F)
 YESTERDAY
  MAXIMUM         81   1247 PM  84    2010  70     11       69
  MINIMUM         64    953 PM  32    2000  50     14       46
  AVERAGE         73                        60     13       58

PRECIPITATION (IN)
  YESTERDAY        0.40          1.82 2014   0.10   0.30     0.00
  MONTH TO DATE    2.79                      1.01   1.78     0.02
  SINCE SEP 1      6.12                      4.47   1.65     1.34
  SINCE JAN 1     44.44                     38.02   6.42    42.33

SNOWFALL (IN)
  YESTERDAY        0.0                       0.0    0.0      0.0
  MONTH TO DATE    0.0                       0.0    0.0      0.0
  SINCE SEP 1      0.0                       0.0    0.0      0.0
  SINCE JUL 1      0.0                       0.0    0.0      0.0
  SNOW DEPTH       0

DEGREE DAYS
 HEATING
  YESTERDAY        0                         7     -7        7
  MONTH TO DATE    8                        56    -48       28
  SINCE SEP 1     42                       106    -64       44
  SINCE JUL 1     42                       108    -66       44

 COOLING
  YESTERDAY        8                         1      7        0
  MONTH TO DATE   46                        16     30       18
  SINCE SEP 1    180                       159     21      266
  SINCE JAN 1   1182                      1137     45     1498
..................................................................

WIND (MPH)
  HIGHEST WIND SPEED     7   HIGHEST WIND DIRECTION     N (350)
  HIGHEST GUST SPEED    14   HIGHEST GUST DIRECTION     N (360)
  AVERAGE WIND SPEED     1.1

SKY COVER
  POSSIBLE SUNSHINE  MM
  AVERAGE SKY COVER 0.3

WEATHER CONDITIONS
 THE FOLLOWING WEATHER WAS RECORDED YESTERDAY.
  HEAVY RAIN
  RAIN
  LIGHT RAIN
  FOG
  FOG W/VISIBILITY <= 1/4 MILE

RELATIVE HUMIDITY (PERCENT)
 HIGHEST   100           600 AM
 LOWEST     67           100 PM
 AVERAGE    84
..........................................................

THE JACKSON KY CLIMATE NORMALS FOR TODAY
                         NORMAL    RECORD    YEAR
 MAXIMUM TEMPERATURE (F)   70        85      2010
 MINIMUM TEMPERATURE (F)   49        34      1993

SUNRISE AND SUNSET
OCTOBER 11 2017.......SUNRISE   738 AM EDT   SUNSET   701 PM EDT
OCTOBER 12 2017.......SUNRISE   739 AM EDT   SUNSET   700 PM EDT

-  INDICATES NEGATIVE NUMBERS.
R  INDICATES RECORD WAS SET OR TIED.
MM INDICATES DATA IS MISSING.
T  INDICATES TRACE AMOUNT.

$$
