000
CDUS43 KJKL 220535
CLIJKL

CLIMATE REPORT
NATIONAL WEATHER SERVICE JACKSON KY
1234 AM EST THU JAN 22 2015

...................................

...THE JACKSON KY CLIMATE SUMMARY FOR JANUARY 21 2015...

CLIMATE NORMAL PERIOD 1981 TO 2010
CLIMATE RECORD PERIOD 1981 TO 2015


WEATHER ITEM   OBSERVED TIME   RECORD YEAR NORMAL DEPARTURE LAST
                VALUE   (LST)  VALUE       VALUE  FROM      YEAR
                                                  NORMAL
..................................................................
TEMPERATURE (F)
 YESTERDAY
  MAXIMUM         55    340 PM  65    1999  43     12       38
  MINIMUM         39    755 AM -18    1985  27     12        8
  AVERAGE         47                        35     12       23

PRECIPITATION (IN)
  YESTERDAY        T             1.52 2012   0.12  -0.12     0.36
  MONTH TO DATE    1.37                      2.42  -1.05     2.91
  SINCE DEC 1      3.86                      6.60  -2.74    10.00
  SINCE JAN 1      1.37                      2.42  -1.05     2.91

SNOWFALL (IN)
  YESTERDAY        0.0           5.4  2014   0.2   -0.2      5.4
  MONTH TO DATE    0.7                       4.6   -3.9     11.1
  SINCE DEC 1      0.7                       9.5   -8.8     12.5
  SINCE JUL 1      1.9                      10.1   -8.2     15.4
  SNOW DEPTH       0

DEGREE DAYS
 HEATING
  YESTERDAY       18                        30    -12       42
  MONTH TO DATE  649                       630     19      683
  SINCE DEC 1   1404                      1464    -60     1441
  SINCE JUL 1   2394                      2264    130     2328

 COOLING
  YESTERDAY        0                         0      0        0
  MONTH TO DATE    0                         0      0        0
  SINCE DEC 1      0                         1     -1        0
  SINCE JAN 1      0                         0      0        0
..................................................................


WIND (MPH)
  HIGHEST WIND SPEED    12   HIGHEST WIND DIRECTION     W (290)
  HIGHEST GUST SPEED    20   HIGHEST GUST DIRECTION    SW (230)
  AVERAGE WIND SPEED     4.9


SKY COVER
  POSSIBLE SUNSHINE  MM
  AVERAGE SKY COVER 0.5


WEATHER CONDITIONS
 THE FOLLOWING WEATHER WAS RECORDED YESTERDAY.
  LIGHT RAIN


RELATIVE HUMIDITY (PERCENT)
 HIGHEST    79           700 AM
 LOWEST     32           400 PM
 AVERAGE    56

..........................................................


THE JACKSON KY CLIMATE NORMALS FOR TODAY
                         NORMAL    RECORD    YEAR
 MAXIMUM TEMPERATURE (F)   43        77      1999
 MINIMUM TEMPERATURE (F)   27         0      2014


SUNRISE AND SUNSET
JANUARY 22 2015.......SUNRISE   744 AM EST   SUNSET   546 PM EST
JANUARY 23 2015.......SUNRISE   743 AM EST   SUNSET   547 PM EST


-  INDICATES NEGATIVE NUMBERS.
R  INDICATES RECORD WAS SET OR TIED.
MM INDICATES DATA IS MISSING.
T  INDICATES TRACE AMOUNT.




$$
