708
CDUS43 KJKL 230527
CLIJKL

SDFCLIJKL 000
TTAA00 KJKL 230526

CLIMATE REPORT
NATIONAL WEATHER SERVICE JACKSON KY
126 AM EDT FRI SEP 23 2016

...................................

...THE JACKSON KY CLIMATE SUMMARY FOR SEPTEMBER 22 2016...

CLIMATE NORMAL PERIOD 1981 TO 2010
CLIMATE RECORD PERIOD 1981 TO 2016


WEATHER ITEM   OBSERVED TIME   RECORD YEAR NORMAL DEPARTURE LAST
                VALUE   (LST)  VALUE       VALUE  FROM      YEAR
                                                  NORMAL
..................................................................
TEMPERATURE (F)
 YESTERDAY
  MAXIMUM         87    451 PM  91    2005  76     11       79
  MINIMUM         61    642 AM  38    1983  56      5       57
  AVERAGE         74                        66      8       68

PRECIPITATION (IN)
  YESTERDAY        0.00          1.96 1989   0.12  -0.12     0.00
  MONTH TO DATE    0.94                      2.52  -1.58     0.83
  SINCE SEP 1      0.94                      2.52  -1.58     0.83
  SINCE JAN 1     41.93                     36.07   5.86    46.61

SNOWFALL (IN)
  YESTERDAY        0.0                       0.0    0.0      0.0
  MONTH TO DATE    0.0                       0.0    0.0      0.0
  SINCE SEP 1      0.0                       0.0    0.0      0.0
  SINCE JUL 1      0.0                       0.0    0.0      0.0
  SNOW DEPTH       0

DEGREE DAYS
 HEATING
  YESTERDAY        0                         3     -3        0
  MONTH TO DATE    0                        21    -21       13
  SINCE SEP 1      0                        21    -21       13
  SINCE JUL 1      0                        23    -23       13

 COOLING
  YESTERDAY        9                         3      6        3
  MONTH TO DATE  208                       122     86      153
  SINCE SEP 1    208                       122     86      153
  SINCE JAN 1   1440                      1100    340     1204
..................................................................

WIND (MPH)
  HIGHEST WIND SPEED     6   HIGHEST WIND DIRECTION    NW (330)
  HIGHEST GUST SPEED     8   HIGHEST GUST DIRECTION     N (20)
  AVERAGE WIND SPEED     0.3

SKY COVER
  POSSIBLE SUNSHINE  MM
  AVERAGE SKY COVER 0.0

WEATHER CONDITIONS
 THE FOLLOWING WEATHER WAS RECORDED YESTERDAY.
  NO SIGNIFICANT WEATHER WAS OBSERVED.

RELATIVE HUMIDITY (PERCENT)
 HIGHEST    84           400 AM
 LOWEST     40           200 PM
 AVERAGE    62

..........................................................

THE JACKSON KY CLIMATE NORMALS FOR TODAY
                         NORMAL    RECORD    YEAR
 MAXIMUM TEMPERATURE (F)   75        92      2010
 MINIMUM TEMPERATURE (F)   56        39      1995


SUNRISE AND SUNSET
SEPTEMBER 23 2016.....SUNRISE   722 AM EDT   SUNSET   728 PM EDT
SEPTEMBER 24 2016.....SUNRISE   723 AM EDT   SUNSET   726 PM EDT


-  INDICATES NEGATIVE NUMBERS.
R  INDICATES RECORD WAS SET OR TIED.
MM INDICATES DATA IS MISSING.
T  INDICATES TRACE AMOUNT.


$$

JVM
