000
CDUS43 KJKL 150540
CLIJKL

CLIMATE REPORT
NATIONAL WEATHER SERVICE JACKSON KY
139 AM EDT FRI AUG 15 2014

...................................

...THE JACKSON KY CLIMATE SUMMARY FOR AUGUST 14 2014...

CLIMATE NORMAL PERIOD 1981 TO 2010
CLIMATE RECORD PERIOD 1981 TO 2014

WEATHER ITEM   OBSERVED TIME   RECORD YEAR NORMAL DEPARTURE LAST
                VALUE   (LST)  VALUE       VALUE  FROM      YEAR
                                                  NORMAL
..................................................................
TEMPERATURE (F)
 YESTERDAY
  MAXIMUM         80    351 PM  97    1988  84     -4       72
  MINIMUM         59    708 AM  53    2004  65     -6       55
  AVERAGE         70                        75     -5       64

PRECIPITATION (IN)
  YESTERDAY        0.01          1.30 1994   0.12  -0.11     0.00
  MONTH TO DATE    4.02                      1.89   2.13     7.27
  SINCE JUN 1     12.91                     11.24   1.67    20.25
  SINCE JAN 1     33.77                     31.75   2.02    40.45

SNOWFALL (IN)
  YESTERDAY        0.0                       0.0    0.0      0.0
  MONTH TO DATE    0.0                       0.0    0.0      0.0
  SINCE JUN 1      0.0                       0.0    0.0      0.0
  SINCE JUL 1      0.0                       0.0    0.0      0.0
  SNOW DEPTH       0

DEGREE DAYS
 HEATING
  YESTERDAY        0                         0      0        1
  MONTH TO DATE    0                         0      0        1
  SINCE JUN 1      3                        12     -9        1
  SINCE JUL 1      3                         0      3        1

 COOLING
  YESTERDAY        5                        10     -5        0
  MONTH TO DATE   95                       140    -45      109
  SINCE JUN 1    631                       684    -53      606
  SINCE JAN 1    822                       820      2      754
..................................................................

WIND (MPH)
  HIGHEST WIND SPEED     9   HIGHEST WIND DIRECTION     W (260)
  HIGHEST GUST SPEED    14   HIGHEST GUST DIRECTION     W (270)
  AVERAGE WIND SPEED     0.9

SKY COVER
  POSSIBLE SUNSHINE  MM
  AVERAGE SKY COVER 0.4

WEATHER CONDITIONS
 THE FOLLOWING WEATHER WAS RECORDED YESTERDAY.
  FOG
  FOG W/VISIBILITY <= 1/4 MILE

RELATIVE HUMIDITY (PERCENT)
 HIGHEST    93           300 AM
 LOWEST     56           300 PM
 AVERAGE    75
..........................................................

THE JACKSON KY CLIMATE NORMALS FOR TODAY
                         NORMAL    RECORD    YEAR
 MAXIMUM TEMPERATURE (F)   84        96      1995
                                             1988
 MINIMUM TEMPERATURE (F)   65        52      2013

SUNRISE AND SUNSET
AUGUST 15 2014........SUNRISE   649 AM EDT   SUNSET   826 PM EDT
AUGUST 16 2014........SUNRISE   650 AM EDT   SUNSET   824 PM EDT

-  INDICATES NEGATIVE NUMBERS.
R  INDICATES RECORD WAS SET OR TIED.
MM INDICATES DATA IS MISSING.
T  INDICATES TRACE AMOUNT.

$$

SHALLENBERGER
