000
CDUS43 KJKL 020625
CLIJKL

CLIMATE REPORT
NATIONAL WEATHER SERVICE JACKSON KY
125 AM EST TUE FEB 2 2016

...................................

...THE JACKSON KY CLIMATE SUMMARY FOR FEBRUARY 1 2016...

CLIMATE NORMAL PERIOD 1981 TO 2010
CLIMATE RECORD PERIOD 1981 TO 2016

WEATHER ITEM   OBSERVED TIME   RECORD YEAR NORMAL DEPARTURE LAST
                VALUE   (LST)  VALUE       VALUE  FROM      YEAR
                                                  NORMAL
..................................................................
TEMPERATURE (F)
 YESTERDAY
  MAXIMUM         61    142 AM  73    1989  45     16       49
  MINIMUM         42   1002 PM   9    2013  28     14       34
  AVERAGE         52                        36     16       42

PRECIPITATION (IN)
  YESTERDAY        0.69          2.10 1981   0.13   0.56     0.41
  MONTH TO DATE    0.69                      0.13   0.56     0.41
  SINCE DEC 1      8.62                      7.92   0.70     5.02
  SINCE JAN 1      3.98                      3.74   0.24     2.53

SNOWFALL (IN)
  YESTERDAY        0.0           7.3  1985   0.3   -0.3      0.0
  MONTH TO DATE    0.0                       0.3   -0.3      0.0
  SINCE DEC 1     21.4                      12.3    9.1      2.7
  SINCE JUL 1     21.4                      12.9    8.5      3.9
  SNOW DEPTH       0

DEGREE DAYS
 HEATING
  YESTERDAY       13                        29    -16       23
  MONTH TO DATE   13                        29    -16       23
  SINCE DEC 1   1427                      1795   -368     1747
  SINCE JUL 1   2025                      2595   -570     2737

 COOLING
  YESTERDAY        0                         0      0        0
  MONTH TO DATE    0                         0      0        0
  SINCE DEC 1      2                         1      1        0
  SINCE JAN 1      0                         0      0        0
..................................................................

WIND (MPH)
  HIGHEST WIND SPEED    14   HIGHEST WIND DIRECTION    NW (300)
  HIGHEST GUST SPEED    22   HIGHEST GUST DIRECTION    NW (310)
  AVERAGE WIND SPEED     2.8

SKY COVER
  POSSIBLE SUNSHINE  MM
  AVERAGE SKY COVER 0.9

WEATHER CONDITIONS
 THE FOLLOWING WEATHER WAS RECORDED YESTERDAY.
  HEAVY RAIN
  RAIN
  LIGHT RAIN
  FOG

RELATIVE HUMIDITY (PERCENT)
 HIGHEST    92           900 AM
 LOWEST     62          1200 AM
 AVERAGE    77
..........................................................

THE JACKSON KY CLIMATE NORMALS FOR TODAY
                         NORMAL    RECORD    YEAR
 MAXIMUM TEMPERATURE (F)   45        73      1989
 MINIMUM TEMPERATURE (F)   28         6      1996

SUNRISE AND SUNSET
FEBRUARY  2 2016......SUNRISE   736 AM EST   SUNSET   558 PM EST
FEBRUARY  3 2016......SUNRISE   736 AM EST   SUNSET   559 PM EST

-  INDICATES NEGATIVE NUMBERS.
R  INDICATES RECORD WAS SET OR TIED.
MM INDICATES DATA IS MISSING.
T  INDICATES TRACE AMOUNT.

$$
GREIF
