000
CDUS43 KJKL 072019
CLIJKL

CLIMATE REPORT
NATIONAL WEATHER SERVICE JACKSON KY
418 PM EDT MON AUG 7 2017

...................................

...THE JACKSON KY CLIMATE SUMMARY FOR AUGUST 7 2017...
VALID TODAY AS OF 0400 PM LOCAL TIME.

CLIMATE NORMAL PERIOD 1981 TO 2010
CLIMATE RECORD PERIOD 1981 TO 2017

WEATHER ITEM   OBSERVED TIME   RECORD YEAR NORMAL DEPARTURE LAST
                VALUE   (LST)  VALUE       VALUE  FROM      YEAR
                                                  NORMAL
..................................................................
TEMPERATURE (F)
 TODAY
  MAXIMUM         72    259 PM  92    2007  85    -13       85
                                      2006
                                      1999
  MINIMUM         63    646 AM  50    2004  66     -3       69
  AVERAGE         68                        75     -7       77

PRECIPITATION (IN)
  TODAY            1.23R         0.33 2011   0.14   1.09     0.00
  MONTH TO DATE    1.50                      0.98   0.52     2.18
  SINCE JUN 1     11.84                     10.33   1.51    13.54
  SINCE JAN 1     35.26                     30.84   4.42    36.34

SNOWFALL (IN)
  TODAY            0.0                       0.0    0.0      0.0
  MONTH TO DATE    0.0                       0.0    0.0      0.0
  SINCE JUN 1      0.0                       0.0    0.0      0.0
  SINCE JUL 1      0.0                       0.0    0.0      0.0
  SNOW DEPTH       0

DEGREE DAYS
 HEATING
  TODAY            0                         0      0        0
  MONTH TO DATE    0                         0      0        0
  SINCE JUN 1      4                        12     -8        1
  SINCE JUL 1      0                         0      0        0

 COOLING
  TODAY            3                        10     -7       12
  MONTH TO DATE   44                        70    -26       90
  SINCE JUN 1    601                       614    -13      777
  SINCE JAN 1    800                       750     50      918
..................................................................

WIND (MPH)
  HIGHEST WIND SPEED     6   HIGHEST WIND DIRECTION    NW (320)
  HIGHEST GUST SPEED    10   HIGHEST GUST DIRECTION    NE (50)
  AVERAGE WIND SPEED     1.0

SKY COVER
  POSSIBLE SUNSHINE  MM
  AVERAGE SKY COVER 0.8

WEATHER CONDITIONS
 THE FOLLOWING WEATHER WAS RECORDED TODAY.
  HEAVY RAIN
  RAIN
  LIGHT RAIN
  FOG

RELATIVE HUMIDITY (PERCENT)
 HIGHEST   100           200 AM
 LOWEST     90          1200 PM
 AVERAGE    95
..........................................................

THE JACKSON KY CLIMATE NORMALS FOR TOMORROW
                         NORMAL    RECORD    YEAR
 MAXIMUM TEMPERATURE (F)   85        94      2007
 MINIMUM TEMPERATURE (F)   66        45      1989

SUNRISE AND SUNSET
AUGUST  7 2017........SUNRISE   642 AM EDT   SUNSET   835 PM EDT
AUGUST  8 2017........SUNRISE   643 AM EDT   SUNSET   834 PM EDT

-  INDICATES NEGATIVE NUMBERS.
R  INDICATES RECORD WAS SET OR TIED.
MM INDICATES DATA IS MISSING.
T  INDICATES TRACE AMOUNT.

$$

TAB
