000
CDUS43 KJKL 232021
CLIJKL

CLIMATE REPORT
NATIONAL WEATHER SERVICE JACKSON KY
422 PM EDT TUE SEP 23 2014

...................................

...THE JACKSON KY CLIMATE SUMMARY FOR SEPTEMBER 23 2014...
VALID TODAY AS OF 0400 PM LOCAL TIME.

CLIMATE NORMAL PERIOD 1981 TO 2010
CLIMATE RECORD PERIOD 1981 TO 2014

WEATHER ITEM   OBSERVED TIME   RECORD YEAR NORMAL DEPARTURE LAST
                VALUE   (LST)  VALUE       VALUE  FROM      YEAR
                                                  NORMAL
..................................................................
TEMPERATURE (F)
 TODAY
  MAXIMUM         69    259 PM  92    2010  75     -6       71
  MINIMUM         48    704 AM  39    1995  56     -8       48
  AVERAGE         59                        65     -6       60

PRECIPITATION (IN)
  TODAY            0.00          1.83 1988   0.12  -0.12     0.00
  MONTH TO DATE    2.35                      2.64  -0.29     1.26
  SINCE SEP 1      2.35                      2.64  -0.29     1.26
  SINCE JAN 1     40.65                     36.19   4.46    44.48

SNOWFALL (IN)
  TODAY            0.0                       0.0    0.0      0.0
  MONTH TO DATE    0.0                       0.0    0.0      0.0
  SINCE SEP 1      0.0                       0.0    0.0      0.0
  SINCE JUL 1      0.0                       0.0    0.0      0.0
  SNOW DEPTH       0

DEGREE DAYS
 HEATING
  TODAY            6                         3      3        5
  MONTH TO DATE   32                        24      8       27
  SINCE SEP 1     32                        24      8       27
  SINCE JUL 1     35                        26      9       29

 COOLING
  TODAY            0                         3     -3        0
  MONTH TO DATE  119                       125     -6      123
  SINCE SEP 1    119                       125     -6      123
  SINCE JAN 1   1120                      1103     17     1018
..................................................................

WIND (MPH)
  HIGHEST WIND SPEED     7   HIGHEST WIND DIRECTION    SE (120)
  HIGHEST GUST SPEED    13   HIGHEST GUST DIRECTION    SE (120)
  AVERAGE WIND SPEED     1.1

SKY COVER
  POSSIBLE SUNSHINE  MM
  AVERAGE SKY COVER 0.0

WEATHER CONDITIONS
 THE FOLLOWING WEATHER WAS RECORDED TODAY.
  NO SIGNIFICANT WEATHER WAS OBSERVED.

RELATIVE HUMIDITY (PERCENT)
 HIGHEST    86           500 AM
 LOWEST     47           300 PM
 AVERAGE    67
..........................................................

THE JACKSON KY CLIMATE NORMALS FOR TOMORROW
                         NORMAL    RECORD    YEAR
 MAXIMUM TEMPERATURE (F)   75        93      2005
 MINIMUM TEMPERATURE (F)   55        34      1989

SUNRISE AND SUNSET
SEPTEMBER 23 2014.....SUNRISE   722 AM EDT   SUNSET   729 PM EDT
SEPTEMBER 24 2014.....SUNRISE   723 AM EDT   SUNSET   727 PM EDT

-  INDICATES NEGATIVE NUMBERS.
R  INDICATES RECORD WAS SET OR TIED.
MM INDICATES DATA IS MISSING.
T  INDICATES TRACE AMOUNT.

$$

TAB
