000
CDUS43 KJKL 150556
CLIJKL

CLIMATE REPORT
NATIONAL WEATHER SERVICE JACKSON KY
156 AM EDT WED OCT 15 2014

...................................

...THE JACKSON KY CLIMATE SUMMARY FOR OCTOBER 14 2014...

CLIMATE NORMAL PERIOD 1981 TO 2010
CLIMATE RECORD PERIOD 1981 TO 2014

WEATHER ITEM   OBSERVED TIME   RECORD YEAR NORMAL DEPARTURE LAST
                VALUE   (LST)  VALUE       VALUE  FROM      YEAR
                                                  NORMAL
..................................................................
TEMPERATURE (F)
 YESTERDAY
  MAXIMUM         74    219 PM  81    1992  69      5       70
                                      1989
                                      1985
  MINIMUM         55   1159 PM  28    1988  48      7       60
  AVERAGE         65                        58      7       65

PRECIPITATION (IN)
  YESTERDAY        0.87          0.93 1985   0.10   0.77     0.00
  MONTH TO DATE    5.93                      1.40   4.53     0.63
  SINCE SEP 1      8.28                      4.86   3.42     1.90
  SINCE JAN 1     46.58                     38.41   8.17    45.12

SNOWFALL (IN)
  YESTERDAY        0.0                       0.0    0.0      0.0
  MONTH TO DATE    0.0                       0.0    0.0      0.0
  SINCE SEP 1      0.0                       0.0    0.0      0.0
  SINCE JUL 1      0.0                       0.0    0.0      0.0
  SNOW DEPTH       0

DEGREE DAYS
 HEATING
  YESTERDAY        0                         7     -7        0
  MONTH TO DATE   76                        84     -8       23
  SINCE SEP 1    109                       134    -25       51
  SINCE JUL 1    112                       136    -24       53

 COOLING
  YESTERDAY        0                         1     -1        0
  MONTH TO DATE   17                        20     -3       40
  SINCE SEP 1    162                       163     -1      171
  SINCE JAN 1   1163                      1141     22     1066
..................................................................

WIND (MPH)
  HIGHEST WIND SPEED    16   HIGHEST WIND DIRECTION    SE (140)
  HIGHEST GUST SPEED    28   HIGHEST GUST DIRECTION     S (160)
  AVERAGE WIND SPEED     5.8

SKY COVER
  POSSIBLE SUNSHINE  MM
  AVERAGE SKY COVER 0.6

WEATHER CONDITIONS
 THE FOLLOWING WEATHER WAS RECORDED YESTERDAY.
  HEAVY RAIN
  RAIN
  LIGHT RAIN
  FOG

RELATIVE HUMIDITY (PERCENT)
 HIGHEST   100           400 PM
 LOWEST     53           300 AM
 AVERAGE    77

..........................................................

THE JACKSON KY CLIMATE NORMALS FOR TODAY
                         NORMAL    RECORD    YEAR
 MAXIMUM TEMPERATURE (F)   68        83      2008
                                             1989
 MINIMUM TEMPERATURE (F)   48        33      1986

SUNRISE AND SUNSET
OCTOBER 15 2014.......SUNRISE   741 AM EDT   SUNSET   656 PM EDT
OCTOBER 16 2014.......SUNRISE   742 AM EDT   SUNSET   655 PM EDT

-  INDICATES NEGATIVE NUMBERS.
R  INDICATES RECORD WAS SET OR TIED.
MM INDICATES DATA IS MISSING.
T  INDICATES TRACE AMOUNT.

$$
