000
CDUS43 KJKL 150627
CLIJKL

CLIMATE REPORT
NATIONAL WEATHER SERVICE JACKSON KY
127 AM EST WED FEB 15 2017


...................................

...THE JACKSON KY CLIMATE SUMMARY FOR FEBRUARY 14 2017...

CLIMATE NORMAL PERIOD 1981 TO 2010
CLIMATE RECORD PERIOD 1981 TO 2017


WEATHER ITEM   OBSERVED TIME   RECORD YEAR NORMAL DEPARTURE LAST
                VALUE   (LST)  VALUE       VALUE  FROM      YEAR
                                                  NORMAL
..................................................................
TEMPERATURE (F)
 YESTERDAY
  MAXIMUM         50    417 PM  71    1990  47      3       23
  MINIMUM         33    717 AM   9    2015  30      3       12
  AVERAGE         42                        38      4       18

PRECIPITATION (IN)
  YESTERDAY        T             1.01 2001   0.13  -0.13     0.29
  MONTH TO DATE    1.26                      1.85  -0.59     2.37
  SINCE DEC 1     12.13                      9.64   2.49    10.30
  SINCE JAN 1      5.97                      5.46   0.51     5.66

SNOWFALL (IN)
  YESTERDAY        0.0           4.4  1986   0.2   -0.2      3.2
  MONTH TO DATE    T                         3.9   -3.9      5.5
  SINCE DEC 1      4.6                      15.9  -11.3     26.9
  SINCE JUL 1      4.6                      16.5  -11.9     26.9
  SNOW DEPTH       0

DEGREE DAYS
 HEATING
  YESTERDAY       23                        26     -3       47
  MONTH TO DATE  292                       390    -98      435
  SINCE DEC 1   1787                      2156   -369     1849
  SINCE JUL 1   2313                      2956   -643     2447

COOLING
  YESTERDAY        0                         0      0        0
  MONTH TO DATE    0                         0      0        0
  SINCE DEC 1      0                         1     -1        2
  SINCE JAN 1      0                         0      0        0
..................................................................


WIND (MPH)
  HIGHEST WIND SPEED    10   HIGHEST WIND DIRECTION    SW (230)
  HIGHEST GUST SPEED    16   HIGHEST GUST DIRECTION    SW (240)
  AVERAGE WIND SPEED     3.8


SKY COVER
  POSSIBLE SUNSHINE  MM
  AVERAGE SKY COVER 0.8


WEATHER CONDITIONS
 THE FOLLOWING WEATHER WAS RECORDED YESTERDAY.
  LIGHT RAIN


RELATIVE HUMIDITY (PERCENT)
 HIGHEST    70          1100 AM
 LOWEST     34           100 AM
 AVERAGE    52

..........................................................


THE JACKSON KY CLIMATE NORMALS FOR TODAY
                         NORMAL    RECORD    YEAR
 MAXIMUM TEMPERATURE (F)   48        72      1990
 MINIMUM TEMPERATURE (F)   30         3      2015


SUNRISE AND SUNSET
FEBRUARY 15 2017......SUNRISE   722 AM EST   SUNSET   613 PM EST
FEBRUARY 16 2017......SUNRISE   721 AM EST   SUNSET   614 PM EST


-  INDICATES NEGATIVE NUMBERS.
R  INDICATES RECORD WAS SET OR TIED.
MM INDICATES DATA IS MISSING.
T  INDICATES TRACE AMOUNT.




$$
