000
CDUS43 KJKL 030545
CLIJKL

CLIMATE REPORT
NATIONAL WEATHER SERVICE JACKSON KY
1245 AM EST WED JAN 3 2018

...................................

...THE JACKSON KY CLIMATE SUMMARY FOR JANUARY 2 2018...

CLIMATE NORMAL PERIOD 1981 TO 2010
CLIMATE RECORD PERIOD 1981 TO 2018

WEATHER ITEM   OBSERVED TIME   RECORD YEAR NORMAL DEPARTURE LAST
                VALUE   (LST)  VALUE       VALUE  FROM      YEAR
                                                  NORMAL
..................................................................
TEMPERATURE (F)
 YESTERDAY
  MAXIMUM         22    410 PM  70    2000  43    -21       65
  MINIMUM          0R   815 AM  11    2008  27    -27       48
  AVERAGE         11                        35    -24       57

PRECIPITATION (IN)
  YESTERDAY        0.00          1.54 2004   0.11  -0.11     0.00
  MONTH TO DATE    T                         0.23  -0.23     0.08
  SINCE DEC 1      3.28                      4.41  -1.13     6.24
  SINCE JAN 1      T                         0.23  -0.23     0.08

SNOWFALL (IN)
  YESTERDAY        0.0           2.4  2008   0.2   -0.2      0.0
  MONTH TO DATE    T                         0.4   -0.4      0.0
  SINCE DEC 1      1.0                       5.3   -4.3      0.3
  SINCE JUL 1      1.0                       5.9   -4.9      0.3
  SNOW DEPTH       0

DEGREE DAYS
 HEATING
  YESTERDAY       54                        30     24        8
  MONTH TO DATE  105                        60     45       28
  SINCE DEC 1    985                       894     91      825
  SINCE JUL 1   1707                      1694     13     1351

 COOLING
  YESTERDAY        0                         0      0        0
  MONTH TO DATE    0                         0      0        0
  SINCE DEC 1      0                         1     -1        0
  SINCE JAN 1      0                         0      0        0
..................................................................

WIND (MPH)
  HIGHEST WIND SPEED     7   HIGHEST WIND DIRECTION    SW (240)
  HIGHEST GUST SPEED    11   HIGHEST GUST DIRECTION    SW (230)
  AVERAGE WIND SPEED     1.3

SKY COVER
  POSSIBLE SUNSHINE  MM
  AVERAGE SKY COVER 0.0

WEATHER CONDITIONS
 THE FOLLOWING WEATHER WAS RECORDED YESTERDAY.
  NO SIGNIFICANT WEATHER WAS OBSERVED.

RELATIVE HUMIDITY (PERCENT)
 HIGHEST    72           800 AM
 LOWEST     35           500 PM
 AVERAGE    54
..........................................................

THE JACKSON KY CLIMATE NORMALS FOR TODAY
                         NORMAL    RECORD    YEAR
 MAXIMUM TEMPERATURE (F)   43        70      2000
 MINIMUM TEMPERATURE (F)   27         6      2010

SUNRISE AND SUNSET
JANUARY  3 2018.......SUNRISE   748 AM EST   SUNSET   527 PM EST
JANUARY  4 2018.......SUNRISE   749 AM EST   SUNSET   528 PM EST

-  INDICATES NEGATIVE NUMBERS.
R  INDICATES RECORD WAS SET OR TIED.
MM INDICATES DATA IS MISSING.
T  INDICATES TRACE AMOUNT.

$$
GREIF
