000
CDUS43 KJKL 172126 RRA
CLIJKL

CLIMATE REPORT
NATIONAL WEATHER SERVICE JACKSON KY
426 PM EST WED DEC 17 2014
...................................

...THE LONDON KY CLIMATE SUMMARY FOR DECEMBER 17 2014...
VALID TODAY AS OF 0400 PM LOCAL TIME.

CLIMATE NORMAL PERIOD 1981 TO 2010
CLIMATE RECORD PERIOD 1954 TO 2014


WEATHER ITEM   OBSERVED TIME   RECORD YEAR NORMAL DEPARTURE LAST
                VALUE   (LST)  VALUE       VALUE  FROM      YEAR
                                                  NORMAL
..................................................................
TEMPERATURE (F)
 TODAY
  MAXIMUM         43   1211 AM  70    2006  47     -4       53
  MINIMUM         37   1153 AM   2    1989  29      8       31
  AVERAGE         40                        38      2       42

PRECIPITATION (IN)
  TODAY            T             1.18 1954   0.13  -0.13     0.00
  MONTH TO DATE    1.92                      2.45  -0.53     4.07
  SINCE DEC 1      1.92                      2.45  -0.53     4.07
  SINCE JAN 1        MM                        MM     MM    54.05

SNOWFALL (IN)
  TODAY           MM
  MONTH TO DATE   MM
  SINCE DEC 1     MM
  SINCE JUL 1     MM
  SNOW DEPTH      MM

DEGREE DAYS
 HEATING
  TODAY           25                        27     -2       23
  MONTH TO DATE  376                       426    -50      409
  SINCE DEC 1    376                       426    -50      409
  SINCE JUL 1   1320                      1256     64     1276

 COOLING
  TODAY            0                         0      0        0
  MONTH TO DATE    0                         0      0        0
  SINCE DEC 1      0                         0      0        0
  SINCE JAN 1     MM                        MM     MM     1083
..................................................................

WIND (MPH)
  HIGHEST WIND SPEED    15   HIGHEST WIND DIRECTION     W (270)
  HIGHEST GUST SPEED    18   HIGHEST GUST DIRECTION     W (270)
  AVERAGE WIND SPEED     8.1

SKY COVER
  POSSIBLE SUNSHINE  MM
  AVERAGE SKY COVER 1.0

WEATHER CONDITIONS
 THE FOLLOWING WEATHER WAS RECORDED TODAY.
  LIGHT RAIN
  FOG
  HAZE

RELATIVE HUMIDITY (PERCENT)
 HIGHEST    92           300 AM
 LOWEST     59           400 PM
 AVERAGE    76
..........................................................

THE LONDON KY CLIMATE NORMALS FOR TOMORROW
                         NORMAL    RECORD    YEAR
 MAXIMUM TEMPERATURE (F)   47        70      2006
 MINIMUM TEMPERATURE (F)   29         0      1963

SUNRISE AND SUNSET
DECEMBER 17 2014......SUNRISE   744 AM EST   SUNSET   521 PM EST
DECEMBER 18 2014......SUNRISE   744 AM EST   SUNSET   522 PM EST

-  INDICATES NEGATIVE NUMBERS.
R  INDICATES RECORD WAS SET OR TIED.
MM INDICATES DATA IS MISSING.
T  INDICATES TRACE AMOUNT.

$$

TAB
