000
CDUS43 KJKL 280620
CLIJKL

CLIMATE REPORT
NATIONAL WEATHER SERVICE JACKSON KY
120 AM EST SAT FEB 28 2015


...................................

...THE JACKSON KY CLIMATE SUMMARY FOR FEBRUARY 27 2015...

CLIMATE NORMAL PERIOD 1981 TO 2010
CLIMATE RECORD PERIOD 1981 TO 2015


WEATHER ITEM   OBSERVED TIME   RECORD YEAR NORMAL DEPARTURE LAST
                VALUE   (LST)  VALUE       VALUE  FROM      YEAR
                                                  NORMAL
..................................................................
TEMPERATURE (F)
 YESTERDAY
  MAXIMUM         27    447 PM  75    1996  51    -24       37
  MINIMUM         11R   740 AM  11    1994  33    -22       16
  AVERAGE         19                        42    -23       27

PRECIPITATION (IN)
  YESTERDAY        T             0.90 1987   0.14  -0.14     0.00
  MONTH TO DATE    4.06                      3.62   0.44     4.47
  SINCE DEC 1      8.67                     11.41  -2.74    14.71
  SINCE JAN 1      6.18                      7.23  -1.05     7.62

SNOWFALL (IN)
  YESTERDAY        0.1           2.0  2008   0.2   -0.1      0.0
  MONTH TO DATE   21.5                       6.8   14.7      8.7
  SINCE DEC 1     24.2                      18.8    5.4     24.1
  SINCE JUL 1     25.4                      19.4    6.0     27.0
  SNOW DEPTH       4

DEGREE DAYS
 HEATING
  YESTERDAY       46                        23     23       38
  MONTH TO DATE 1015                       711    304      780
  SINCE DEC 1   2739                      2477    262     2677
  SINCE JUL 1   3729                      3277    452     3564

COOLING
  YESTERDAY        0                         0      0        0
  MONTH TO DATE    0                         0      0        0
  SINCE DEC 1      0                         1     -1        0
  SINCE JAN 1      0                         0      0        0
..................................................................


WIND (MPH)
  HIGHEST WIND SPEED    10   HIGHEST WIND DIRECTION    NW (320)
  HIGHEST GUST SPEED    14   HIGHEST GUST DIRECTION    NW (330)
  AVERAGE WIND SPEED     4.3


SKY COVER
  POSSIBLE SUNSHINE  MM
  AVERAGE SKY COVER 0.2


WEATHER CONDITIONS
 THE FOLLOWING WEATHER WAS RECORDED YESTERDAY.
  LIGHT SNOW
  HAZE


RELATIVE HUMIDITY (PERCENT)
 HIGHEST    80           300 AM
 LOWEST     37           400 PM
 AVERAGE    59

..........................................................


THE JACKSON KY CLIMATE NORMALS FOR TODAY
                         NORMAL    RECORD    YEAR
 MAXIMUM TEMPERATURE (F)   52        70      2011
 MINIMUM TEMPERATURE (F)   33        13      2014
                                             1986


SUNRISE AND SUNSET
FEBRUARY 28 2015......SUNRISE   706 AM EST   SUNSET   626 PM EST
MARCH  1 2015.........SUNRISE   705 AM EST   SUNSET   627 PM EST


-  INDICATES NEGATIVE NUMBERS.
R  INDICATES RECORD WAS SET OR TIED.
MM INDICATES DATA IS MISSING.
T  INDICATES TRACE AMOUNT.




$$
