000
CDUS43 KJKL 280524
CLIJKL

CLIMATE REPORT
NATIONAL WEATHER SERVICE JACKSON KY
122 AM EDT FRI APR 28 2017

...................................

...THE JACKSON KY CLIMATE SUMMARY FOR APRIL 27 2017...

CLIMATE NORMAL PERIOD 1981 TO 2010
CLIMATE RECORD PERIOD 1981 TO 2017


WEATHER ITEM   OBSERVED TIME   RECORD YEAR NORMAL DEPARTURE LAST
                VALUE   (LST)  VALUE       VALUE  FROM      YEAR
                                                  NORMAL
..................................................................
TEMPERATURE (F)
 YESTERDAY
  MAXIMUM         78    427 PM  92    1986  71      7       70
  MINIMUM         59   1159 PM  36    1993  50      9       60
  AVERAGE         69                        61      8       65

PRECIPITATION (IN)
  YESTERDAY        0.05          1.47 2011   0.13  -0.08     0.60
  MONTH TO DATE    4.02                      3.42   0.60     2.20
  SINCE MAR 1      8.44                      7.54   0.90     4.58
  SINCE JAN 1     16.01                     14.90   1.11    14.14

SNOWFALL (IN)
  YESTERDAY        0.0           0.0  2002   0.0    0.0      0.0
  MONTH TO DATE    0.0                       1.0   -1.0      0.1
  SINCE MAR 1      0.2                       3.9   -3.7      2.9
  SINCE JUL 1      4.8                      23.5  -18.7     32.5
  SNOW DEPTH       0

DEGREE DAYS
 HEATING
  YESTERDAY        0                         6     -6        0
  MONTH TO DATE  121                       252   -131      218
  SINCE MAR 1    629                       805   -176      557
  SINCE JUL 1   3121                      4105   -984     3311

 COOLING
  YESTERDAY        4                         2      2        0
  MONTH TO DATE   61                        35     26       40
  SINCE MAR 1     67                        42     25       48
  SINCE JAN 1     69                        42     27       48
..................................................................


WIND (MPH)
  HIGHEST WIND SPEED    14   HIGHEST WIND DIRECTION     W (250)
  HIGHEST GUST SPEED    28   HIGHEST GUST DIRECTION    SW (240)
  AVERAGE WIND SPEED     3.9


SKY COVER
  POSSIBLE SUNSHINE  MM
  AVERAGE SKY COVER 0.2


WEATHER CONDITIONS
 THE FOLLOWING WEATHER WAS RECORDED YESTERDAY.
  LIGHT RAIN
  FOG


RELATIVE HUMIDITY (PERCENT)
 HIGHEST    73           400 AM
 LOWEST     38           500 PM
 AVERAGE    56

..........................................................


THE JACKSON KY CLIMATE NORMALS FOR TODAY
                         NORMAL    RECORD    YEAR
 MAXIMUM TEMPERATURE (F)   71        85      1994
 MINIMUM TEMPERATURE (F)   50        33      2010


SUNRISE AND SUNSET
APRIL 28 2017.........SUNRISE   641 AM EDT   SUNSET   821 PM EDT
APRIL 29 2017.........SUNRISE   640 AM EDT   SUNSET   822 PM EDT


-  INDICATES NEGATIVE NUMBERS.
R  INDICATES RECORD WAS SET OR TIED.
MM INDICATES DATA IS MISSING.
T  INDICATES TRACE AMOUNT.




$$
