000
CDUS43 KJKL 280603
CLIJKL

CLIMATE REPORT
NATIONAL WEATHER SERVICE JACKSON KY
103 AM EST TUE NOV 28 2017
...................................

...THE JACKSON KY CLIMATE SUMMARY FOR NOVEMBER 27 2017...

CLIMATE NORMAL PERIOD 1981 TO 2010
CLIMATE RECORD PERIOD 1981 TO 2017

WEATHER ITEM   OBSERVED TIME   RECORD YEAR NORMAL DEPARTURE LAST
                VALUE   (LST)  VALUE       VALUE  FROM      YEAR
                                                  NORMAL
..................................................................
TEMPERATURE (F)
 YESTERDAY
  MAXIMUM         59    335 PM  79    1990  52      7       55
  MINIMUM         32    723 AM  20    2013  36     -4       28
  AVERAGE         46                        44      2       42

PRECIPITATION (IN)
  YESTERDAY        0.00          1.26 1985   0.14  -0.14     0.00
  MONTH TO DATE    1.27                      3.53  -2.26     0.41
  SINCE SEP 1      9.89                     10.18  -0.29     3.24
  SINCE JAN 1     48.21                     43.73   4.48    44.23

SNOWFALL (IN)
  YESTERDAY        0.0           1.4  2013   0.0    0.0      0.0
  MONTH TO DATE    0.0                       0.4   -0.4      0.0
  SINCE SEP 1      T                         0.5   -0.5      0.0
  SINCE JUL 1      T                         0.5   -0.5      0.0
  SNOW DEPTH       0

DEGREE DAYS
 HEATING
  YESTERDAY       19                        21     -2       23
  MONTH TO DATE  454                       438     16      375
  SINCE SEP 1    688                       733    -45      497
  SINCE JUL 1    688                       735    -47      497

 COOLING
  YESTERDAY        0                         0      0        0
  MONTH TO DATE    5                         0      5       22
  SINCE SEP 1    198                       172     26      348
  SINCE JAN 1   1200                      1150     50     1580
..................................................................

WIND (MPH)
  HIGHEST WIND SPEED     6   HIGHEST WIND DIRECTION     S (190)
  HIGHEST GUST SPEED    11   HIGHEST GUST DIRECTION    SW (210)
  AVERAGE WIND SPEED     3.3

SKY COVER
  POSSIBLE SUNSHINE  MM
  AVERAGE SKY COVER 0.0

WEATHER CONDITIONS
 THE FOLLOWING WEATHER WAS RECORDED YESTERDAY.
  NO SIGNIFICANT WEATHER WAS OBSERVED.

RELATIVE HUMIDITY (PERCENT)
 HIGHEST    72           700 AM
 LOWEST     30           300 PM
 AVERAGE    51
..........................................................

THE JACKSON KY CLIMATE NORMALS FOR TODAY
                         NORMAL    RECORD    YEAR
 MAXIMUM TEMPERATURE (F)   52        76      2005
 MINIMUM TEMPERATURE (F)   35        16      2013

SUNRISE AND SUNSET
NOVEMBER 28 2017......SUNRISE   727 AM EST   SUNSET   516 PM EST
NOVEMBER 29 2017......SUNRISE   728 AM EST   SUNSET   515 PM EST

-  INDICATES NEGATIVE NUMBERS.
R  INDICATES RECORD WAS SET OR TIED.
MM INDICATES DATA IS MISSING.
T  INDICATES TRACE AMOUNT.

$$
