000
CDUS43 KJKL 240535
CLIJKL

CLIMATE REPORT
NATIONAL WEATHER SERVICE JACKSON KY
1235 AM EST SAT JAN 24 2015

...................................

...THE JACKSON KY CLIMATE SUMMARY FOR JANUARY 23 2015...

CLIMATE NORMAL PERIOD 1981 TO 2010
CLIMATE RECORD PERIOD 1981 TO 2015

WEATHER ITEM   OBSERVED TIME   RECORD YEAR NORMAL DEPARTURE LAST
                VALUE   (LST)  VALUE       VALUE  FROM      YEAR
                                                  NORMAL
..................................................................
TEMPERATURE (F)
 YESTERDAY
  MAXIMUM         37    136 PM  68    1999  43     -6       18
  MINIMUM         31    846 AM   1    2014  27      4        1
  AVERAGE         34                        35     -1       10

PRECIPITATION (IN)
  YESTERDAY        0.37          1.54 1999   0.12   0.25     0.01
  MONTH TO DATE    1.74                      2.65  -0.91     2.92
  SINCE DEC 1      4.23                      6.83  -2.60    10.01
  SINCE JAN 1      1.74                      2.65  -0.91     2.92

SNOWFALL (IN)
  YESTERDAY        T             0.8  1995   0.3   -0.3      0.5
  MONTH TO DATE    0.7                       5.1   -4.4     11.6
  SINCE DEC 1      0.7                      10.0   -9.3     13.0
  SINCE JUL 1      1.9                      10.6   -8.7     15.9
  SNOW DEPTH       0

DEGREE DAYS
 HEATING
  YESTERDAY       31                        30      1       55
  MONTH TO DATE  710                       690     20      794
  SINCE DEC 1   1465                      1524    -59     1552
  SINCE JUL 1   2455                      2324    131     2439

 COOLING
  YESTERDAY        0                         0      0        0
  MONTH TO DATE    0                         0      0        0
  SINCE DEC 1      0                         1     -1        0
  SINCE JAN 1      0                         0      0        0
..................................................................

WIND (MPH)
  HIGHEST WIND SPEED     8   HIGHEST WIND DIRECTION    NE (50)
  HIGHEST GUST SPEED    14   HIGHEST GUST DIRECTION    NE (50)
  AVERAGE WIND SPEED     3.0

SKY COVER
  POSSIBLE SUNSHINE  MM
  AVERAGE SKY COVER 0.9

WEATHER CONDITIONS
 THE FOLLOWING WEATHER WAS RECORDED YESTERDAY.
  RAIN
  LIGHT RAIN
  LT FREEZING RAIN
  LIGHT SNOW
  SLEET
  FOG

RELATIVE HUMIDITY (PERCENT)
 HIGHEST    96           500 PM
 LOWEST     72           200 AM
 AVERAGE    84
..........................................................

THE JACKSON KY CLIMATE NORMALS FOR TODAY
                         NORMAL    RECORD    YEAR
 MAXIMUM TEMPERATURE (F)   43        62      2002
 MINIMUM TEMPERATURE (F)   27        -3      2014

SUNRISE AND SUNSET
JANUARY 24 2015.......SUNRISE   743 AM EST   SUNSET   548 PM EST
JANUARY 25 2015.......SUNRISE   742 AM EST   SUNSET   549 PM EST

-  INDICATES NEGATIVE NUMBERS.
R  INDICATES RECORD WAS SET OR TIED.
MM INDICATES DATA IS MISSING.
T  INDICATES TRACE AMOUNT.

$$
GREIF
