876
CDUS43 KJKL 130558
CLIJKL

CLIMATE REPORT
NATIONAL WEATHER SERVICE JACKSON KY
1258 AM EST TUE FEB 13 2018
...................................

...THE JACKSON KY CLIMATE SUMMARY FOR FEBRUARY 12 2018...

CLIMATE NORMAL PERIOD 1981 TO 2010
CLIMATE RECORD PERIOD 1981 TO 2018

WEATHER ITEM   OBSERVED TIME   RECORD YEAR NORMAL DEPARTURE LAST
                VALUE   (LST)  VALUE       VALUE  FROM      YEAR
                                                  NORMAL
..................................................................
TEMPERATURE (F)
 YESTERDAY
  MAXIMUM         37   1253 AM  72    2017  47    -10       72
  MINIMUM         30   1159 PM  -4    1981  29      1       41
  AVERAGE         34                        38     -4       57

PRECIPITATION (IN)
  YESTERDAY        0.16          0.74 1999   0.13   0.03      T
  MONTH TO DATE    4.64                      1.59   3.05     1.26
  SINCE DEC 1      9.84                      9.38   0.46    12.13
  SINCE JAN 1      6.56                      5.20   1.36     5.97

SNOWFALL (IN)
  YESTERDAY        T            12.0  1985   0.3   -0.3      0.0
  MONTH TO DATE    2.6                       3.4   -0.8       T
  SINCE DEC 1     10.4                      15.4   -5.0      4.6
  SINCE JUL 1     10.4                      16.0   -5.6      4.6
  SNOW DEPTH       T

DEGREE DAYS
 HEATING
  YESTERDAY       31                        27      4        8
  MONTH TO DATE  347                       337     10      244
  SINCE DEC 1   2226                      2103    123     1739
  SINCE JUL 1   2948                      2903     45     2265

 COOLING
  YESTERDAY        0                         0      0        0
  MONTH TO DATE    0                         0      0        0
  SINCE DEC 1      0                         1     -1        0
  SINCE JAN 1      0                         0      0        0
..................................................................

WIND (MPH)
  HIGHEST WIND SPEED     9   HIGHEST WIND DIRECTION     N (340)
  HIGHEST GUST SPEED    17   HIGHEST GUST DIRECTION    NE (30)
  AVERAGE WIND SPEED     4.5

SKY COVER
  POSSIBLE SUNSHINE  MM
  AVERAGE SKY COVER 0.7

WEATHER CONDITIONS
 THE FOLLOWING WEATHER WAS RECORDED YESTERDAY.
  LIGHT RAIN
  FREEZING RAIN
  LT FREEZING RAIN
  SLEET
  FOG

RELATIVE HUMIDITY (PERCENT)
 HIGHEST   100           800 AM
 LOWEST     75           500 PM
 AVERAGE    88
..........................................................

THE JACKSON KY CLIMATE NORMALS FOR TODAY
                         NORMAL    RECORD    YEAR
 MAXIMUM TEMPERATURE (F)   47        72      1990
 MINIMUM TEMPERATURE (F)   29         7      1988

SUNRISE AND SUNSET
FEBRUARY 13 2018......SUNRISE   725 AM EST   SUNSET   610 PM EST
FEBRUARY 14 2018......SUNRISE   724 AM EST   SUNSET   612 PM EST

-  INDICATES NEGATIVE NUMBERS.
R  INDICATES RECORD WAS SET OR TIED.
MM INDICATES DATA IS MISSING.
T  INDICATES TRACE AMOUNT.

$$
