000
CDUS43 KJKL 220546
CLIJKL

CLIMATE REPORT
NATIONAL WEATHER SERVICE JACKSON KY
130 AM EDT SUN MAY 22 2016
...................................

...THE JACKSON KY CLIMATE SUMMARY FOR MAY 21 2016...

CLIMATE NORMAL PERIOD 1981 TO 2010
CLIMATE RECORD PERIOD 1981 TO 2016

WEATHER ITEM   OBSERVED TIME   RECORD YEAR NORMAL DEPARTURE LAST
                VALUE   (LST)  VALUE       VALUE  FROM      YEAR
                                                  NORMAL
..................................................................

TEMPERATURE (F)
 YESTERDAY
  MAXIMUM         70    144 PM  86    2013  75     -5       61
  MINIMUM         55   1159 PM  40    2002  56     -1       47
  AVERAGE         63                        66     -3       54

PRECIPITATION (IN)
  YESTERDAY        0.05          1.16 1982   0.18  -0.13     0.11
  MONTH TO DATE    6.40                      3.47   2.93     1.28
  SINCE MAR 1     12.60                     11.42   1.18    17.83
  SINCE JAN 1     22.16                     18.78   3.38    24.01

SNOWFALL (IN)
  YESTERDAY        0.0                       0.0    0.0      0.0
  MONTH TO DATE    0.0                       0.0    0.0      0.0
  SINCE MAR 1      2.9                       3.9   -1.0      3.7
  SINCE JUL 1     32.5                      23.5    9.0     29.1
  SNOW DEPTH       0

DEGREE DAYS
 HEATING
  YESTERDAY        2                         3     -1       11
  MONTH TO DATE  131                        81     50       36
  SINCE MAR 1    694                       902   -208      793
  SINCE JUL 1   3448                      4202   -754     4558

 COOLING
  YESTERDAY        0                         3     -3        0
  MONTH TO DATE   22                        52    -30      108
  SINCE MAR 1     76                        98    -22      133
  SINCE JAN 1     76                        98    -22      133
..................................................................

WIND (MPH)
  HIGHEST WIND SPEED    20   HIGHEST WIND DIRECTION    NW (310)
  HIGHEST GUST SPEED    26   HIGHEST GUST DIRECTION    NW (310)
  AVERAGE WIND SPEED     4.8

SKY COVER
  POSSIBLE SUNSHINE  MM
  AVERAGE SKY COVER 0.9

WEATHER CONDITIONS
 THE FOLLOWING WEATHER WAS RECORDED YESTERDAY.
  RAIN
  LIGHT RAIN
  FOG
  FOG W/VISIBILITY <= 1/4 MILE

RELATIVE HUMIDITY (PERCENT)
 HIGHEST    97           300 AM
 LOWEST     73           100 PM
 AVERAGE    85
..........................................................

THE JACKSON KY CLIMATE NORMALS FOR TODAY
                         NORMAL    RECORD    YEAR
 MAXIMUM TEMPERATURE (F)   76        86      2007
 MINIMUM TEMPERATURE (F)   56        38      2002
                                             1993

SUNRISE AND SUNSET
MAY 22 2016...........SUNRISE   618 AM EDT   SUNSET   842 PM EDT
MAY 23 2016...........SUNRISE   618 AM EDT   SUNSET   843 PM EDT

-  INDICATES NEGATIVE NUMBERS.
R  INDICATES RECORD WAS SET OR TIED.
MM INDICATES DATA IS MISSING.
T  INDICATES TRACE AMOUNT.

$$
