000
CDUS43 KJKL 210523
CLIJKL

CLIMATE REPORT
NATIONAL WEATHER SERVICE JACKSON KY
123 AM EDT THU APR 21 2016
...................................

...THE JACKSON KY CLIMATE SUMMARY FOR APRIL 20 2016...

CLIMATE NORMAL PERIOD 1981 TO 2010
CLIMATE RECORD PERIOD 1981 TO 2016

WEATHER ITEM   OBSERVED TIME   RECORD YEAR NORMAL DEPARTURE LAST
                VALUE   (LST)  VALUE       VALUE  FROM      YEAR
                                                  NORMAL
..................................................................
TEMPERATURE (F)
 YESTERDAY
  MAXIMUM         86R   244 PM  86    1992  70     16       71
                                      1985
  MINIMUM         59    640 AM  27    1983  48     11       50
  AVERAGE         73                        59     14       61

PRECIPITATION (IN)
  YESTERDAY        T             1.09 1996   0.13  -0.13     0.07
  MONTH TO DATE    0.74                      2.49  -1.75     9.45
  SINCE MAR 1      3.12                      6.61  -3.49    15.71
  SINCE JAN 1     12.68                     13.97  -1.29    21.89

SNOWFALL (IN)
  YESTERDAY        0.0           0.0  2002   0.0    0.0      0.0
  MONTH TO DATE    0.1                       0.9   -0.8      0.0
  SINCE MAR 1      2.9                       3.8   -0.9      3.7
  SINCE JUL 1     32.5                      23.4    9.1     29.1
  SNOW DEPTH       0

DEGREE DAYS
 HEATING
  YESTERDAY        0                         8     -8        4
  MONTH TO DATE  205                       204      1       95
  SINCE MAR 1    544                       757   -213      643
  SINCE JUL 1   3298                      4057   -759     4408

 COOLING
  YESTERDAY        8                         2      6        0
  MONTH TO DATE   24                        21      3       25
  SINCE MAR 1     32                        28      4       25
  SINCE JAN 1     32                        28      4       25
..................................................................

WIND (MPH)
  HIGHEST WIND SPEED     9   HIGHEST WIND DIRECTION    SE (130)
  HIGHEST GUST SPEED    14   HIGHEST GUST DIRECTION     S (160)
  AVERAGE WIND SPEED     2.8

SKY COVER
  POSSIBLE SUNSHINE  MM
  AVERAGE SKY COVER 0.2

WEATHER CONDITIONS
 THE FOLLOWING WEATHER WAS RECORDED YESTERDAY.
  LIGHT RAIN

RELATIVE HUMIDITY (PERCENT)
 HIGHEST    60           500 AM
 LOWEST     20           300 PM
 AVERAGE    40
..........................................................

THE JACKSON KY CLIMATE NORMALS FOR TODAY
                         NORMAL    RECORD    YEAR
 MAXIMUM TEMPERATURE (F)   70        89      1985
 MINIMUM TEMPERATURE (F)   48        34      1993
                                             1983
                                             1981

SUNRISE AND SUNSET
APRIL 21 2016.........SUNRISE   650 AM EDT   SUNSET   815 PM EDT
APRIL 22 2016.........SUNRISE   648 AM EDT   SUNSET   816 PM EDT

-  INDICATES NEGATIVE NUMBERS.
R  INDICATES RECORD WAS SET OR TIED.
MM INDICATES DATA IS MISSING.
T  INDICATES TRACE AMOUNT.

$$
