000
CDUS43 KJKL 130548
CLIJKL

CLIMATE REPORT
NATIONAL WEATHER SERVICE JACKSON KY
1234 AM EST MON FEB 13 2017

...................................

...THE JACKSON KY CLIMATE SUMMARY FOR FEBRUARY 12 2017...

CLIMATE NORMAL PERIOD 1981 TO 2010
CLIMATE RECORD PERIOD 1981 TO 2017

WEATHER ITEM   OBSERVED TIME   RECORD YEAR NORMAL DEPARTURE LAST
                VALUE   (LST)  VALUE       VALUE  FROM      YEAR
                                                  NORMAL
..................................................................
TEMPERATURE (F)
 YESTERDAY
  MAXIMUM         72R  1101 AM  71    1984  47     25       33
  MINIMUM         41   1159 PM  -4    1981  29     12       20
  AVERAGE         57                        38     19       27

PRECIPITATION (IN)
  YESTERDAY        T             0.74 1999   0.13  -0.13      T
  MONTH TO DATE    1.26                      1.59  -0.33     2.07
  SINCE DEC 1     12.13                      9.38   2.75    10.00
  SINCE JAN 1      5.97                      5.20   0.77     5.36

SNOWFALL (IN)
  YESTERDAY        0.0          12.0  1985   0.3   -0.3      0.1
  MONTH TO DATE    T                         3.4   -3.4      2.0
  SINCE DEC 1      4.6                      15.4  -10.8     23.4
  SINCE JUL 1      4.6                      16.0  -11.4     23.4
  SNOW DEPTH       0

DEGREE DAYS
 HEATING
  YESTERDAY        8                        27    -19       38
  MONTH TO DATE  244                       337    -93      342
  SINCE DEC 1   1739                      2103   -364     1756
  SINCE JUL 1   2265                      2903   -638     2354

 COOLING
  YESTERDAY        0                         0      0        0
  MONTH TO DATE    0                         0      0        0
  SINCE DEC 1      0                         1     -1        2
  SINCE JAN 1      0                         0      0        0
..................................................................

WIND (MPH)
  HIGHEST WIND SPEED    20   HIGHEST WIND DIRECTION    NW (330)
  HIGHEST GUST SPEED    32   HIGHEST GUST DIRECTION    NW (310)
  AVERAGE WIND SPEED     9.5

SKY COVER
  POSSIBLE SUNSHINE  MM
  AVERAGE SKY COVER 0.7

WEATHER CONDITIONS
 THE FOLLOWING WEATHER WAS RECORDED YESTERDAY.
  LIGHT RAIN

RELATIVE HUMIDITY (PERCENT)
 HIGHEST    78          1200 AM
 LOWEST     40          1100 PM
 AVERAGE    59
..........................................................

THE JACKSON KY CLIMATE NORMALS FOR TODAY
                         NORMAL    RECORD    YEAR
 MAXIMUM TEMPERATURE (F)   47        72      1990
 MINIMUM TEMPERATURE (F)   29         7      1988

SUNRISE AND SUNSET
FEBRUARY 13 2017......SUNRISE   725 AM EST   SUNSET   611 PM EST
FEBRUARY 14 2017......SUNRISE   724 AM EST   SUNSET   612 PM EST

-  INDICATES NEGATIVE NUMBERS.
R  INDICATES RECORD WAS SET OR TIED.
MM INDICATES DATA IS MISSING.
T  INDICATES TRACE AMOUNT.

$$

SHALLENBERGER
