000
CDUS43 KJKL 250538
CLIJKL

CLIMATE REPORT
NATIONAL WEATHER SERVICE JACKSON KY
1238 AM EST WED FEB 25 2015

...................................

...THE JACKSON KY CLIMATE SUMMARY FOR FEBRUARY 24 2015...

CLIMATE NORMAL PERIOD 1981 TO 2010
CLIMATE RECORD PERIOD 1981 TO 2015


WEATHER ITEM   OBSERVED TIME   RECORD YEAR NORMAL DEPARTURE LAST
                VALUE   (LST)  VALUE       VALUE  FROM      YEAR
                                                  NORMAL
..................................................................
TEMPERATURE (F)
 YESTERDAY
  MAXIMUM         36    409 PM  71    2001  50    -14       42
                                      2000
                                      1982
  MINIMUM         10    454 AM   8    1989  32    -22       23
  AVERAGE         23                        41    -18       33

PRECIPITATION (IN)
  YESTERDAY        0.00          0.91 2011   0.14  -0.14     0.00
  MONTH TO DATE    4.04                      3.21   0.83     4.41
  SINCE DEC 1      8.65                     11.00  -2.35    14.65
  SINCE JAN 1      6.16                      6.82  -0.66     7.56

SNOWFALL (IN)
  YESTERDAY        0.0           1.5  1990   0.3   -0.3      0.0
  MONTH TO DATE   20.9                       6.3   14.6      7.6
  SINCE DEC 1     23.6                      18.3    5.3     23.0
  SINCE JUL 1     24.8                      18.9    5.9     25.9
  SNOW DEPTH       5

DEGREE DAYS
 HEATING
  YESTERDAY       42                        24     18       32
  MONTH TO DATE  902                       641    261      672
  SINCE DEC 1   2626                      2407    219     2569
  SINCE JUL 1   3616                      3207    409     3456

 COOLING
  YESTERDAY        0                         0      0        0
  MONTH TO DATE    0                         0      0        0
  SINCE DEC 1      0                         1     -1        0
  SINCE JAN 1      0                         0      0        0
..................................................................

WIND (MPH)
  HIGHEST WIND SPEED    12   HIGHEST WIND DIRECTION     W (250)
  HIGHEST GUST SPEED    20   HIGHEST GUST DIRECTION    SW (240)
  AVERAGE WIND SPEED     4.1

SKY COVER
  POSSIBLE SUNSHINE  MM
  AVERAGE SKY COVER 0.3

WEATHER CONDITIONS
 THE FOLLOWING WEATHER WAS RECORDED YESTERDAY.
  NO SIGNIFICANT WEATHER WAS OBSERVED.

RELATIVE HUMIDITY (PERCENT)
 HIGHEST    67           800 AM
 LOWEST     35           300 PM
 AVERAGE    51

..........................................................

THE JACKSON KY CLIMATE NORMALS FOR TODAY
                         NORMAL    RECORD    YEAR
 MAXIMUM TEMPERATURE (F)   51        76      2000
 MINIMUM TEMPERATURE (F)   32        13      1990

SUNRISE AND SUNSET
FEBRUARY 25 2015......SUNRISE   710 AM EST   SUNSET   623 PM EST
FEBRUARY 26 2015......SUNRISE   709 AM EST   SUNSET   624 PM EST

-  INDICATES NEGATIVE NUMBERS.
R  INDICATES RECORD WAS SET OR TIED.
MM INDICATES DATA IS MISSING.
T  INDICATES TRACE AMOUNT.

$$
