000
CDUS43 KJKL 062022
CLIJKL

CLIMATE REPORT
NATIONAL WEATHER SERVICE JACKSON KY
423 PM EDT FRI OCT 6 2017

..................................

...THE JACKSON KY CLIMATE SUMMARY FOR OCTOBER 6 2017...
VALID TODAY AS OF 0400 PM LOCAL TIME.

CLIMATE NORMAL PERIOD 1981 TO 2010
CLIMATE RECORD PERIOD 1981 TO 2017


WEATHER ITEM   OBSERVED TIME   RECORD YEAR NORMAL DEPARTURE LAST
                VALUE   (LST)  VALUE       VALUE  FROM      YEAR
                                                  NORMAL
..................................................................
TEMPERATURE (F)
 TODAY
  MAXIMUM         83    129 PM  86    2007  71     12       81
  MINIMUM         57    727 AM  37    1988  51      6       56
  AVERAGE         70                        61      9       69

PRECIPITATION (IN)
  TODAY            0.00          0.95 2014   0.11  -0.11     0.00
  MONTH TO DATE    0.00                      0.61  -0.61      T
  SINCE SEP 1      3.33                      4.07  -0.74     1.32
  SINCE JAN 1     41.65                     37.62   4.03    42.31

SNOWFALL (IN)
  TODAY            0.0                       0.0    0.0      0.0
  MONTH TO DATE    0.0                       0.0    0.0      0.0
  SINCE SEP 1      0.0                       0.0    0.0      0.0
  SINCE JUL 1      0.0                       0.0    0.0      0.0
  SNOW DEPTH       0

DEGREE DAYS
 HEATING
  TODAY            0                         6     -6        0
  MONTH TO DATE    8                        31    -23       10
  SINCE SEP 1     42                        81    -39       26
  SINCE JUL 1     42                        83    -41       26

 COOLING
  TODAY            5                         2      3        4
  MONTH TO DATE   14                        12      2       14
  SINCE SEP 1    148                       155     -7      262
  SINCE JAN 1   1150                      1133     17     1494
..................................................................

WIND (MPH)
  HIGHEST WIND SPEED     7   HIGHEST WIND DIRECTION     S (190)
  HIGHEST GUST SPEED    14   HIGHEST GUST DIRECTION     S (180)
  AVERAGE WIND SPEED     0.7


SKY COVER
  POSSIBLE SUNSHINE  MM
  AVERAGE SKY COVER 0.0


WEATHER CONDITIONS
 THE FOLLOWING WEATHER WAS RECORDED TODAY.
  NO SIGNIFICANT WEATHER WAS OBSERVED.


RELATIVE HUMIDITY (PERCENT)
 HIGHEST    93           700 AM
 LOWEST     45           100 PM
 AVERAGE    69

..........................................................

THE JACKSON KY CLIMATE NORMALS FOR TOMORROW
                         NORMAL    RECORD    YEAR
 MAXIMUM TEMPERATURE (F)   71        88      2007
 MINIMUM TEMPERATURE (F)   50        33      2001


SUNRISE AND SUNSET
OCTOBER  6 2017.......SUNRISE   733 AM EDT   SUNSET   709 PM EDT
OCTOBER  7 2017.......SUNRISE   734 AM EDT   SUNSET   707 PM EDT


-  INDICATES NEGATIVE NUMBERS.
R  INDICATES RECORD WAS SET OR TIED.
MM INDICATES DATA IS MISSING.
T  INDICATES TRACE AMOUNT.


$$


CGAL
