000
CDUS43 KJKL 022019
CLIJKL

CLIMATE REPORT
NATIONAL WEATHER SERVICE JACKSON KY
418 PM EDT WED APR 2 2014


...................................

...THE JACKSON KY CLIMATE SUMMARY FOR APRIL 2 2014...
VALID TODAY AS OF 0400 PM LOCAL TIME.

CLIMATE NORMAL PERIOD 1981 TO 2010
CLIMATE RECORD PERIOD 1981 TO 2014


WEATHER ITEM   OBSERVED TIME   RECORD YEAR NORMAL DEPARTURE LAST
                VALUE   (LST)  VALUE       VALUE  FROM      YEAR
                                                  NORMAL
..................................................................
TEMPERATURE (F)
 TODAY
  MAXIMUM         80    221 PM  89    2010  64     16       52
  MINIMUM         51    618 AM  28    1996  43      8       31
                                      1992
  AVERAGE         66                        53     13       42

PRECIPITATION (IN)
  TODAY            0.00          0.66 2006   0.13  -0.13     0.00
  MONTH TO DATE    0.03                      0.25  -0.22     0.04
  SINCE MAR 1      5.54                      4.37   1.17     4.67
  SINCE JAN 1     13.16                     11.73   1.43    12.31

SNOWFALL (IN)
  TODAY            0.0                       0.0    0.0      0.0
  MONTH TO DATE    0.0                       0.1   -0.1      0.0
  SINCE MAR 1     10.9                       3.0    7.9     10.7
  SINCE JUL 1     37.9                      22.6   15.3     20.0
  SNOW DEPTH       0

DEGREE DAYS
 HEATING
  TODAY            0                        13    -13       23
  MONTH TO DATE    0                        26    -26       42
  SINCE MAR 1    667                       579     88      827
  SINCE JUL 1   4268                      3879    389     4053

 COOLING
  TODAY            1                         1      0        0
  MONTH TO DATE    1                         2     -1        0
  SINCE MAR 1      1                         9     -8        0
  SINCE JAN 1      1                         9     -8        0
..................................................................


WIND (MPH)
  HIGHEST WIND SPEED    10   HIGHEST WIND DIRECTION     W (270)
  HIGHEST GUST SPEED    14   HIGHEST GUST DIRECTION     W (260)
  AVERAGE WIND SPEED     3.6


SKY COVER
  POSSIBLE SUNSHINE  MM
  AVERAGE SKY COVER 0.1


WEATHER CONDITIONS
 THE FOLLOWING WEATHER WAS RECORDED TODAY.
  NO SIGNIFICANT WEATHER WAS OBSERVED.


RELATIVE HUMIDITY (PERCENT)
 HIGHEST    54           700 AM
 LOWEST     35          1100 AM
 AVERAGE    45

..........................................................


THE JACKSON KY CLIMATE NORMALS FOR TOMORROW
                         NORMAL    RECORD    YEAR
 MAXIMUM TEMPERATURE (F)   64        84      2012
 MINIMUM TEMPERATURE (F)   43        26      1992


SUNRISE AND SUNSET
APRIL  2 2014.........SUNRISE   717 AM EDT   SUNSET   757 PM EDT
APRIL  3 2014.........SUNRISE   716 AM EDT   SUNSET   758 PM EDT


-  INDICATES NEGATIVE NUMBERS.
R  INDICATES RECORD WAS SET OR TIED.
MM INDICATES DATA IS MISSING.
T  INDICATES TRACE AMOUNT.




$$
