000
CDUS43 KJKL 222100
CLIJKL

CLIMATE REPORT
NATIONAL WEATHER SERVICE JACKSON KY
459 PM EDT MON SEP 22 2014

...................................

...THE JACKSON KY CLIMATE SUMMARY FOR SEPTEMBER 22 2014...
VALID TODAY AS OF 0400 PM LOCAL TIME.

CLIMATE NORMAL PERIOD 1981 TO 2010
CLIMATE RECORD PERIOD 1981 TO 2014

WEATHER ITEM   OBSERVED TIME   RECORD YEAR NORMAL DEPARTURE LAST
                VALUE   (LST)  VALUE       VALUE  FROM      YEAR
                                                  NORMAL
..................................................................
TEMPERATURE (F)
 TODAY
  MAXIMUM         68    231 PM  91    2005  76     -8       69
  MINIMUM         50    646 AM  38    1983  56     -6       50
  AVERAGE         59                        66     -7       60

PRECIPITATION (IN)
  TODAY            0.00          1.96 1989   0.12  -0.12     0.00
  MONTH TO DATE    2.35                      2.52  -0.17     1.26
  SINCE SEP 1      2.35                      2.52  -0.17     1.26
  SINCE JAN 1     40.65                     36.07   4.58    44.48

SNOWFALL (IN)
  TODAY            0.0                       0.0    0.0      0.0
  MONTH TO DATE    0.0                       0.0    0.0      0.0
  SINCE SEP 1      0.0                       0.0    0.0      0.0
  SINCE JUL 1      0.0                       0.0    0.0      0.0
  SNOW DEPTH       0

DEGREE DAYS
 HEATING
  TODAY            6                         3      3        5
  MONTH TO DATE   26                        21      5       22
  SINCE SEP 1     26                        21      5       22
  SINCE JUL 1     29                        23      6       24

 COOLING
  TODAY            0                         3     -3        0
  MONTH TO DATE  119                       122     -3      123
  SINCE SEP 1    119                       122     -3      123
  SINCE JAN 1   1120                      1100     20     1018
..................................................................

WIND (MPH)
  HIGHEST WIND SPEED     9   HIGHEST WIND DIRECTION    NW (330)
  HIGHEST GUST SPEED    15   HIGHEST GUST DIRECTION    NW (320)
  AVERAGE WIND SPEED     3.9

SKY COVER
  POSSIBLE SUNSHINE  MM
  AVERAGE SKY COVER 0.3

WEATHER CONDITIONS
 THE FOLLOWING WEATHER WAS RECORDED TODAY.
  NO SIGNIFICANT WEATHER WAS OBSERVED.

RELATIVE HUMIDITY (PERCENT)
 HIGHEST    86           600 AM
 LOWEST     52           200 PM
 AVERAGE    69
..........................................................

THE JACKSON KY CLIMATE NORMALS FOR TOMORROW
                         NORMAL    RECORD    YEAR
 MAXIMUM TEMPERATURE (F)   75        92      2010
 MINIMUM TEMPERATURE (F)   56        39      1995

SUNRISE AND SUNSET
SEPTEMBER 22 2014.....SUNRISE   721 AM EDT   SUNSET   730 PM EDT
SEPTEMBER 23 2014.....SUNRISE   722 AM EDT   SUNSET   729 PM EDT

-  INDICATES NEGATIVE NUMBERS.
R  INDICATES RECORD WAS SET OR TIED.
MM INDICATES DATA IS MISSING.
T  INDICATES TRACE AMOUNT.

$$

GEOGERIAN
