000
CDUS43 KJKL 041125
CLIJKL

CLIMATE REPORT
NATIONAL WEATHER SERVICE JACKSON KY
625 AM EST SAT FEB 4 2017

...................................

...THE JACKSON KY CLIMATE SUMMARY FOR FEBRUARY 3 2017...

CLIMATE NORMAL PERIOD 1981 TO 2010
CLIMATE RECORD PERIOD 1981 TO 2017


WEATHER ITEM   OBSERVED TIME   RECORD YEAR NORMAL DEPARTURE LAST
                VALUE   (LST)  VALUE       VALUE  FROM      YEAR
                                                  NORMAL
..................................................................

TEMPERATURE (F)
 YESTERDAY
  MAXIMUM         32    232 PM  65    2016  45    -13       65
  MINIMUM         21   1159 PM   1    1996  28     -7       39
  AVERAGE         27                        36     -9       52

PRECIPITATION (IN)
  YESTERDAY        0.00          2.38 1990   0.13  -0.13     1.17
  MONTH TO DATE    0.00                      0.40  -0.40     1.86
  SINCE DEC 1     10.87                      8.19   2.68     9.79
  SINCE JAN 1      4.71                      4.01   0.70     5.15

SNOWFALL (IN)
  YESTERDAY        0.0           4.6  1998   0.3   -0.3      0.0
  MONTH TO DATE    0.0                       0.9   -0.9      0.0
  SINCE DEC 1      4.6                      12.9   -8.3     21.4
  SINCE JUL 1      4.6                      13.5   -8.9     21.4
  SNOW DEPTH       0

DEGREE DAYS
 HEATING
  YESTERDAY       38                        29      9       13
  MONTH TO DATE   82                        87     -5       33
  SINCE DEC 1   1577                      1853   -276     1447
  SINCE JUL 1   2103                      2653   -550     2045

 COOLING
  YESTERDAY        0                         0      0        0
  MONTH TO DATE    0                         0      0        0
  SINCE DEC 1      0                         1     -1        2
  SINCE JAN 1      0                         0      0        0
..................................................................

WIND (MPH)
  HIGHEST WIND SPEED    13   HIGHEST WIND DIRECTION    NW (330)
  HIGHEST GUST SPEED    18   HIGHEST GUST DIRECTION    NW (330)
  AVERAGE WIND SPEED     3.3


SKY COVER
  POSSIBLE SUNSHINE  MM
  AVERAGE SKY COVER 0.6


WEATHER CONDITIONS
 THE FOLLOWING WEATHER WAS RECORDED YESTERDAY.
  NO SIGNIFICANT WEATHER WAS OBSERVED.


RELATIVE HUMIDITY (PERCENT)
 HIGHEST    55           700 AM
 LOWEST     38           700 PM
 AVERAGE    47
..........................................................

THE JACKSON KY CLIMATE NORMALS FOR TODAY
                         NORMAL    RECORD    YEAR
 MAXIMUM TEMPERATURE (F)   45        69      1991
 MINIMUM TEMPERATURE (F)   28        -8      1996


SUNRISE AND SUNSET
FEBRUARY  4 2017......SUNRISE   734 AM EST   SUNSET   601 PM EST
FEBRUARY  5 2017......SUNRISE   733 AM EST   SUNSET   602 PM EST


-  INDICATES NEGATIVE NUMBERS.
R  INDICATES RECORD WAS SET OR TIED.
MM INDICATES DATA IS MISSING.
T  INDICATES TRACE AMOUNT.
$$
