000
CDUS43 KJKL 090534
CLIJKL

CLIMATE REPORT
NATIONAL WEATHER SERVICE JACKSON KY
1230 AM EST THU MAR 9 2017

...................................

...THE JACKSON KY CLIMATE SUMMARY FOR MARCH 8 2017...

CLIMATE NORMAL PERIOD 1981 TO 2010
CLIMATE RECORD PERIOD 1981 TO 2017

WEATHER ITEM   OBSERVED TIME   RECORD YEAR NORMAL DEPARTURE LAST
                VALUE   (LST)  VALUE       VALUE  FROM      YEAR
                                                  NORMAL
..................................................................
TEMPERATURE (F)
 YESTERDAY
  MAXIMUM         64    332 PM  81    2000  55      9       77
  MINIMUM         38    700 AM   9    1996  35      3       53
  AVERAGE         51                        45      6       65

PRECIPITATION (IN)
  YESTERDAY        0.00          2.04 1995   0.13  -0.13     0.00
  MONTH TO DATE    1.61                      1.06   0.55     0.86
  SINCE MAR 1      1.61                      1.06   0.55     0.86
  SINCE JAN 1      9.18                      8.42   0.76    10.42

SNOWFALL (IN)
  YESTERDAY        0.0           5.6  1995   0.1   -0.1      0.0
  MONTH TO DATE    T                         1.0   -1.0      2.8
  SINCE MAR 1      T                         1.0   -1.0      2.8
  SINCE JUL 1      4.6                      20.6  -16.0     32.4
  SNOW DEPTH       0

DEGREE DAYS
 HEATING
  YESTERDAY       14                        20     -6        0
  MONTH TO DATE  137                       172    -35      169
  SINCE MAR 1    137                       172    -35      169
  SINCE JUL 1   2629                      3472   -843     2923

 COOLING
  YESTERDAY        0                         0      0        0
  MONTH TO DATE    0                         0      0        0
  SINCE MAR 1      0                         0      0        0
  SINCE JAN 1      2                         0      2        0
..................................................................

WIND (MPH)
  HIGHEST WIND SPEED    20   HIGHEST WIND DIRECTION    SW (230)
  HIGHEST GUST SPEED    31   HIGHEST GUST DIRECTION    SW (220)
  AVERAGE WIND SPEED     6.4

SKY COVER
  POSSIBLE SUNSHINE  MM
  AVERAGE SKY COVER 0.1

WEATHER CONDITIONS
 THE FOLLOWING WEATHER WAS RECORDED YESTERDAY.
  NO SIGNIFICANT WEATHER WAS OBSERVED.

RELATIVE HUMIDITY (PERCENT)
 HIGHEST    79           500 AM
 LOWEST     19           400 PM
 AVERAGE    49
..........................................................

THE JACKSON KY CLIMATE NORMALS FOR TODAY
                         NORMAL    RECORD    YEAR
 MAXIMUM TEMPERATURE (F)   55        81      1992
 MINIMUM TEMPERATURE (F)   35         7      1996

SUNRISE AND SUNSET
MARCH  9 2017.........SUNRISE   653 AM EST   SUNSET   635 PM EST
MARCH 10 2017.........SUNRISE   651 AM EST   SUNSET   636 PM EST

-  INDICATES NEGATIVE NUMBERS.
R  INDICATES RECORD WAS SET OR TIED.
MM INDICATES DATA IS MISSING.
T  INDICATES TRACE AMOUNT.

$$

SHALLENBERGER
