000
CDUS43 KJKL 040618
CLIJKL

CLIMATE REPORT
NATIONAL WEATHER SERVICE JACKSON KY
118 AM EST WED JAN 4 2017
...................................

...THE JACKSON KY CLIMATE SUMMARY FOR JANUARY 3 2017...

CLIMATE NORMAL PERIOD 1981 TO 2010
CLIMATE RECORD PERIOD 1981 TO 2017

WEATHER ITEM   OBSERVED TIME   RECORD YEAR NORMAL DEPARTURE LAST
                VALUE   (LST)  VALUE       VALUE  FROM      YEAR
                                                  NORMAL
..................................................................
TEMPERATURE (F)
 YESTERDAY
  MAXIMUM         58    227 PM  70    2000  43     15       49
  MINIMUM         50   1159 PM   6    2010  27     23       29
  AVERAGE         54                        35     19       39

PRECIPITATION (IN)
  YESTERDAY        0.50          1.45 1982   0.12   0.38     0.00
  MONTH TO DATE    0.58                      0.35   0.23     0.00
  SINCE DEC 1      6.74                      4.53   2.21     4.64
  SINCE JAN 1      0.58                      0.35   0.23     0.00

SNOWFALL (IN)
  YESTERDAY        0.0           1.4  1988   0.2   -0.2      0.0
  MONTH TO DATE    0.0                       0.6   -0.6      0.0
  SINCE DEC 1      0.3                       5.5   -5.2       T
  SINCE JUL 1      0.3                       6.1   -5.8       T
  SNOW DEPTH       0

DEGREE DAYS
 HEATING
  YESTERDAY       11                        30    -19       26
  MONTH TO DATE   39                        90    -51       84
  SINCE DEC 1    836                       924    -88      512
  SINCE JUL 1   1362                      1724   -362     1110

 COOLING
  YESTERDAY        0                         0      0        0
  MONTH TO DATE    0                         0      0        0
  SINCE DEC 1      0                         1     -1        2
  SINCE JAN 1      0                         0      0        0
..................................................................

WIND (MPH)
  HIGHEST WIND SPEED    17   HIGHEST WIND DIRECTION     W (280)
  HIGHEST GUST SPEED    27   HIGHEST GUST DIRECTION     W (270)
  AVERAGE WIND SPEED     5.2

SKY COVER
  POSSIBLE SUNSHINE  MM
  AVERAGE SKY COVER 1.0

WEATHER CONDITIONS
 THE FOLLOWING WEATHER WAS RECORDED YESTERDAY.
  HEAVY RAIN
  RAIN
  LIGHT RAIN
  FOG
  FOG W/VISIBILITY <= 1/4 MILE

RELATIVE HUMIDITY (PERCENT)
 HIGHEST    93           300 AM
 LOWEST     80          1200 AM
 AVERAGE    87
..........................................................

THE JACKSON KY CLIMATE NORMALS FOR TODAY
                         NORMAL    RECORD    YEAR
 MAXIMUM TEMPERATURE (F)   43        72      1993
 MINIMUM TEMPERATURE (F)   27         6      1981

SUNRISE AND SUNSET
JANUARY  4 2017.......SUNRISE   749 AM EST   SUNSET   528 PM EST
JANUARY  5 2017.......SUNRISE   749 AM EST   SUNSET   529 PM EST

-  INDICATES NEGATIVE NUMBERS.
R  INDICATES RECORD WAS SET OR TIED.
MM INDICATES DATA IS MISSING.
T  INDICATES TRACE AMOUNT.

$$
