000
CDUS43 KJKL 040926
CLIJKL

CLIMATE REPORT
NATIONAL WEATHER SERVICE JACKSON KY
526 AM EDT MON SEP 4 2017

...................................

...THE JACKSON KY CLIMATE SUMMARY FOR SEPTEMBER 3 2017...

CLIMATE NORMAL PERIOD 1981 TO 2010
CLIMATE RECORD PERIOD 1981 TO 2017


WEATHER ITEM   OBSERVED TIME   RECORD YEAR NORMAL DEPARTURE LAST
                VALUE   (LST)  VALUE       VALUE  FROM      YEAR
                                                  NORMAL
..................................................................

TEMPERATURE (F)
 YESTERDAY
  MAXIMUM         77    408 PM  96    2011  82     -5       79
  MINIMUM         57    728 AM  52    1994  62     -5       57
  AVERAGE         67                        72     -5       68

PRECIPITATION (IN)
  YESTERDAY        0.01          2.30 1993   0.11  -0.10     0.00
  MONTH TO DATE    2.25                      0.32   1.93      T
  SINCE SEP 1      2.25                      0.32   1.93      T
  SINCE JAN 1     40.57                     33.87   6.70    40.99

SNOWFALL (IN)
  YESTERDAY        0.0                       0.0    0.0      0.0
  MONTH TO DATE    0.0                       0.0    0.0      0.0
  SINCE SEP 1      0.0                       0.0    0.0      0.0
  SINCE JUL 1      0.0                       0.0    0.0      0.0
  SNOW DEPTH       0

DEGREE DAYS
 HEATING
  YESTERDAY        0                         0      0        0
  MONTH TO DATE    3                         0      3        0
  SINCE SEP 1      3                         0      3        0
  SINCE JUL 1      3                         2      1        0

 COOLING
  YESTERDAY        2                         7     -5        3
  MONTH TO DATE    5                        23    -18       14
  SINCE SEP 1      5                        23    -18       14
  SINCE JAN 1   1007                      1001      6     1246
..................................................................

WIND (MPH)
  HIGHEST WIND SPEED     6   HIGHEST WIND DIRECTION     S (190)
  HIGHEST GUST SPEED    11   HIGHEST GUST DIRECTION     W (280)
  AVERAGE WIND SPEED     0.5


SKY COVER
  POSSIBLE SUNSHINE  MM
  AVERAGE SKY COVER 0.6


WEATHER CONDITIONS
 THE FOLLOWING WEATHER WAS RECORDED YESTERDAY.
  LIGHT RAIN
  FOG


RELATIVE HUMIDITY (PERCENT)
 HIGHEST   100           200 AM
 LOWEST     57          1200 PM
 AVERAGE    79
..........................................................

THE JACKSON KY CLIMATE NORMALS FOR TODAY
                         NORMAL    RECORD    YEAR
 MAXIMUM TEMPERATURE (F)   82        94      2007
 MINIMUM TEMPERATURE (F)   62        47      1997


SUNRISE AND SUNSET
SEPTEMBER  4 2017.....SUNRISE   706 AM EDT   SUNSET   757 PM EDT
SEPTEMBER  5 2017.....SUNRISE   707 AM EDT   SUNSET   756 PM EDT


-  INDICATES NEGATIVE NUMBERS.
R  INDICATES RECORD WAS SET OR TIED.
MM INDICATES DATA IS MISSING.
T  INDICATES TRACE AMOUNT.
$$
