000
CDUS43 KJKL 070621
CLIJKL

CLIMATE REPORT
NATIONAL WEATHER SERVICE JACKSON KY
106 AM EST TUE FEB 7 2017

...................................

...THE JACKSON KY CLIMATE SUMMARY FOR FEBRUARY 6 2017...

CLIMATE NORMAL PERIOD 1981 TO 2010
CLIMATE RECORD PERIOD 1981 TO 2017

WEATHER ITEM   OBSERVED TIME   RECORD YEAR NORMAL DEPARTURE LAST
                VALUE   (LST)  VALUE       VALUE  FROM      YEAR
                                                  NORMAL
..................................................................
TEMPERATURE (F)
 YESTERDAY
  MAXIMUM         68    244 PM  69    2008  45     23       51
  MINIMUM         36    726 AM   2    1988  28      8       28
  AVERAGE         52                        37     15       40

PRECIPITATION (IN)
  YESTERDAY        0.05          1.16 2004   0.13  -0.08     0.00
  MONTH TO DATE    0.05                      0.80  -0.75     1.86
  SINCE DEC 1     10.92                      8.59   2.33     9.79
  SINCE JAN 1      4.76                      4.41   0.35     5.15

SNOWFALL (IN)
  YESTERDAY        0.0           3.9  1998   0.2   -0.2      0.0
  MONTH TO DATE    0.0                       1.7   -1.7      0.0
  SINCE DEC 1      4.6                      13.7   -9.1     21.4
  SINCE JUL 1      4.6                      14.3   -9.7     21.4
  SNOW DEPTH       0

DEGREE DAYS
 HEATING
  YESTERDAY       13                        28    -15       25
  MONTH TO DATE  149                       172    -23      120
  SINCE DEC 1   1644                      1938   -294     1534
  SINCE JUL 1   2170                      2738   -568     2132

 COOLING
  YESTERDAY        0                         0      0        0
  MONTH TO DATE    0                         0      0        0
  SINCE DEC 1      0                         1     -1        2
  SINCE JAN 1      0                         0      0        0
..................................................................

WIND (MPH)
  HIGHEST WIND SPEED    10   HIGHEST WIND DIRECTION    SW (230)
  HIGHEST GUST SPEED    16   HIGHEST GUST DIRECTION    SW (220)
  AVERAGE WIND SPEED     3.9

SKY COVER
  POSSIBLE SUNSHINE  MM
  AVERAGE SKY COVER 0.4

WEATHER CONDITIONS
 THE FOLLOWING WEATHER WAS RECORDED YESTERDAY.
  RAIN
  LIGHT RAIN
  FOG

RELATIVE HUMIDITY (PERCENT)
 HIGHEST    86           600 PM
 LOWEST     39           100 PM
 AVERAGE    63
..........................................................

THE JACKSON KY CLIMATE NORMALS FOR TODAY
                         NORMAL    RECORD    YEAR
 MAXIMUM TEMPERATURE (F)   46        66      2009
 MINIMUM TEMPERATURE (F)   28         8      1988

SUNRISE AND SUNSET
FEBRUARY  7 2017......SUNRISE   731 AM EST   SUNSET   604 PM EST
FEBRUARY  8 2017......SUNRISE   730 AM EST   SUNSET   605 PM EST

-  INDICATES NEGATIVE NUMBERS.
R  INDICATES RECORD WAS SET OR TIED.
MM INDICATES DATA IS MISSING.
T  INDICATES TRACE AMOUNT.

$$

SHALLENBERGER
