000
CDUS43 KJKL 060536
CLIJKL

CLIMATE REPORT
NATIONAL WEATHER SERVICE JACKSON KY
1236 AM EST MON MAR 6 2017

...................................

...THE JACKSON KY CLIMATE SUMMARY FOR MARCH 5 2017...

CLIMATE NORMAL PERIOD 1981 TO 2010
CLIMATE RECORD PERIOD 1981 TO 2017


WEATHER ITEM   OBSERVED TIME   RECORD YEAR NORMAL DEPARTURE LAST
                VALUE   (LST)  VALUE       VALUE  FROM      YEAR
                                                  NORMAL
..................................................................
TEMPERATURE (F)
 YESTERDAY
  MAXIMUM         70    255 PM  80    1983  53     17       46
  MINIMUM         32    727 AM  13    2015  34     -2       33
  AVERAGE         51                        44      7       40

PRECIPITATION (IN)
  YESTERDAY        0.00          2.72 1989   0.13  -0.13     0.14
  MONTH TO DATE    0.92                      0.66   0.26     0.86
  SINCE MAR 1      0.92                      0.66   0.26     0.86
  SINCE JAN 1      8.49                      8.02   0.47    10.42

SNOWFALL (IN)
  YESTERDAY        0.0           4.0  2012   0.1   -0.1      0.0
  MONTH TO DATE    T                         0.6   -0.6      2.8
  SINCE MAR 1      T                         0.6   -0.6      2.8
  SINCE JUL 1      4.6                      20.2  -15.6     32.4
  SNOW DEPTH       0

DEGREE DAYS
 HEATING
  YESTERDAY       14                        21     -7       25
  MONTH TO DATE  102                       110     -8      138
  SINCE MAR 1    102                       110     -8      138
  SINCE JUL 1   2594                      3410   -816     2892

 COOLING
  YESTERDAY        0                         0      0        0
  MONTH TO DATE    0                         0      0        0
  SINCE MAR 1      0                         0      0        0
  SINCE JAN 1      2                         0      2        0
..................................................................


WIND (MPH)
  HIGHEST WIND SPEED    13   HIGHEST WIND DIRECTION     W (250)
  HIGHEST GUST SPEED    19   HIGHEST GUST DIRECTION     W (250)
  AVERAGE WIND SPEED     4.1


SKY COVER
  POSSIBLE SUNSHINE  MM
  AVERAGE SKY COVER 0.2


WEATHER CONDITIONS
 THE FOLLOWING WEATHER WAS RECORDED YESTERDAY.
  NO SIGNIFICANT WEATHER WAS OBSERVED.


RELATIVE HUMIDITY (PERCENT)
 HIGHEST    56           100 AM
 LOWEST     17           400 PM
 AVERAGE    37

..........................................................


THE JACKSON KY CLIMATE NORMALS FOR TODAY
                         NORMAL    RECORD    YEAR
 MAXIMUM TEMPERATURE (F)   54        77      1983
 MINIMUM TEMPERATURE (F)   34         8      2015


SUNRISE AND SUNSET
MARCH  6 2017.........SUNRISE   657 AM EST   SUNSET   632 PM EST
MARCH  7 2017.........SUNRISE   656 AM EST   SUNSET   633 PM EST


-  INDICATES NEGATIVE NUMBERS.
R  INDICATES RECORD WAS SET OR TIED.
MM INDICATES DATA IS MISSING.
T  INDICATES TRACE AMOUNT.




$$
