000
CDUS43 KJKL 042018
CLIJKL

CLIMATE REPORT
NATIONAL WEATHER SERVICE JACKSON KY
418 PM EDT FRI APR 4 2014


...................................

...THE JACKSON KY CLIMATE SUMMARY FOR APRIL 4 2014...
VALID TODAY AS OF 0400 PM LOCAL TIME.

CLIMATE NORMAL PERIOD 1981 TO 2010
CLIMATE RECORD PERIOD 1981 TO 2014


WEATHER ITEM   OBSERVED TIME   RECORD YEAR NORMAL DEPARTURE LAST
                VALUE   (LST)  VALUE       VALUE  FROM      YEAR
                                                  NORMAL
..................................................................
TEMPERATURE (F)
 TODAY
  MAXIMUM         66   1227 PM  86    1986  65      1       50
  MINIMUM         57   1220 AM  26    1987  43     14       35
  AVERAGE         62                        54      8       43

PRECIPITATION (IN)
  TODAY            0.33          1.42 2011   0.13   0.20     0.13
  MONTH TO DATE    1.98                      0.50   1.48     0.17
  SINCE MAR 1      7.49                      4.62   2.87     4.80
  SINCE JAN 1     15.11                     11.98   3.13    12.44

SNOWFALL (IN)
  TODAY            0.0                       0.1   -0.1      0.0
  MONTH TO DATE    0.0                       0.3   -0.3      0.0
  SINCE MAR 1     10.9                       3.2    7.7     10.7
  SINCE JUL 1     37.9                      22.8   15.1     20.0
  SNOW DEPTH       0

DEGREE DAYS
 HEATING
  TODAY            3                        12     -9       22
  MONTH TO DATE    3                        50    -47       87
  SINCE MAR 1    670                       603     67      872
  SINCE JUL 1   4271                      3903    368     4098

 COOLING
  TODAY            0                         1     -1        0
  MONTH TO DATE    6                         4      2        0
  SINCE MAR 1      6                        11     -5        0
  SINCE JAN 1      6                        11     -5        0
..................................................................


WIND (MPH)
  HIGHEST WIND SPEED    18   HIGHEST WIND DIRECTION    SW (240)
  HIGHEST GUST SPEED    32   HIGHEST GUST DIRECTION    SW (220)
  AVERAGE WIND SPEED     5.3


SKY COVER
  POSSIBLE SUNSHINE  MM
  AVERAGE SKY COVER 0.4


WEATHER CONDITIONS
 THE FOLLOWING WEATHER WAS RECORDED TODAY.
  THUNDERSTORM
  HEAVY RAIN
  RAIN
  LIGHT RAIN
  FOG


RELATIVE HUMIDITY (PERCENT)
 HIGHEST    93          1200 AM
 LOWEST     67           100 PM
 AVERAGE    80

..........................................................


THE JACKSON KY CLIMATE NORMALS FOR TOMORROW
                         NORMAL    RECORD    YEAR
 MAXIMUM TEMPERATURE (F)   65        87      1988
 MINIMUM TEMPERATURE (F)   44        25      1995


SUNRISE AND SUNSET
APRIL  4 2014.........SUNRISE   714 AM EDT   SUNSET   759 PM EDT
APRIL  5 2014.........SUNRISE   713 AM EDT   SUNSET   800 PM EDT


-  INDICATES NEGATIVE NUMBERS.
R  INDICATES RECORD WAS SET OR TIED.
MM INDICATES DATA IS MISSING.
T  INDICATES TRACE AMOUNT.




$$
